{"id":57620,"date":"2024-06-03T16:51:06","date_gmt":"2024-06-03T19:51:06","guid":{"rendered":"https:\/\/jornadasebprioicprj.com.br\/2024\/?page_id=57620"},"modified":"2024-07-25T17:38:52","modified_gmt":"2024-07-25T20:38:52","slug":"envio-de-trabalhos-carteis-fulgurantes","status":"publish","type":"page","link":"https:\/\/jornadasebprioicprj.com.br\/2024\/envio-de-trabalhos\/envio-de-trabalhos-carteis-fulgurantes\/","title":{"rendered":"Envio de Trabalhos &#8211; Cart\u00e9is Fulgurantes"},"content":{"rendered":"<div class=\"wpb-content-wrapper\"><p>[vc_row][vc_column][vc_empty_space height=&#8221;80px&#8221;][vc_column_text css=&#8221;&#8221;]<\/p>\n<h3><span style=\"color: #808000;\">DATA LIMITE PARA A ENTREGA DOS TRABALHOS PARA AS JORNADAS CL\u00cdNICAS: 20\/08\/2024<\/span><\/h3>\n<p><strong>Cart\u00e9is fulgurantes para a XXXI Jornadas Cl\u00ednicas<\/strong><\/p>\n<p>Os cart\u00e9is fulgurantes seguem os princ\u00edpios de forma\u00e7\u00e3o de um cartel: quatro interessados em trabalhar um tema das Jornadas se re\u00fanem e escolhem o mais-um que inscreve o cartel na op\u00e7\u00e3o \u201cFulgurante\u201d no site da EBP: <a href=\"mailto:carteis@ebp.org.br\">carteis@ebp.org.br<\/a><\/p>\n<p>\u00c9 desej\u00e1vel que cada cartelizante crie um produto singular e o enderece como trabalho \u00e0s Jornadas Cl\u00ednicas \u2013 A palavra e a pedra: interpreta\u00e7\u00e3o em an\u00e1lise.<\/p>\n<p>A dura\u00e7\u00e3o prevista do cartel \u00e9 final de julho. Caso o cartel queira prosseguir, basta migrar para a op\u00e7\u00e3o \u201cCartel\u201d.<\/p>\n<p>Escolha um dos eixos das Jornadas e monte seu cartel fulgurante! Contato: <a href=\"mailto:carteisebprj@gmail.com\">carteisebprj@gmail.com<\/a>[\/vc_column_text][\/vc_column][\/vc_row]<\/p>\n<\/div>","protected":false},"excerpt":{"rendered":"<p>[vc_row][vc_column][vc_empty_space height=&#8221;80px&#8221;][vc_column_text css=&#8221;&#8221;] DATA LIMITE PARA A ENTREGA DOS TRABALHOS PARA AS JORNADAS CL\u00cdNICAS: 20\/08\/2024 Cart\u00e9is fulgurantes para a XXXI Jornadas Cl\u00ednicas Os cart\u00e9is fulgurantes seguem os princ\u00edpios de forma\u00e7\u00e3o de um cartel: quatro interessados em trabalhar um tema das Jornadas se re\u00fanem e escolhem o mais-um que inscreve o cartel na op\u00e7\u00e3o \u201cFulgurante\u201d no&hellip;<\/p>\n","protected":false},"author":1,"featured_media":0,"parent":57464,"menu_order":10,"comment_status":"closed","ping_status":"closed","template":"","meta":{"footnotes":""},"class_list":["post-57620","page","type-page","status-publish","hentry","description-off"],"_links":{"self":[{"href":"https:\/\/jornadasebprioicprj.com.br\/2024\/wp-json\/wp\/v2\/pages\/57620","targetHints":{"allow":["GET"]}}],"collection":[{"href":"https:\/\/jornadasebprioicprj.com.br\/2024\/wp-json\/wp\/v2\/pages"}],"about":[{"href":"https:\/\/jornadasebprioicprj.com.br\/2024\/wp-json\/wp\/v2\/types\/page"}],"author":[{"embeddable":true,"href":"https:\/\/jornadasebprioicprj.com.br\/2024\/wp-json\/wp\/v2\/users\/1"}],"replies":[{"embeddable":true,"href":"https:\/\/jornadasebprioicprj.com.br\/2024\/wp-json\/wp\/v2\/comments?post=57620"}],"version-history":[{"count":4,"href":"https:\/\/jornadasebprioicprj.com.br\/2024\/wp-json\/wp\/v2\/pages\/57620\/revisions"}],"predecessor-version":[{"id":57737,"href":"https:\/\/jornadasebprioicprj.com.br\/2024\/wp-json\/wp\/v2\/pages\/57620\/revisions\/57737"}],"up":[{"embeddable":true,"href":"https:\/\/jornadasebprioicprj.com.br\/2024\/wp-json\/wp\/v2\/pages\/57464"}],"wp:attachment":[{"href":"https:\/\/jornadasebprioicprj.com.br\/2024\/wp-json\/wp\/v2\/media?parent=57620"}],"curies":[{"name":"wp","href":"https:\/\/api.w.org\/{rel}","templated":true}]}}

Envio de Trabalhos &#8211; Cartéis Fulgurantes

<div class="wpb-content-wrapper"><p>[vc_row][vc_column][vc_empty_space height=&#8221;80px&#8221;][vc_column_text css=&#8221;&#8221;]</p>
<h3><span style="color: #808000;">DATA LIMITE PARA A ENTREGA DOS TRABALHOS PARA AS JORNADAS CLÍNICAS: 20/08/2024</span></h3>
<p><strong>Cartéis fulgurantes para a XXXI Jornadas Clínicas</strong></p>
<p>Os cartéis fulgurantes seguem os princípios de formação de um cartel: quatro interessados em trabalhar um tema das Jornadas se reúnem e escolhem o mais-um que inscreve o cartel na opção “Fulgurante” no site da EBP: <a href="mailto:carteis@ebp.org.br">carteis@ebp.org.br</a></p>
<p>É desejável que cada cartelizante crie um produto singular e o enderece como trabalho às Jornadas Clínicas – A palavra e a pedra: interpretação em análise.</p>
<p>A duração prevista do cartel é final de julho. Caso o cartel queira prosseguir, basta migrar para a opção “Cartel”.</p>
<p>Escolha um dos eixos das Jornadas e monte seu cartel fulgurante! Contato: <a href="mailto:carteisebprj@gmail.com">carteisebprj@gmail.com</a>[/vc_column_text][/vc_column][/vc_row]</p>
</div>

<p>[vc_row][vc_column][vc_empty_space height=&#8221;80px&#8221;][vc_column_text css=&#8221;&#8221;] DATA LIMITE PARA A ENTREGA DOS TRABALHOS PARA AS JORNADAS CLÍNICAS: 20/08/2024 Cartéis fulgurantes para a XXXI Jornadas Clínicas Os cartéis fulgurantes seguem os princípios de formação de um cartel: quatro interessados em trabalhar um tema das Jornadas se reúnem e escolhem o mais-um que inscreve o cartel na opção “Fulgurante” no&hellip;</p>
