{"id":57512,"date":"2023-08-07T19:56:49","date_gmt":"2023-08-07T22:56:49","guid":{"rendered":"https:\/\/jornadasebprioicprj.com.br\/2023\/?page_id=57512"},"modified":"2023-08-10T00:26:47","modified_gmt":"2023-08-10T03:26:47","slug":"bibliografia","status":"publish","type":"page","link":"https:\/\/jornadasebprioicprj.com.br\/2023\/bibliografia\/","title":{"rendered":"BIBLIOGRAFIA"},"content":{"rendered":"<section class=\"wpb-content-wrapper\"><p>[vc_row full_width=&#8221;stretch_row&#8221; row_type=&#8221;main-section&#8221; wr_background_color=&#8221;#0a0a0a&#8221; wr_background_img=&#8221;55&#8243;][vc_column css=&#8221;.vc_custom_1691090958120{background-color: #1d1717 !important;}&#8221;][vc_single_image image=&#8221;51&#8243; img_size=&#8221;full&#8221; alignment=&#8221;right&#8221;][\/vc_column][\/vc_row][vc_row][vc_column width=&#8221;2\/3&#8243;][vc_empty_space][vc_empty_space][vc_column_text]<\/p>\n<h1><\/h1>\n<h2><span style=\"color: #ff0000;\">\u25fc<\/span>Bibliografia ampliada<\/h2>\n<p>&nbsp;<\/p>\n<p>&nbsp;<\/p>\n<p><span style=\"color: #ff0000;\"><b>\u25cf\u00a0<\/b><\/span>BASSOLS, M. &#8220;O objeto (<em>a<\/em>)ssexuado&#8221;. Em: <em>Op\u00e7\u00e3o Lacaniana online,<\/em> nova s\u00e9rie, ano 7, n\u00ba 21, nov. 2016. Dispon\u00edvel em:<a href=\"http:\/\/www.opcaolacaniana.com.br\/pdf\/numero_21\/O_objeto_(a)ssexuado.pdf\"> http:\/\/www.opcaolacaniana.com.br\/pdf\/numero_21\/O_objeto_(a)ssexuado.pdf<\/a>.<\/p>\n<p><b><span style=\"color: #ff0000;\">\u25cf<\/span>\u00a0<\/b>____. &#8220;Elogio de las psicosis ordinarias&#8221;. Em:\u00a0<em>Desescrits<\/em>\u00a0<em>de psicoan\u00e0lisi lacaniana<\/em>, 25 nov. 2016. Dispon\u00edvel em: <a href=\"http:\/\/miquelbassols.blogspot.com\/2016\/11\/elogio-de-las-psicosis-ordinarias.html\">http:\/\/miquelbassols.blogspot.com\/2016\/11\/elogio-de-las-psicosis-ordinarias.html<\/a>.<\/p>\n<p><span style=\"color: #ff0000;\"><b>\u25cf\u00a0<\/b><\/span>BASTOS, A. &#8220;Loucos, delirantes&#8221;. Em: <em>Latusa<\/em>, n\u00ba 22. Rio de Janeiro: EBP-Rio, 2017.<\/p>\n<p><span style=\"color: #ff0000;\"><b>\u25cf\u00a0<\/b><\/span>BATISTA, M. C.; LAIA, S.\u00a0(org). <em>Todo mundo delira<\/em>. Belo Horizonte: Scriptum\/EBP, 2010.<\/p>\n<p><span style=\"color: #ff0000;\"><b>\u25cf\u00a0<\/b><\/span>BATISTA, A. &#8220;Um amor que enlouquece&#8221;. Em: <em>Latusa<\/em>, n\u00ba 22. Rio de Janeiro: EBP-Rio, 2017.<\/p>\n<p><span style=\"color: #ff0000;\"><b>\u25cf\u00a0<\/b><\/span>BENTES, L. V. &#8220;Como se enlouquece hoje: o museu patol\u00f3gico vivo&#8221;. Em: <em>Latusa<\/em>, n\u00ba 22. Rio de Janeiro: EBP-Rio, 2017.<\/p>\n<p><span style=\"color: #ff0000;\"><b>\u25cf\u00a0<\/b><\/span>BORSOI, P. &#8220;Da defici\u00eancia \u00e0 debilidade: a loucura que estrutura&#8221;. <em>Arquivos da Biblioteca<\/em>, n\u00ba 8. Rio de Janeiro: EBP-Rio , 2011.<\/p>\n<p><span style=\"color: #ff0000;\"><b>\u25cf\u00a0<\/b><\/span>BRIOLE, G. &#8220;Cl\u00ednica continuista, bajo transferencia&#8221;. Em: <em>Site <span class=\"amp\">XI Congresso<\/span> da <span class=\"amp\">Associa\u00e7\u00e3o Mundial de Psican\u00e1lise: As psicoses ordin\u00e1rias e as outras <\/span><span class=\"cursi\">sob transfer\u00eancia<\/span><\/em>. Barcelona: AMP, 2018.\u00a0 Dispon\u00edvel em\u00a0 : <a href=\"https:\/\/bra01.safelinks.protection.outlook.com\/?url=https:\/\/congresoamp2018.com\/textos\/clinica-continuista-transferencia\/&amp;data=05%7C01%7C%7C13f27b601dc147e6d0f308db53c6aea4%7C84df9e7fe9f640afb435aaaaaaaaaaaa%7C1%7C0%7C638195885026776268%7CUnknown%7CTWFpbGZsb3d8eyJWIjoiMC4wLjAwMDAiLCJQIjoiV2luMzIiLCJBTiI6Ik1haWwiLCJXVCI6Mn0=%7C3000%7C%7C%7C&amp;sdata=eTyrr6xfoFF79wAEEep7xmp1llC99Aol5N7ITEuchPI=&amp;reserved=0\">https:\/\/congresoamp2018.com\/textos\/clinica-continuista-transferencia\/<\/a>.<\/p>\n<p><span style=\"color: #ff0000;\"><b>\u25cf\u00a0<\/b><\/span>BRODSKY, G. &#8220;A loucura nossa de cada dia&#8221;. Em <em>Op\u00e7\u00e3o Lacaniana online<\/em>: nova s\u00e9rie, ano 4, n\u00ba 12, p. 1-42, nov. 213. Dispon\u00edvel em: <a href=\"https:\/\/bra01.safelinks.protection.outlook.com\/?url=http%3A%2F%2Fwww.opcaolacaniana.com.br%2Fpdf%2Fnumero_12%2Fa_loucura_nossa_cada_dia.pdf&amp;data=05%7C01%7C%7C8fe3102dbdb34cbe773608db55818510%7C84df9e7fe9f640afb435aaaaaaaaaaaa%7C1%7C0%7C638197787001455207%7CUnknown%7CTWFpbGZsb3d8eyJWIjoiMC4wLjAwMDAiLCJQIjoiV2luMzIiLCJBTiI6Ik1haWwiLCJXVCI6Mn0%3D%7C3000%7C%7C%7C&amp;sdata=Y0v66Ar0U5rHAv4x8xt3gundLt2Wr7pmK7J%2BaY6z3Yk%3D&amp;reserved=0\">http:\/\/www.opcaolacaniana.com.br\/pdf\/numero_12\/a_loucura_nossa_cada_dia.pdf<\/a>.<\/p>\n<p><span style=\"color: #ff0000;\"><b>\u25cf\u00a0<\/b><\/span>TEIXEIRA, A.; CALDAS, H. (org.). <em>Psicopatologia Lacaniana,<\/em> vol. 1: Semiologia. Belo Horizonte: Aut\u00eantica, 2017.<\/p>\n<p><span style=\"color: #ff0000;\"><b>\u25cf\u00a0<\/b><\/span>CERVANTES, M. <em>Dom Quixote.<\/em>\u00a0S\u00e3o Paulo: Penguin-Companhia, 2012.<\/p>\n<p><span style=\"color: #ff0000;\"><b>\u25cf\u00a0<\/b><\/span>COHEN, R. H. P. &#8220;Psicose e imagem corporal&#8221;. Em: FERREIRA, C. A. M.; THOMPSON, R. (org.) <em>Imagem e esquema Corporal<\/em>. S\u00e3o Paulo: Lovise, 2002.<\/p>\n<p><span style=\"color: #ff0000;\"><b>\u25cf\u00a0<\/b><\/span>COLLIER DO REGO BARROS, M. R. &#8220;Surpresa e despertar&#8221;. Em <em>Lacan 21<\/em>: Revista Fapol Online. v. 1, 26 mai. 2020. Dispon\u00edvel em: <a href=\"https:\/\/www.lacan21.com\/sitio\/surpresa-e-despertar\/?lang=pt-br\">https:\/\/www.lacan21.com\/sitio\/surpresa-e-despertar\/?lang=pt-br<\/a>.<\/p>\n<p><span style=\"color: #ff0000;\"><b>\u25cf\u00a0<\/b><\/span>COTTET. S. &#8220;A hip\u00f3tese continu\u00edsta nas psicoses&#8221;. Em: <em>Ensaios de cl\u00ednica psicanal\u00edtica<\/em>. Rio de Janeiro: Contra Capa, 2011. Cole\u00e7\u00e3o Op\u00e7\u00e3o Lacaniana, n\u00ba 8.<\/p>\n<p><span style=\"color: #ff0000;\"><b>\u25cf\u00a0<\/b><\/span>COSENZA, D. &#8220;A Recusa e seu manejo no tratamento psicanal\u00edtico da anorexia&#8221;. Em: <em>Almanaque On-line<\/em>: Revista Eletr\u00f4nica do IPSM, Belo Horizonte, v. 3, n. 4, 2009. Dispon\u00edvel em: <a href=\"https:\/\/www.institutopsicanalise-mg.com.br\/images\/almanaque-anteriores\/almanaque-04\/II3.pdf\">https:\/\/www.institutopsicanalise-mg.com.br\/images\/almanaque-anteriores\/almanaque-04\/II3.pdf<\/a>.<\/p>\n<p><span style=\"color: #ff0000;\"><b>\u25cf\u00a0<\/b><\/span>DIOGO, D. R. &#8220;Olhar e muta\u00e7\u00e3o de gozo&#8221;. Em: BASTOS A.; JIMENEZ S. (org.) <em>N\u00f3s e o sinthoma<\/em>. Rio de Janeiro: ICPRJ, 2021.<\/p>\n<p><span style=\"color: #ff0000;\"><b>\u25cf\u00a0<\/b><\/span>DUBA, C. &#8220;A psican\u00e1lise entre guerras&#8221;. Em: <em>Arquivos da Biblioteca<\/em>, n\u00ba 17. Rio de Janeiro: EEBP-Rio, 2022.<\/p>\n<p><span style=\"color: #ff0000;\"><b>\u25cf\u00a0<\/b><\/span>FREDERICO, C. &#8220;Lacan e a loucura normal: o caso Mlle. B&#8221;. Em: <em>Derivas Anal\u00edticas<\/em>: Revista digital de psican\u00e1lise e cultura da Escola Brasileira de Psican\u00e1lise \u2013 Se\u00e7\u00e3o Minas Gerais<em>,\u00a0<\/em>Belo Horizonte, ed. 6, jun. 2017. Dispon\u00edvel em:\u00a0<a href=\"https:\/\/bra01.safelinks.protection.outlook.com\/?url=http:\/\/www.revistaderivasanaliticas.com.br\/index.php\/loucura&amp;data=05%7C01%7C%7C13f27b601dc147e6d0f308db53c6aea4%7C84df9e7fe9f640afb435aaaaaaaaaaaa%7C1%7C0%7C638195885026776268%7CUnknown%7CTWFpbGZsb3d8eyJWIjoiMC4wLjAwMDAiLCJQIjoiV2luMzIiLCJBTiI6Ik1haWwiLCJXVCI6Mn0=%7C3000%7C%7C%7C&amp;sdata=0Op1IaQ\/UtyqQNDpmDcWac0Au2Va5rldUCIrshkLbtI=&amp;reserved=0\">http:\/\/www.revistaderivasanaliticas.com.br\/index.php\/loucura<\/a>.<\/p>\n<p><span style=\"color: #ff0000;\"><b>\u25cf\u00a0<\/b><\/span>FAJNWAKS, F. &#8220;Nomea\u00e7\u00f5es queer&#8221;. Em: <em>Arquivos da Biblioteca<\/em>, n\u00ba 17. Rio de Janeiro: EBP-Rio, 2022.<\/p>\n<p><span style=\"color: #ff0000;\"><b>\u25cf\u00a0<\/b><\/span>FALEIRO, S.; FREIRE, A. B. &#8220;Limites do trabalho psicanal\u00edtico com o autismo: da extra\u00e7\u00e3o do excedente de gozo \u00e0 constitui\u00e7\u00e3o da imagem do corpo&#8221;. Em: REZENDE, M. (org). <em>Limites da Cl\u00ednica, cl\u00ednica dos limites, <\/em>vol 1. Rio de Janeiro: Companhia de Freud, 2011.<\/p>\n<p><span style=\"color: #ff0000;\"><b>\u25cf\u00a0<\/b><\/span>FREUD, S. (1912). &#8220;A din\u00e2mica da transfer\u00eancia&#8221;. Em:\u00a0<em>Edi\u00e7\u00e3o standard brasileira das obras psicol\u00f3gicas completas de Sigmund Freud, <\/em>vol. XII. Rio de Janeiro: Imago,1996.<\/p>\n<p><b><span style=\"color: #ff0000;\">\u25cf<\/span>\u00a0<\/b>____. (1914). &#8220;\u00c0 Guisa de Introdu\u00e7\u00e3o ao Narcisismo&#8221;. Em: <em>Escritos sobre a psicologia do Inconsciente, <\/em>vol. 1. Rio de Janeiro: Imago, 2004.<\/p>\n<p><b><span style=\"color: #ff0000;\">\u25cf<\/span>\u00a0<\/b>____. (1921). Psicologia das massas e an\u00e1lise do eu. Em:\u00a0<em>Obras incompletas de Sigmund Freud: Cultura, sociedade, religi\u00e3o: O mal-estar na cultura e outros escritos<\/em>. Belo Horizonte: Aut\u00eantica, 2023.<\/p>\n<p><b><span style=\"color: #ff0000;\">\u25cf<\/span>\u00a0<\/b>____.\u00a0 (1924). A perda da realidade na neurose e na psicose. Em:\u00a0<em>Edi\u00e7\u00e3o standard brasileira das obras psicol\u00f3gicas completas de Sigmund Freud, <\/em>vol. XIX. Rio de Janeiro: Imago, 2006.<\/p>\n<p><b><span style=\"color: #ff0000;\">\u25cf<\/span>\u00a0<\/b>____. (1924). Neurose e psicose. Em: <em>Edi\u00e7\u00e3o standard brasileira das obras psicol\u00f3gicas completas de Sigmund Freud, vol.\u00a0<\/em>XIX. Rio de Janeiro: Imago, 2006.<\/p>\n<p><b><span style=\"color: #ff0000;\">\u25cf<\/span>\u00a0<\/b>____. (1927). O futuro de uma ilus\u00e3o. Em:\u00a0<em>Obras incompletas de Sigmund Freud: Cultura, sociedade, religi\u00e3o: O mal-estar na cultura e outros escritos<\/em>. Belo Horizonte: Aut\u00eantica, 2023.<\/p>\n<p><b><span style=\"color: #ff0000;\">\u25cf<\/span>\u00a0<\/b>____. (1930). O mal-estar na cultura. Em:\u00a0<em>Obras incompletas de Sigmund Freud: Cultura, sociedade, religi\u00e3o: O mal-estar na cultura e outros escritos<\/em>. Belo Horizonte: Aut\u00eantica, 2023.<\/p>\n<p><b><span style=\"color: #ff0000;\">\u25cf<\/span>\u00a0<\/b>____. (1937). Constru\u00e7\u00f5es em an\u00e1lise. Em: <em>Edi\u00e7\u00e3o standard brasileira das obras psicol\u00f3gicas completas de Sigmund Freud, vol.\u00a0<\/em>XIX. Rio de Janeiro: Imago, 1996.<\/p>\n<p><b><span style=\"color: #ff0000;\">\u25cf<\/span>\u00a0<\/b>____.\u00a0(1909-1939). <em>Cartas entre Freud e Pfister: um di\u00e1logo entre a psican\u00e1lise e a f\u00e9 crist\u00e3<\/em>. Vi\u00e7osa: Ultimato, 2009.<\/p>\n<p><span style=\"color: #ff0000;\"><b>\u25cf\u00a0<\/b><\/span>GOROSTIZA, L. &#8220;O amor, o tempo e uma mulher&#8221;. <em>Op\u00e7\u00e3o Lacaniana<\/em>: Revista da Escola Brasileira Internacional de Psican\u00e1lise, S\u00e3o Paulo, n. 70, jun. 2015. Edi\u00e7\u00f5es Eolia.<\/p>\n<p><span style=\"color: #ff0000;\"><b>\u25cf\u00a0<\/b><\/span>HANNA, M. S. &#8220;Algumas notas sobre a loucura e o amor&#8221;. Em: <em>Latusa<\/em>, n\u00ba 22. Rio de Janeiro: EBP-Rio, 2017.<\/p>\n<p><span style=\"color: #ff0000;\"><b>\u25cf\u00a0<\/b><\/span>JIMENEZ, S. Psicose ordin\u00e1ria e neo-transfer\u00eancia. Em: <em>Latusa<\/em>, n\u00ba 22. Rio de Janeiro: EBP-Rio, 2017.<\/p>\n<p><span style=\"color: #ff0000;\"><b>\u25cf\u00a0<\/b><\/span>LAMY, M. I. Um \u00f3dio sem limite. Em: <em>Latusa<\/em>, n\u00ba 4\/5. Rio de Janeiro: EBP-Rio, 2000.<\/p>\n<p><b><span style=\"color: #ff0000;\">\u25cf<\/span>\u00a0<\/b>____. Por que a crian\u00e7a brinca?. Em: <em>Latusa<\/em>, n\u00ba 17. Rio de Janeiro: EBP-Rio, 2012.<\/p>\n<p><span style=\"color: #ff0000;\"><b>\u25cf\u00a0<\/b><\/span>LACAN, J. (1946). &#8220;Formula\u00e7\u00f5es sobre a causalidade ps\u00edquica&#8221;. Em: <em>Escritos<\/em>. Rio de Janeiro: Jorge Zahar, 1998.<\/p>\n<p><b><span style=\"color: #ff0000;\">\u25cf<\/span>\u00a0<\/b>____. (1955-56). &#8220;De uma quest\u00e3o preliminar a todo tratamento poss\u00edvel da psicose&#8221;. Em: <em>Escritos<\/em>. Rio de Janeiro: Jorge Zahar, 1998.<\/p>\n<p><b><span style=\"color: #ff0000;\">\u25cf<\/span>\u00a0<\/b>____.\u00a0(1963). &#8220;Passagem ao ato e <em>acting out&#8221;<\/em>. Em: <em>O Semin\u00e1rio, livro 10: a ang\u00fastia<\/em>. Rio de Janeiro: Jorge Zahar, 2005.<\/p>\n<p><em><b><span style=\"color: #ff0000;\">\u25cf<\/span>\u00a0<\/b>____.\u00a0O Semin\u00e1rio, livro 11: os quatro conceitos fundamentais da psican\u00e1lise<\/em>. Rio de Janeiro: Jorge Zahar, 1998.<\/p>\n<p><b><span style=\"color: #ff0000;\">\u25cf<\/span>\u00a0<\/b>____. (1966). A ci\u00eancia e a verdade. Em: <em>Escritos<\/em>. Rio de Janeiro: Jorge Zahar, 1998.<\/p>\n<p><em><b><span style=\"color: #ff0000;\">\u25cf<\/span>\u00a0<\/b>____.\u00a0O Semin\u00e1rio, livro 19: ou pior<\/em>. Rio de Janeiro: Jorge Zahar, 2012.<\/p>\n<p><em><b><span style=\"color: #ff0000;\">\u25cf<\/span>\u00a0<\/b>____.\u00a0O Semin\u00e1rio, livro 20: mais, ainda<\/em>. Rio de Janeiro: Jorge Zahar, 1985.<\/p>\n<p><b><span style=\"color: #ff0000;\">\u25cf<\/span>\u00a0<\/b>____. (1977). &#8220;Pref\u00e1cio \u00e0 edi\u00e7\u00e3o inglesa do Semin\u00e1rio 11&#8221;. Em: <em>Outros Escritos<\/em>. Rio de Janeiro: Jorge Zahar, 2003.<\/p>\n<p><b><span style=\"color: #ff0000;\">\u25cf<\/span>\u00a0<\/b>____. (1978). &#8220;Transfer\u00eancia para Saint Denis? Lacan a favor de Vincennes!\u201d. Em <em>Correio, <\/em>n\u00ba 65. S\u00e3o Paulo: Escola Brasileira de Psican\u00e1lise, 2010.<\/p>\n<p><b><span style=\"color: #ff0000;\">\u25cf<\/span>\u00a0<\/b>____. (1975). &#8220;Talvez em Vincennes&#8230;&#8221;. Em: <em>Outros<\/em> <em>Escritos<\/em>. Rio de Janeiro: Jorge Zahar, 2003.<\/p>\n<p><span style=\"color: #ff0000;\"><b>\u25cf\u00a0<\/b><\/span>LAURENT, \u00c9.\u00a0<em>El sentimiento delirante de la vida<\/em>. Buenos Aires:\u00a0Collection Diva, 2005.<\/p>\n<p><em><b><span style=\"color: #ff0000;\">\u25cf<\/span>\u00a0<\/b>____.\u00a0La psicosis ordinaria<\/em>:\u00a0\u00bfC\u00f3mo se ense\u00f1a la cl\u00ednica?.\u00a0Buenos Aires: Instituto Cl\u00ednico de Buenos Aires, 2007.<\/p>\n<p><b><span style=\"color: #ff0000;\">\u25cf<\/span>\u00a0<\/b>____. &#8220;A ordem simb\u00f3lica no s\u00e9culo XXI. Consequ\u00eancias para o tratamento&#8221;. Em <em>Op\u00e7\u00e3o Lacaniana, <\/em>n\u00ba 62<em>. <\/em>S\u00e3o Paulo: EBP, 2011.<\/p>\n<p><span style=\"color: #ff0000;\"><b>\u25cf\u00a0<\/b><\/span>MACHADO, O. &#8220;O feminino e a loucura dos g\u00eaneros&#8221;. Em: <em>Latusa<\/em>, n\u00ba 22. Rio de Janeiro: EBP-Rio, 2017.<\/p>\n<p><span style=\"color: #ff0000;\"><b>\u25cf\u00a0<\/b><\/span>MALEVAL, J.C.; GROLLIER, M.; SALMANE, G.D. &#8220;Sobre a fantasia no sujeito psic\u00f3tico: de sua car\u00eancia e seus substitutos&#8221;. Em:\u00a0BESSET, V.; CARNEIRO, H. (org.). <em>A soberania da cl\u00ednica na <\/em><em>patologia do cotidiano<\/em>. Rio de Janeiro: Garamond, 2009.<\/p>\n<p><span style=\"color: #ff0000;\"><b>\u25cf\u00a0<\/b><\/span>MILLER, J.-A. <em>Lacan Elucidado: palestras no Brasil<\/em>. Rio de Janeiro: Jorge Zahar, 1997.<\/p>\n<p><b><span style=\"color: #ff0000;\">\u25cf<\/span>\u00a0<\/b>____. &#8220;Continuidad \u2013 discontinuidad&#8221;. Em: <em>La psicosis ordin\u00e1ria<\/em>. Buenos Aires: Paid\u00f3s, 2003.<\/p>\n<p><b><span style=\"color: #ff0000;\">\u25cf<\/span>\u00a0<\/b>____. Uma conversa sobre o amor. Em: <em>Op\u00e7\u00e3o Lacaniana online<\/em> nova s\u00e9rie. Ano 1, n.2, junho 2010.<\/p>\n<p><b><span style=\"color: #ff0000;\">\u25cf<\/span>\u00a0<\/b>____.\u00a0Retorno as psicoses ordin\u00e1rias. Em:\u00a0<em>Op\u00e7\u00e3o Lacaniana online<\/em>: nova s\u00e9rie, [<em>s. l.<\/em>], ano 1, n. 3, nov. 2010.<\/p>\n<p><em><b><span style=\"color: #ff0000;\">\u25cf<\/span>\u00a0<\/b>____.\u00a0Todo el mundo es loco<\/em>. Buenos Aires: Paid\u00f3s, 2015.<\/p>\n<p><b><span style=\"color: #ff0000;\">\u25cf<\/span>\u00a0<\/b>____. &#8220;Br\u00fajula de la \u00faltima ense\u00f1anza&#8221;. Em: <em>Todo el mundo es loco<\/em>. Buenos Aires: Paid\u00f3s, 2015.<\/p>\n<p><b><span style=\"color: #ff0000;\">\u25cf<\/span>\u00a0<\/b>____. &#8220;Todo mundo \u00e9 louco&#8221;. Em: <em>Op\u00e7\u00e3o Lacaniana, <\/em>n\u00ba 85<em>. <\/em>S\u00e3o Paulo: Edi\u00e7\u00f5es Eolia, 2022.<\/p>\n<p><em><b><span style=\"color: #ff0000;\">\u25cf<\/span>\u00a0<\/b>____.\u00a0Sutilezas anal\u00edticas<\/em>. Buenos Aires: Paid\u00f3s, 2011. Cap\u00edtulos 1, 2 e 3.<\/p>\n<p><span style=\"color: #ff0000;\"><b>\u25cf\u00a0<\/b><\/span>MILNER, J. C. <em>A obra clara: Lacan, a ci\u00eancia, a filosofia<\/em>. Rio de Janeiro: Jorge Zahar, 1996.<\/p>\n<p><span style=\"color: #ff0000;\"><b>\u25cf\u00a0<\/b><\/span>REIS, A. &#8220;Amores soterrados&#8221;. Em: <em>Colof\u00f3n<\/em>: Bolet\u00edn da FIBOL, n\u00ba 36. Buenos Aires: Grama ediciones, 2016.<\/p>\n<p><span style=\"color: #ff0000;\"><b>\u25cf\u00a0<\/b><\/span>SAFATLE, V. &#8220;Medo, desamparo e poder sem corpo&#8221;. Em: FREUD, S. <em>Obras incompletas de Sigmund Freud: Cultura, sociedade, religi\u00e3o: O mal-estar na cultura e outros escritos<\/em>. Belo Horizonte: Aut\u00eantica, 2023.<\/p>\n<p><span style=\"color: #ff0000;\"><b>\u25cf\u00a0<\/b><\/span>REGO BARROS, R. &#8220;As seitas e o Nome-do-Pai&#8221;. <em>Op\u00e7\u00e3o Lacaniana, <\/em>n\u00ba 50<em>. <\/em>S\u00e3o Paulo: Edi\u00e7\u00f5es Eolia, 2007.<\/p>\n<p><span style=\"color: #ff0000;\"><b>\u25cf\u00a0<\/b><\/span>SANTIAGO, J. A. <em>A droga do toxic\u00f4mano: uma parceria c\u00ednica na ci\u00eancia<\/em>. Belo Horizonte: Relic\u00e1rio, 2017. Cole\u00e7\u00e3o BIP.<\/p>\n<p><span style=\"color: #ff0000;\"><b>\u25cf\u00a0<\/b><\/span>SCHURSTER, K.; GHERMAN, M.; FERREIRO-VAZQUEZ, O. (org.) <em>Negacionismo: <\/em>A constru\u00e7\u00e3o social do fascismo no tempo presente. Recife: Edupe, 2022.<\/p>\n<p><span style=\"color: #ff0000;\"><b>\u25cf\u00a0<\/b><\/span>STEVENS, A. &#8220;Amor e Nome-do-Pai&#8221;.\u00a0Em: <em>Op\u00e7\u00e3o Lacaniana, <\/em>n\u00ba 50<em>. <\/em>S\u00e3o Paulo: Edi\u00e7\u00f5es Eolia, dez. 2007.<\/p>\n<p><span style=\"color: #ff0000;\"><b>\u25cf\u00a0<\/b><\/span>VIEIRA, M. A. &#8220;Alucina\u00e7\u00e3o e del\u00edrio (ou varia\u00e7\u00e3o sobre o tema do inconsciente a c\u00e9u aberto), Semin\u00e1rio I: A alucina\u00e7\u00e3o do sujeito&#8221;. Em: <em>Falasser<\/em>, n\u00ba 5. Jo\u00e3o Pessoa: EBP, 2011.<\/p>\n<p><em><b><span style=\"color: #ff0000;\">\u25cf<\/span>\u00a0<\/b>____. &#8220;<\/em><b><\/b>Alucina\u00e7\u00e3o e del\u00edrio (ou varia\u00e7\u00e3o sobre o tema do inconsciente a c\u00e9u aberto), Semin\u00e1rio II: O inconsciente a c\u00e9u aberto II (del\u00edrio e la\u00e7o social)&#8221;. Em: <em>Falasser<\/em>, n\u00ba 5. Jo\u00e3o Pessoa: EBP, 2011.<\/p>\n<p><span style=\"color: #ff0000;\"><b>\u25cf\u00a0<\/b><\/span>VILANOVA, A. &#8220;Uma presen\u00e7a orientada: algumas considera\u00e7\u00f5es sobre a pr\u00e1tica em nossa \u00e9poca&#8221;. <em>Op\u00e7\u00e3o Lacaniana online<\/em>: nova s\u00e9rie, [<em>s. l.<\/em>], ano 7, n. 21, nov. 2016. Dispon\u00edvel em: <a href=\"http:\/\/www.opcaolacaniana.com.br\/pdf\/numero_21\/Uma_presenca_orientada.pdf\">http:\/\/www.opcaolacaniana.com.br\/pdf\/numero_21\/Uma_presenca_orientada.pdf<\/a>.<\/p>\n<p><span style=\"color: #ff0000;\"><b>\u25cf\u00a0<\/b><\/span>ZBRUN, M. &#8220;Cl\u00ednica do diagn\u00f3stico diferencial: histeria ou psicose ordin\u00e1ria?&#8221;. Em: <em>Latusa<\/em>, n\u00ba 22. Rio de Janeiro: EBP-Rio, 2017.<\/p>\n<p><span style=\"color: #ff0000;\"><b>\u25cf\u00a0<\/b><\/span>ZUCCHI, M. &#8220;A loucura da atualiza\u00e7\u00e3o&#8221;. Em: <em>Latusa<\/em>, n\u00ba 22. Rio de Janeiro: EBP-Rio, 2017.<\/p>\n<p>&nbsp;<\/p>\n<hr \/>\n<h2><\/h2>\n<h5><span style=\"color: #ff0000;\">\u25fc <\/span>Filmes<\/h5>\n<p>&nbsp;<\/p>\n<p><span style=\"color: #ff0000;\"><b>\u25cf\u00a0<\/b><\/span>JONZE, S. (Diretor) <em>Ela.<\/em>\u00a02013.<\/p>\n<p><span style=\"color: #ff0000;\"><b>\u25cf\u00a0<\/b><\/span>LELIO, S. (Diretor)\u00a0<em>Uma Mulher Fant\u00e1stica<\/em>. 2017.[\/vc_column_text][vc_empty_space][\/vc_column][vc_column width=&#8221;1\/3&#8243;][\/vc_column][\/vc_row]<\/p>\n<\/section>","protected":false},"excerpt":{"rendered":"<p>[vc_row full_width=&#8221;stretch_row&#8221; row_type=&#8221;main-section&#8221; wr_background_color=&#8221;#0a0a0a&#8221; wr_background_img=&#8221;55&#8243;][vc_column css=&#8221;.vc_custom_1691090958120{background-color: #1d1717 !important;}&#8221;][vc_single_image image=&#8221;51&#8243; img_size=&#8221;full&#8221; alignment=&#8221;right&#8221;][\/vc_column][\/vc_row][vc_row][vc_column width=&#8221;2\/3&#8243;][vc_empty_space][vc_empty_space][vc_column_text] \u25fcBibliografia ampliada &nbsp; &nbsp; \u25cf\u00a0BASSOLS, M. &#8220;O objeto (a)ssexuado&#8221;. Em: Op\u00e7\u00e3o Lacaniana online, nova s\u00e9rie, ano 7, n\u00ba 21, nov. 2016. Dispon\u00edvel em: http:\/\/www.opcaolacaniana.com.br\/pdf\/numero_21\/O_objeto_(a)ssexuado.pdf. \u25cf\u00a0____. &#8220;Elogio de las psicosis ordinarias&#8221;. Em:\u00a0Desescrits\u00a0de psicoan\u00e0lisi lacaniana, 25 nov. 2016. Dispon\u00edvel em: http:\/\/miquelbassols.blogspot.com\/2016\/11\/elogio-de-las-psicosis-ordinarias.html. \u25cf\u00a0BASTOS, A. &#8220;Loucos, delirantes&#8221;.&hellip;<\/p>\n","protected":false},"author":1,"featured_media":0,"parent":0,"menu_order":0,"comment_status":"closed","ping_status":"closed","template":"","meta":{"footnotes":""},"class_list":["post-57512","page","type-page","status-publish","hentry","description-off"],"_links":{"self":[{"href":"https:\/\/jornadasebprioicprj.com.br\/2023\/wp-json\/wp\/v2\/pages\/57512","targetHints":{"allow":["GET"]}}],"collection":[{"href":"https:\/\/jornadasebprioicprj.com.br\/2023\/wp-json\/wp\/v2\/pages"}],"about":[{"href":"https:\/\/jornadasebprioicprj.com.br\/2023\/wp-json\/wp\/v2\/types\/page"}],"author":[{"embeddable":true,"href":"https:\/\/jornadasebprioicprj.com.br\/2023\/wp-json\/wp\/v2\/users\/1"}],"replies":[{"embeddable":true,"href":"https:\/\/jornadasebprioicprj.com.br\/2023\/wp-json\/wp\/v2\/comments?post=57512"}],"version-history":[{"count":15,"href":"https:\/\/jornadasebprioicprj.com.br\/2023\/wp-json\/wp\/v2\/pages\/57512\/revisions"}],"predecessor-version":[{"id":57584,"href":"https:\/\/jornadasebprioicprj.com.br\/2023\/wp-json\/wp\/v2\/pages\/57512\/revisions\/57584"}],"wp:attachment":[{"href":"https:\/\/jornadasebprioicprj.com.br\/2023\/wp-json\/wp\/v2\/media?parent=57512"}],"curies":[{"name":"wp","href":"https:\/\/api.w.org\/{rel}","templated":true}]}}