{"id":718,"date":"2021-10-01T08:41:57","date_gmt":"2021-10-01T11:41:57","guid":{"rendered":"https:\/\/jornadasebprioicprj.com.br\/2021\/?page_id=718"},"modified":"2021-10-01T11:06:43","modified_gmt":"2021-10-01T14:06:43","slug":"boletim-gps-09","status":"publish","type":"page","link":"https:\/\/jornadasebprioicprj.com.br\/2021\/boletim-gps\/boletim-gps-09\/","title":{"rendered":"Boletim .gps #09"},"content":{"rendered":"[vc_row row_type=&#8221;main-section&#8221; wr_background_img=&#8221;40&#8243;][vc_column][vc_single_image image=&#8221;613&#8243; img_size=&#8221;full&#8221; alignment=&#8221;right&#8221;][\/vc_column][\/vc_row][vc_row][vc_column][vc_empty_space height=&#8221;50px&#8221;][vc_column_text]<span style=\"font-family: american-type; font-size: 36pt;\">Boletim#9\u00a0<\/span>[\/vc_column_text][vc_empty_space height=&#8221;50px&#8221;][vc_column_text]<span style=\"font-size: 36pt;\">N<\/span>este boletim teremos a oportunidade de ler as resson\u00e2ncias da primeira preparat\u00f3ria das XXVIII Jornadas Cl\u00ednicas da EBP Rio e ICP-RJ <em>Os nomes da vida, marcas da pandemia<\/em>.[\/vc_column_text][vc_empty_space height=&#8221;50px&#8221;][vc_separator][vc_empty_space height=&#8221;50px&#8221;][vc_column_text]\n<h1><span style=\"font-family: american-type;\">Resson\u00e2ncias<\/span><\/h1>\n[\/vc_column_text][vc_empty_space height=&#8221;50px&#8221;][vc_column_text]\n<div><strong>Resson\u00e2ncias da I Preparat\u00f3ria. Marcas recolhidas<\/strong><\/div>\n<h6><em>Por Gl\u00f3ria Maron<\/em><\/h6>\n<div>A participa\u00e7\u00e3o de Fabi\u00e1n Fajnwaks na I Preparat\u00f3ria das XXVIII Jornadas Cl\u00ednicas da EBP RJ \u201cOs Nomes da Vida\u201d deixou marcas que se refletiram no excelente e arejado debate. Com rigor e leveza, nos brindou com contribui\u00e7\u00f5es te\u00f3ricas e cl\u00ednicas, produzindo questionamentos importantes sobre o tema em torno das nomea\u00e7\u00f5es <em>queer.<\/em> Constituiu um momento de acolhimento e busca de respostas \u00e0s interroga\u00e7\u00f5es que as transforma\u00e7\u00f5es das pr\u00e1ticas e identidades sexuais colocam para a civiliza\u00e7\u00e3o e por extens\u00e3o aos psicanalistas. <a href=\"https:\/\/jornadasebprioicprj.com.br\/2021\/ressonancias-da-i-preparatoria-marcas-recolhidas\/\" target=\"_blank\" rel=\"noopener\" data-cke-saved-href=\"https:\/\/jornadasebprioicprj.com.br\/2021\/ressonancias-da-i-preparatoria-marcas-recolhidas\/\">[Leia +]<\/a><\/div>\n[\/vc_column_text][vc_empty_space height=&#8221;50px&#8221;][vc_separator][vc_empty_space height=&#8221;50px&#8221;][vc_column_text]<strong>Nomea\u00e7\u00f5es Queer \u2013 Resson\u00e2ncias<\/strong><\/p>\n<h6><em>Por Andr\u00e9a Reis Santos<\/em><\/h6>\n<p>No dia 18 de setembro, aconteceu a primeira preparat\u00f3ria para as XXVIII Jornadas da EBP Se\u00e7\u00e3o Rio e ICP-RJ em torno do tema das <em>Nomea\u00e7\u00f5es Queer<\/em>, com uma confer\u00eancia de Fabi\u00e1n Fajnwaks e uma \u00f3tima conversa a partir das quest\u00f5es trazidas pelas debatedoras Ang\u00e9lica Bastos, Cristina Duba e Cristina Frederico, al\u00e9m de outros colegas da Se\u00e7\u00e3o. <a href=\"https:\/\/jornadasebprioicprj.com.br\/2021\/nomeacoes-queer-ressonancias-2\/\" target=\"_blank\" rel=\"noopener\" data-cke-saved-href=\"https:\/\/jornadasebprioicprj.com.br\/2021\/nomeacoes-queer-ressonancias-2\/\">[Leia +]<\/a>[\/vc_column_text][vc_empty_space height=&#8221;50px&#8221;][vc_separator][vc_empty_space height=&#8221;50px&#8221;][vc_column_text]<strong>Nomea\u00e7\u00f5es Queer &#8211; Resson\u00e2ncias<\/strong><\/p>\n<h6><em>Por Vanda Assump\u00e7\u00e3o Almeida<\/em><\/h6>\n<p>Fabi\u00e1n Fajnwaks, em nossa primeira preparat\u00f3ria sobre as pr\u00f3ximas Jornadas da EBP-Rio\/ICP-RJ &#8211;<em>Nomes da Vida &#8211;<\/em>, teceu, com a fineza que lhe \u00e9 pr\u00f3pria, os labirintos por onde se escrevem essas nomea\u00e7\u00f5es e, mais uma vez, se confirmou a responsabilidade que n\u00f3s, analistas, temos em sustentar a psican\u00e1lise no mundo. <a href=\"https:\/\/jornadasebprioicprj.com.br\/2021\/nomeacoes-queer-ressonancias\/\" target=\"_blank\" rel=\"noopener\" data-cke-saved-href=\"https:\/\/jornadasebprioicprj.com.br\/2021\/nomeacoes-queer-ressonancias\/\">[Leia +]<\/a>[\/vc_column_text][vc_empty_space height=&#8221;50px&#8221;][vc_separator][vc_empty_space height=&#8221;50px&#8221;][vc_column_text]<strong>Por uma Transi\u00e7\u00e3o Lingu\u00edstica<\/strong><\/p>\n<h6><em>Por Renata Estrella<\/em><\/h6>\n<p>No dia 18 de setembro, tivemos o prazer de receber Fabi\u00e1n Fajnwaks na 1\u00aa preparat\u00f3ria das nossas XXVIII Jornadas Cl\u00ednicas, <em>Os nomes da vida, marcas da pandemia<\/em>. J\u00e1 tendo anos de trabalho na sustenta\u00e7\u00e3o do ensino de Lacan e da orienta\u00e7\u00e3o lacaniana tamb\u00e9m em di\u00e1logo com os Estudos de g\u00eanero, Fabi\u00e1n foi nosso convidado para a mesa <em>Nomea\u00e7\u00f5es queer<\/em>, momento em que nos debru\u00e7amos para pensar as diferentes formas de estar no mundo, que talvez apontem para os nomes da vida, ou nomes de gozo, como prop\u00f4s Fabi\u00e1n. <a href=\"https:\/\/jornadasebprioicprj.com.br\/2021\/por-uma-transicao-linguistica\/\" target=\"_blank\" rel=\"noopener\" data-cke-saved-href=\"https:\/\/jornadasebprioicprj.com.br\/2021\/por-uma-transicao-linguistica\/\">[Leia +]<\/a>[\/vc_column_text][vc_empty_space height=&#8221;50px&#8221;][vc_separator][vc_empty_space height=&#8221;50px&#8221;][vc_column_text]<strong>Nomea\u00e7\u00f5es Queer \u2013 Mesa Preparat\u00f3ria XXVIII Jornadas EBP Rio de Janeiro e ICP RJ<\/strong><\/p>\n<h6><em>Por Francisca Joana Menta Soares<\/em><\/h6>\n<p>A ordem heteronormativa existe e Fabi\u00e1n Fajnwaks h\u00e1 anos dialoga com diferentes autores para fazer escutar que a psican\u00e1lise de orienta\u00e7\u00e3o lacaniana \u00e9 orientada pelo real do gozo, ou seja, n\u00e3o permite nem autoriza nada que tenha a ver com a normatividade. <a href=\"https:\/\/jornadasebprioicprj.com.br\/2021\/nomeacoes-queer-mesa-preparatoria-xxviii-jornadas-ebp-rio-de-janeiro-e-icp-rj\/\" target=\"_blank\" rel=\"noopener\" data-cke-saved-href=\"https:\/\/jornadasebprioicprj.com.br\/2021\/nomeacoes-queer-mesa-preparatoria-xxviii-jornadas-ebp-rio-de-janeiro-e-icp-rj\/\">[Leia +]<\/a>[\/vc_column_text][vc_empty_space height=&#8221;50px&#8221;][vc_separator][vc_empty_space height=&#8221;50px&#8221;][vc_column_text]\n<ul>\n<li>\n<h6>Veja e ou\u00e7a a grava\u00e7\u00e3o da primeira preparat\u00f3ria das Jornadas clicando neste link: <a href=\"https:\/\/youtu.be\/kjjmjfve6j0\" target=\"_blank\" rel=\"noopener\" data-cke-saved-href=\"https:\/\/youtu.be\/kjjmjfve6j0\">https:\/\/youtu.be\/kjjmjfve6j0<\/a><\/h6>\n<\/li>\n<li>\n<h6>Veja o site das Jornadas clicando neste link: <a href=\"https:\/\/jornadasebprioicprj.com.br\/2021\/\" data-cke-saved-href=\"https:\/\/jornadasebprioicprj.com.br\/2021\/\">https:\/\/jornadasebprioicprj.com.br\/2021\/<\/a><\/h6>\n<\/li>\n<li>\n<h6>Inscreva-se nas Jornadas aqui: <a href=\"https:\/\/jornadasebprioicprj.com.br\/2021\/inscricoes\/\" data-cke-saved-href=\"https:\/\/jornadasebprioicprj.com.br\/2021\/inscricoes\/\">https:\/\/jornadasebprioicprj.com.br\/2021\/inscricoes\/<\/a><\/h6>\n<\/li>\n<li>\n<h6>Veja como enviar seu trabalho neste link: <a href=\"https:\/\/jornadasebprioicprj.com.br\/2021\/envio-de-trabalhos\/\" data-cke-saved-href=\"https:\/\/jornadasebprioicprj.com.br\/2021\/envio-de-trabalhos\/\">https:\/\/jornadasebprioicprj.com.br\/2021\/envio-de-trabalhos\/<\/a><\/h6>\n<\/li>\n<li>\n<h6>Ou\u00e7a o primeiro podcast das Jornadas clicando neste link: <a href=\"http:\/\/shorturl.at\/bisKZ\" target=\"_blank\" rel=\"noopener\" data-cke-saved-href=\"http:\/\/shorturl.at\/bisKZ\">shorturl.at\/bisKZ<\/a><\/h6>\n<\/li>\n<li>\n<h6>Ou\u00e7a a playlist das Jornadas clicando neste link: <a href=\"http:\/\/www.shorturl.at\/bhyG8\" target=\"_blank\" rel=\"noopener\" data-cke-saved-href=\"http:\/\/www.shorturl.at\/bhyG8\">sh<u>shorturl.at\/bisKZ<\/u>orturl.at\/bhyG8<\/a><\/h6>\n<\/li>\n<li>\n<h6>Acesse o perfil das Jornadas no Instagram neste link: <a href=\"https:\/\/www.instagram.com\/jornadasebprioicprj\/\" target=\"_blank\" rel=\"noopener\" data-cke-saved-href=\"https:\/\/www.instagram.com\/jornadasebprioicprj\/\">https:\/\/www.instagram.com\/jornadasebprioicprj\/<\/a><\/h6>\n<\/li>\n<\/ul>\n[\/vc_column_text][\/vc_column][\/vc_row]\n","protected":false},"excerpt":{"rendered":"<p>[vc_row row_type=&#8221;main-section&#8221; wr_background_img=&#8221;40&#8243;][vc_column][vc_single_image image=&#8221;613&#8243; img_size=&#8221;full&#8221; alignment=&#8221;right&#8221;][\/vc_column][\/vc_row][vc_row][vc_column][vc_empty_space height=&#8221;50px&#8221;][vc_column_text]Boletim#9\u00a0[\/vc_column_text][vc_empty_space height=&#8221;50px&#8221;][vc_column_text]Neste boletim teremos a oportunidade de ler as resson\u00e2ncias da primeira preparat\u00f3ria das XXVIII Jornadas Cl\u00ednicas da EBP Rio e ICP-RJ Os nomes da vida, marcas da pandemia.[\/vc_column_text][vc_empty_space height=&#8221;50px&#8221;][vc_separator][vc_empty_space height=&#8221;50px&#8221;][vc_column_text] Resson\u00e2ncias [\/vc_column_text][vc_empty_space height=&#8221;50px&#8221;][vc_column_text] Resson\u00e2ncias da I Preparat\u00f3ria. Marcas recolhidas Por Gl\u00f3ria Maron A participa\u00e7\u00e3o de Fabi\u00e1n Fajnwaks na [&hellip;]<\/p>\n","protected":false},"author":1,"featured_media":0,"parent":11,"menu_order":0,"comment_status":"closed","ping_status":"closed","template":"","meta":{"footnotes":""},"class_list":["post-718","page","type-page","status-publish","hentry"],"yoast_head":"<!-- This site is optimized with the Yoast SEO plugin v27.5 - https:\/\/yoast.com\/product\/yoast-seo-wordpress\/ -->\n<title>Boletim .gps #09 - Jornadas EBP RIO e ICPRJ<\/title>\n<meta name=\"robots\" content=\"index, follow, max-snippet:-1, max-image-preview:large, max-video-preview:-1\" \/>\n<link rel=\"canonical\" href=\"https:\/\/jornadasebprioicprj.com.br\/2021\/boletim-gps\/boletim-gps-09\/\" \/>\n<meta property=\"og:locale\" content=\"pt_BR\" \/>\n<meta property=\"og:type\" content=\"article\" \/>\n<meta property=\"og:title\" content=\"Boletim .gps #09 - Jornadas EBP RIO e ICPRJ\" \/>\n<meta property=\"og:description\" content=\"[vc_row row_type=&#8221;main-section&#8221; wr_background_img=&#8221;40&#8243;][vc_column][vc_single_image image=&#8221;613&#8243; img_size=&#8221;full&#8221; alignment=&#8221;right&#8221;][\/vc_column][\/vc_row][vc_row][vc_column][vc_empty_space height=&#8221;50px&#8221;][vc_column_text]Boletim#9\u00a0[\/vc_column_text][vc_empty_space height=&#8221;50px&#8221;][vc_column_text]Neste boletim teremos a oportunidade de ler as resson\u00e2ncias da primeira preparat\u00f3ria das XXVIII Jornadas Cl\u00ednicas da EBP Rio e ICP-RJ Os nomes da vida, marcas da pandemia.[\/vc_column_text][vc_empty_space height=&#8221;50px&#8221;][vc_separator][vc_empty_space height=&#8221;50px&#8221;][vc_column_text] Resson\u00e2ncias [\/vc_column_text][vc_empty_space height=&#8221;50px&#8221;][vc_column_text] Resson\u00e2ncias da I Preparat\u00f3ria. Marcas recolhidas Por Gl\u00f3ria Maron A participa\u00e7\u00e3o de Fabi\u00e1n Fajnwaks na [&hellip;]\" \/>\n<meta property=\"og:url\" content=\"https:\/\/jornadasebprioicprj.com.br\/2021\/boletim-gps\/boletim-gps-09\/\" \/>\n<meta property=\"og:site_name\" content=\"Jornadas EBP RIO e ICPRJ\" \/>\n<meta property=\"article:modified_time\" content=\"2021-10-01T14:06:43+00:00\" \/>\n<meta name=\"twitter:card\" content=\"summary_large_image\" \/>\n<meta name=\"twitter:label1\" content=\"Est. tempo de leitura\" \/>\n\t<meta name=\"twitter:data1\" content=\"3 minutos\" \/>\n<script type=\"application\/ld+json\" class=\"yoast-schema-graph\">{\"@context\":\"https:\\\/\\\/schema.org\",\"@graph\":[{\"@type\":\"WebPage\",\"@id\":\"https:\\\/\\\/jornadasebprioicprj.com.br\\\/2021\\\/boletim-gps\\\/boletim-gps-09\\\/\",\"url\":\"https:\\\/\\\/jornadasebprioicprj.com.br\\\/2021\\\/boletim-gps\\\/boletim-gps-09\\\/\",\"name\":\"Boletim .gps #09 - Jornadas EBP RIO e ICPRJ\",\"isPartOf\":{\"@id\":\"https:\\\/\\\/jornadasebprioicprj.com.br\\\/2021\\\/#website\"},\"datePublished\":\"2021-10-01T11:41:57+00:00\",\"dateModified\":\"2021-10-01T14:06:43+00:00\",\"breadcrumb\":{\"@id\":\"https:\\\/\\\/jornadasebprioicprj.com.br\\\/2021\\\/boletim-gps\\\/boletim-gps-09\\\/#breadcrumb\"},\"inLanguage\":\"pt-BR\",\"potentialAction\":[{\"@type\":\"ReadAction\",\"target\":[\"https:\\\/\\\/jornadasebprioicprj.com.br\\\/2021\\\/boletim-gps\\\/boletim-gps-09\\\/\"]}]},{\"@type\":\"BreadcrumbList\",\"@id\":\"https:\\\/\\\/jornadasebprioicprj.com.br\\\/2021\\\/boletim-gps\\\/boletim-gps-09\\\/#breadcrumb\",\"itemListElement\":[{\"@type\":\"ListItem\",\"position\":1,\"name\":\"In\u00edcio\",\"item\":\"https:\\\/\\\/jornadasebprioicprj.com.br\\\/2021\\\/\"},{\"@type\":\"ListItem\",\"position\":2,\"name\":\"Boletim .gps\",\"item\":\"https:\\\/\\\/jornadasebprioicprj.com.br\\\/2021\\\/boletim-gps\\\/\"},{\"@type\":\"ListItem\",\"position\":3,\"name\":\"Boletim .gps #09\"}]},{\"@type\":\"WebSite\",\"@id\":\"https:\\\/\\\/jornadasebprioicprj.com.br\\\/2021\\\/#website\",\"url\":\"https:\\\/\\\/jornadasebprioicprj.com.br\\\/2021\\\/\",\"name\":\"Jornadas EBP RIO e ICPRJ\",\"description\":\"Escola Brasileira de Psican\u00e1lise\",\"potentialAction\":[{\"@type\":\"SearchAction\",\"target\":{\"@type\":\"EntryPoint\",\"urlTemplate\":\"https:\\\/\\\/jornadasebprioicprj.com.br\\\/2021\\\/?s={search_term_string}\"},\"query-input\":{\"@type\":\"PropertyValueSpecification\",\"valueRequired\":true,\"valueName\":\"search_term_string\"}}],\"inLanguage\":\"pt-BR\"}]}<\/script>\n<!-- \/ Yoast SEO plugin. -->","yoast_head_json":{"title":"Boletim .gps #09 - Jornadas EBP RIO e ICPRJ","robots":{"index":"index","follow":"follow","max-snippet":"max-snippet:-1","max-image-preview":"max-image-preview:large","max-video-preview":"max-video-preview:-1"},"canonical":"https:\/\/jornadasebprioicprj.com.br\/2021\/boletim-gps\/boletim-gps-09\/","og_locale":"pt_BR","og_type":"article","og_title":"Boletim .gps #09 - Jornadas EBP RIO e ICPRJ","og_description":"[vc_row row_type=&#8221;main-section&#8221; wr_background_img=&#8221;40&#8243;][vc_column][vc_single_image image=&#8221;613&#8243; img_size=&#8221;full&#8221; alignment=&#8221;right&#8221;][\/vc_column][\/vc_row][vc_row][vc_column][vc_empty_space height=&#8221;50px&#8221;][vc_column_text]Boletim#9\u00a0[\/vc_column_text][vc_empty_space height=&#8221;50px&#8221;][vc_column_text]Neste boletim teremos a oportunidade de ler as resson\u00e2ncias da primeira preparat\u00f3ria das XXVIII Jornadas Cl\u00ednicas da EBP Rio e ICP-RJ Os nomes da vida, marcas da pandemia.[\/vc_column_text][vc_empty_space height=&#8221;50px&#8221;][vc_separator][vc_empty_space height=&#8221;50px&#8221;][vc_column_text] Resson\u00e2ncias [\/vc_column_text][vc_empty_space height=&#8221;50px&#8221;][vc_column_text] Resson\u00e2ncias da I Preparat\u00f3ria. Marcas recolhidas Por Gl\u00f3ria Maron A participa\u00e7\u00e3o de Fabi\u00e1n Fajnwaks na [&hellip;]","og_url":"https:\/\/jornadasebprioicprj.com.br\/2021\/boletim-gps\/boletim-gps-09\/","og_site_name":"Jornadas EBP RIO e ICPRJ","article_modified_time":"2021-10-01T14:06:43+00:00","twitter_card":"summary_large_image","twitter_misc":{"Est. tempo de leitura":"3 minutos"},"schema":{"@context":"https:\/\/schema.org","@graph":[{"@type":"WebPage","@id":"https:\/\/jornadasebprioicprj.com.br\/2021\/boletim-gps\/boletim-gps-09\/","url":"https:\/\/jornadasebprioicprj.com.br\/2021\/boletim-gps\/boletim-gps-09\/","name":"Boletim .gps #09 - Jornadas EBP RIO e ICPRJ","isPartOf":{"@id":"https:\/\/jornadasebprioicprj.com.br\/2021\/#website"},"datePublished":"2021-10-01T11:41:57+00:00","dateModified":"2021-10-01T14:06:43+00:00","breadcrumb":{"@id":"https:\/\/jornadasebprioicprj.com.br\/2021\/boletim-gps\/boletim-gps-09\/#breadcrumb"},"inLanguage":"pt-BR","potentialAction":[{"@type":"ReadAction","target":["https:\/\/jornadasebprioicprj.com.br\/2021\/boletim-gps\/boletim-gps-09\/"]}]},{"@type":"BreadcrumbList","@id":"https:\/\/jornadasebprioicprj.com.br\/2021\/boletim-gps\/boletim-gps-09\/#breadcrumb","itemListElement":[{"@type":"ListItem","position":1,"name":"In\u00edcio","item":"https:\/\/jornadasebprioicprj.com.br\/2021\/"},{"@type":"ListItem","position":2,"name":"Boletim .gps","item":"https:\/\/jornadasebprioicprj.com.br\/2021\/boletim-gps\/"},{"@type":"ListItem","position":3,"name":"Boletim .gps #09"}]},{"@type":"WebSite","@id":"https:\/\/jornadasebprioicprj.com.br\/2021\/#website","url":"https:\/\/jornadasebprioicprj.com.br\/2021\/","name":"Jornadas EBP RIO e ICPRJ","description":"Escola Brasileira de Psican\u00e1lise","potentialAction":[{"@type":"SearchAction","target":{"@type":"EntryPoint","urlTemplate":"https:\/\/jornadasebprioicprj.com.br\/2021\/?s={search_term_string}"},"query-input":{"@type":"PropertyValueSpecification","valueRequired":true,"valueName":"search_term_string"}}],"inLanguage":"pt-BR"}]}},"_links":{"self":[{"href":"https:\/\/jornadasebprioicprj.com.br\/2021\/wp-json\/wp\/v2\/pages\/718","targetHints":{"allow":["GET"]}}],"collection":[{"href":"https:\/\/jornadasebprioicprj.com.br\/2021\/wp-json\/wp\/v2\/pages"}],"about":[{"href":"https:\/\/jornadasebprioicprj.com.br\/2021\/wp-json\/wp\/v2\/types\/page"}],"author":[{"embeddable":true,"href":"https:\/\/jornadasebprioicprj.com.br\/2021\/wp-json\/wp\/v2\/users\/1"}],"replies":[{"embeddable":true,"href":"https:\/\/jornadasebprioicprj.com.br\/2021\/wp-json\/wp\/v2\/comments?post=718"}],"version-history":[{"count":4,"href":"https:\/\/jornadasebprioicprj.com.br\/2021\/wp-json\/wp\/v2\/pages\/718\/revisions"}],"predecessor-version":[{"id":723,"href":"https:\/\/jornadasebprioicprj.com.br\/2021\/wp-json\/wp\/v2\/pages\/718\/revisions\/723"}],"up":[{"embeddable":true,"href":"https:\/\/jornadasebprioicprj.com.br\/2021\/wp-json\/wp\/v2\/pages\/11"}],"wp:attachment":[{"href":"https:\/\/jornadasebprioicprj.com.br\/2021\/wp-json\/wp\/v2\/media?parent=718"}],"curies":[{"name":"wp","href":"https:\/\/api.w.org\/{rel}","templated":true}]}}