{"id":675,"date":"2021-09-14T07:01:09","date_gmt":"2021-09-14T10:01:09","guid":{"rendered":"https:\/\/jornadasebprioicprj.com.br\/2021\/?page_id=675"},"modified":"2021-09-16T04:59:52","modified_gmt":"2021-09-16T07:59:52","slug":"boletim-gps-08","status":"publish","type":"page","link":"https:\/\/jornadasebprioicprj.com.br\/2021\/boletim-gps\/boletim-gps-08\/","title":{"rendered":"Boletim .gps #08"},"content":{"rendered":"[vc_row row_type=&#8221;main-section&#8221; wr_background_img=&#8221;40&#8243;][vc_column][vc_single_image image=&#8221;613&#8243; img_size=&#8221;full&#8221; alignment=&#8221;right&#8221;][\/vc_column][\/vc_row][vc_row][vc_column][vc_empty_space height=&#8221;50px&#8221;][vc_column_text]<span style=\"font-family: american-type; font-size: 36pt;\">Boletim#8\u00a0<\/span>[\/vc_column_text][vc_empty_space height=&#8221;50px&#8221;][vc_column_text]<span style=\"font-family: american-type; font-size: 24pt;\">Editorial\u00a0<\/span><\/p>\n<h6><em>Por Cristina Duba<\/em><\/h6>\n<p><span style=\"font-size: 36pt;\">N<\/span>ossas <a href=\"https:\/\/www.jornadasebprioicprj.com.br\/2021\">Jornadas Cl\u00ednicas<\/a> se aproximam.<\/p>\n<p>Em tempos excepcionais de pandemia, quando se torna mais evidente a precariedade de nossas rotinas (no mais amplo sentido) para fazer face \u00e0s surpresas da vida, nos vimos convocados a recolher os rastros desse estremecimento, suas marcas e nomes.<\/p>\n<p>\u00c9 com esse esp\u00edrito que receberemos no pr\u00f3ximo s\u00e1bado, com muito entusiasmo pela for\u00e7a de sua transmiss\u00e3o, Fabi\u00e1n Fajnwaks, nosso colega da ECF\/AMP, que nos falar\u00e1 sobre as <strong>nomea\u00e7\u00f5es queer<\/strong>.<\/p>\n<p>Advindas da apropria\u00e7\u00e3o de um insulto \u2013 \u201cqueer\u201d -, essas nomea\u00e7\u00f5es se instauram justamente a partir da designa\u00e7\u00e3o de um res\u00edduo n\u00e3o assimilado, no ser do sujeito, pelos ideais e normas em vigor. Torna-se assim poss\u00edvel, a partir desse resto, a inven\u00e7\u00e3o de nomes para formas de exist\u00eancia que se multiplicam e se diversificam fora da l\u00f3gica bin\u00e1ria que ordena o sexual. Al\u00e9m disso, essas nomea\u00e7\u00f5es, \u00e0 medida em que guardam a marca de uma resposta ao movimento de assimila\u00e7\u00e3o das homossexualidades \u00e0s normas e ideais bin\u00e1rios, podem dessa maneira alcan\u00e7ar formas de legitima\u00e7\u00e3o e express\u00e3o.<\/p>\n<p>Conclu\u00edmos por ora, neste momento anterior ao que poderemos aprender neste s\u00e1bado, com Fabi\u00e1n Fajnwaks e todos os colegas, que a cl\u00ednica psicanal\u00edtica n\u00e3o pode se furtar a esse encontro com isto que os estudos e a experi\u00eancia \u201cqueer\u201d nos indica e promove. E que n\u00e3o \u00e9 de nenhuma forma estranho \u00e0 psican\u00e1lise.<\/p>\n<p>At\u00e9 l\u00e1.[\/vc_column_text][vc_empty_space height=&#8221;50px&#8221;][vc_separator][vc_empty_space height=&#8221;50px&#8221;][vc_column_text]\n<h3><span style=\"font-family: american-type;\">V\u00cdDEO<\/span><\/h3>\n[\/vc_column_text][vc_empty_space height=&#8221;50px&#8221;][vc_column_text]<span style=\"font-size: 36pt;\">S<\/span>egue o v\u00eddeo convite para a preparat\u00f3ria das XXVIII Jornadas Cl\u00ednicas da EBP Rio e ICP-RJ <em>Os nomes da vida, marcas da pandemia<\/em>.[\/vc_column_text][vc_empty_space height=&#8221;50px&#8221;][vc_single_image image=&#8221;676&#8243; img_size=&#8221;full&#8221; onclick=&#8221;custom_link&#8221; img_link_target=&#8221;_blank&#8221; link=&#8221;https:\/\/youtu.be\/DljMkDRD9lE&#8221;][vc_empty_space height=&#8221;50px&#8221;][vc_separator][vc_empty_space height=&#8221;50px&#8221;][vc_column_text]\n<ul>\n<li>Veja e ou\u00e7a a o v\u00eddeo convite da preparat\u00f3ria das Jornadas clicando neste link: <a href=\"https:\/\/youtu.be\/DljMkDRD9lE\">https:\/\/youtu.be\/DljMkDRD9lE<\/a><\/li>\n<li>Veja o site das Jornadas clicando neste link: <a href=\"https:\/\/jornadasebprioicprj.com.br\/2021\/\">https:\/\/jornadasebprioicprj.com.br\/2021\/<\/a><\/li>\n<li>Inscreva-se nas Jornadas aqui: <a href=\"https:\/\/jornadasebprioicprj.com.br\/2021\/inscricoes\/\">https:\/\/jornadasebprioicprj.com.br\/2021\/inscricoes\/<\/a><\/li>\n<li>Veja como enviar seu trabalho neste link: <a href=\"https:\/\/jornadasebprioicprj.com.br\/2021\/envio-de-trabalhos\/\">https:\/\/jornadasebprioicprj.com.br\/2021\/envio-de-trabalhos\/<\/a><\/li>\n<li>Veja e ou\u00e7a a podcast das Jornadas clicando neste link: <a href=\"http:\/\/shorturl.at\/bisKZ\">shorturl.at\/bisKZ<\/a><\/li>\n<li>Veja e ou\u00e7a a playlist das Jornadas clicando neste link: <a href=\"http:\/\/www.shorturl.at\/bhyG8\">shorturl.at\/bhyG8<\/a><\/li>\n<li>Acesse o perfil das Jornadas no Instagram neste link: <a href=\"https:\/\/www.instagram.com\/jornadasebprioicprj\/\">https:\/\/www.instagram.com\/jornadasebprioicprj\/<\/a><\/li>\n<\/ul>\n[\/vc_column_text][\/vc_column][\/vc_row]\n","protected":false},"excerpt":{"rendered":"<p>[vc_row row_type=&#8221;main-section&#8221; wr_background_img=&#8221;40&#8243;][vc_column][vc_single_image image=&#8221;613&#8243; img_size=&#8221;full&#8221; alignment=&#8221;right&#8221;][\/vc_column][\/vc_row][vc_row][vc_column][vc_empty_space height=&#8221;50px&#8221;][vc_column_text]Boletim#8\u00a0[\/vc_column_text][vc_empty_space height=&#8221;50px&#8221;][vc_column_text]Editorial\u00a0 Por Cristina Duba Nossas Jornadas Cl\u00ednicas se aproximam. Em tempos excepcionais de pandemia, quando se torna mais evidente a precariedade de nossas rotinas (no mais amplo sentido) para fazer face \u00e0s surpresas da vida, nos vimos convocados a recolher os rastros desse estremecimento, suas marcas e nomes. [&hellip;]<\/p>\n","protected":false},"author":1,"featured_media":0,"parent":11,"menu_order":0,"comment_status":"closed","ping_status":"closed","template":"","meta":{"footnotes":""},"class_list":["post-675","page","type-page","status-publish","hentry"],"yoast_head":"<!-- This site is optimized with the Yoast SEO plugin v27.5 - https:\/\/yoast.com\/product\/yoast-seo-wordpress\/ -->\n<title>Boletim .gps #08 - Jornadas EBP RIO e ICPRJ<\/title>\n<meta name=\"robots\" content=\"index, follow, max-snippet:-1, max-image-preview:large, max-video-preview:-1\" \/>\n<link rel=\"canonical\" href=\"https:\/\/jornadasebprioicprj.com.br\/2021\/boletim-gps\/boletim-gps-08\/\" \/>\n<meta property=\"og:locale\" content=\"pt_BR\" \/>\n<meta property=\"og:type\" content=\"article\" \/>\n<meta property=\"og:title\" content=\"Boletim .gps #08 - Jornadas EBP RIO e ICPRJ\" \/>\n<meta property=\"og:description\" content=\"[vc_row row_type=&#8221;main-section&#8221; wr_background_img=&#8221;40&#8243;][vc_column][vc_single_image image=&#8221;613&#8243; img_size=&#8221;full&#8221; alignment=&#8221;right&#8221;][\/vc_column][\/vc_row][vc_row][vc_column][vc_empty_space height=&#8221;50px&#8221;][vc_column_text]Boletim#8\u00a0[\/vc_column_text][vc_empty_space height=&#8221;50px&#8221;][vc_column_text]Editorial\u00a0 Por Cristina Duba Nossas Jornadas Cl\u00ednicas se aproximam. Em tempos excepcionais de pandemia, quando se torna mais evidente a precariedade de nossas rotinas (no mais amplo sentido) para fazer face \u00e0s surpresas da vida, nos vimos convocados a recolher os rastros desse estremecimento, suas marcas e nomes. [&hellip;]\" \/>\n<meta property=\"og:url\" content=\"https:\/\/jornadasebprioicprj.com.br\/2021\/boletim-gps\/boletim-gps-08\/\" \/>\n<meta property=\"og:site_name\" content=\"Jornadas EBP RIO e ICPRJ\" \/>\n<meta property=\"article:modified_time\" content=\"2021-09-16T07:59:52+00:00\" \/>\n<meta name=\"twitter:card\" content=\"summary_large_image\" \/>\n<meta name=\"twitter:label1\" content=\"Est. tempo de leitura\" \/>\n\t<meta name=\"twitter:data1\" content=\"2 minutos\" \/>\n<script type=\"application\/ld+json\" class=\"yoast-schema-graph\">{\"@context\":\"https:\\\/\\\/schema.org\",\"@graph\":[{\"@type\":\"WebPage\",\"@id\":\"https:\\\/\\\/jornadasebprioicprj.com.br\\\/2021\\\/boletim-gps\\\/boletim-gps-08\\\/\",\"url\":\"https:\\\/\\\/jornadasebprioicprj.com.br\\\/2021\\\/boletim-gps\\\/boletim-gps-08\\\/\",\"name\":\"Boletim .gps #08 - Jornadas EBP RIO e ICPRJ\",\"isPartOf\":{\"@id\":\"https:\\\/\\\/jornadasebprioicprj.com.br\\\/2021\\\/#website\"},\"datePublished\":\"2021-09-14T10:01:09+00:00\",\"dateModified\":\"2021-09-16T07:59:52+00:00\",\"breadcrumb\":{\"@id\":\"https:\\\/\\\/jornadasebprioicprj.com.br\\\/2021\\\/boletim-gps\\\/boletim-gps-08\\\/#breadcrumb\"},\"inLanguage\":\"pt-BR\",\"potentialAction\":[{\"@type\":\"ReadAction\",\"target\":[\"https:\\\/\\\/jornadasebprioicprj.com.br\\\/2021\\\/boletim-gps\\\/boletim-gps-08\\\/\"]}]},{\"@type\":\"BreadcrumbList\",\"@id\":\"https:\\\/\\\/jornadasebprioicprj.com.br\\\/2021\\\/boletim-gps\\\/boletim-gps-08\\\/#breadcrumb\",\"itemListElement\":[{\"@type\":\"ListItem\",\"position\":1,\"name\":\"In\u00edcio\",\"item\":\"https:\\\/\\\/jornadasebprioicprj.com.br\\\/2021\\\/\"},{\"@type\":\"ListItem\",\"position\":2,\"name\":\"Boletim .gps\",\"item\":\"https:\\\/\\\/jornadasebprioicprj.com.br\\\/2021\\\/boletim-gps\\\/\"},{\"@type\":\"ListItem\",\"position\":3,\"name\":\"Boletim .gps #08\"}]},{\"@type\":\"WebSite\",\"@id\":\"https:\\\/\\\/jornadasebprioicprj.com.br\\\/2021\\\/#website\",\"url\":\"https:\\\/\\\/jornadasebprioicprj.com.br\\\/2021\\\/\",\"name\":\"Jornadas EBP RIO e ICPRJ\",\"description\":\"Escola Brasileira de Psican\u00e1lise\",\"potentialAction\":[{\"@type\":\"SearchAction\",\"target\":{\"@type\":\"EntryPoint\",\"urlTemplate\":\"https:\\\/\\\/jornadasebprioicprj.com.br\\\/2021\\\/?s={search_term_string}\"},\"query-input\":{\"@type\":\"PropertyValueSpecification\",\"valueRequired\":true,\"valueName\":\"search_term_string\"}}],\"inLanguage\":\"pt-BR\"}]}<\/script>\n<!-- \/ Yoast SEO plugin. -->","yoast_head_json":{"title":"Boletim .gps #08 - Jornadas EBP RIO e ICPRJ","robots":{"index":"index","follow":"follow","max-snippet":"max-snippet:-1","max-image-preview":"max-image-preview:large","max-video-preview":"max-video-preview:-1"},"canonical":"https:\/\/jornadasebprioicprj.com.br\/2021\/boletim-gps\/boletim-gps-08\/","og_locale":"pt_BR","og_type":"article","og_title":"Boletim .gps #08 - Jornadas EBP RIO e ICPRJ","og_description":"[vc_row row_type=&#8221;main-section&#8221; wr_background_img=&#8221;40&#8243;][vc_column][vc_single_image image=&#8221;613&#8243; img_size=&#8221;full&#8221; alignment=&#8221;right&#8221;][\/vc_column][\/vc_row][vc_row][vc_column][vc_empty_space height=&#8221;50px&#8221;][vc_column_text]Boletim#8\u00a0[\/vc_column_text][vc_empty_space height=&#8221;50px&#8221;][vc_column_text]Editorial\u00a0 Por Cristina Duba Nossas Jornadas Cl\u00ednicas se aproximam. Em tempos excepcionais de pandemia, quando se torna mais evidente a precariedade de nossas rotinas (no mais amplo sentido) para fazer face \u00e0s surpresas da vida, nos vimos convocados a recolher os rastros desse estremecimento, suas marcas e nomes. [&hellip;]","og_url":"https:\/\/jornadasebprioicprj.com.br\/2021\/boletim-gps\/boletim-gps-08\/","og_site_name":"Jornadas EBP RIO e ICPRJ","article_modified_time":"2021-09-16T07:59:52+00:00","twitter_card":"summary_large_image","twitter_misc":{"Est. tempo de leitura":"2 minutos"},"schema":{"@context":"https:\/\/schema.org","@graph":[{"@type":"WebPage","@id":"https:\/\/jornadasebprioicprj.com.br\/2021\/boletim-gps\/boletim-gps-08\/","url":"https:\/\/jornadasebprioicprj.com.br\/2021\/boletim-gps\/boletim-gps-08\/","name":"Boletim .gps #08 - Jornadas EBP RIO e ICPRJ","isPartOf":{"@id":"https:\/\/jornadasebprioicprj.com.br\/2021\/#website"},"datePublished":"2021-09-14T10:01:09+00:00","dateModified":"2021-09-16T07:59:52+00:00","breadcrumb":{"@id":"https:\/\/jornadasebprioicprj.com.br\/2021\/boletim-gps\/boletim-gps-08\/#breadcrumb"},"inLanguage":"pt-BR","potentialAction":[{"@type":"ReadAction","target":["https:\/\/jornadasebprioicprj.com.br\/2021\/boletim-gps\/boletim-gps-08\/"]}]},{"@type":"BreadcrumbList","@id":"https:\/\/jornadasebprioicprj.com.br\/2021\/boletim-gps\/boletim-gps-08\/#breadcrumb","itemListElement":[{"@type":"ListItem","position":1,"name":"In\u00edcio","item":"https:\/\/jornadasebprioicprj.com.br\/2021\/"},{"@type":"ListItem","position":2,"name":"Boletim .gps","item":"https:\/\/jornadasebprioicprj.com.br\/2021\/boletim-gps\/"},{"@type":"ListItem","position":3,"name":"Boletim .gps #08"}]},{"@type":"WebSite","@id":"https:\/\/jornadasebprioicprj.com.br\/2021\/#website","url":"https:\/\/jornadasebprioicprj.com.br\/2021\/","name":"Jornadas EBP RIO e ICPRJ","description":"Escola Brasileira de Psican\u00e1lise","potentialAction":[{"@type":"SearchAction","target":{"@type":"EntryPoint","urlTemplate":"https:\/\/jornadasebprioicprj.com.br\/2021\/?s={search_term_string}"},"query-input":{"@type":"PropertyValueSpecification","valueRequired":true,"valueName":"search_term_string"}}],"inLanguage":"pt-BR"}]}},"_links":{"self":[{"href":"https:\/\/jornadasebprioicprj.com.br\/2021\/wp-json\/wp\/v2\/pages\/675","targetHints":{"allow":["GET"]}}],"collection":[{"href":"https:\/\/jornadasebprioicprj.com.br\/2021\/wp-json\/wp\/v2\/pages"}],"about":[{"href":"https:\/\/jornadasebprioicprj.com.br\/2021\/wp-json\/wp\/v2\/types\/page"}],"author":[{"embeddable":true,"href":"https:\/\/jornadasebprioicprj.com.br\/2021\/wp-json\/wp\/v2\/users\/1"}],"replies":[{"embeddable":true,"href":"https:\/\/jornadasebprioicprj.com.br\/2021\/wp-json\/wp\/v2\/comments?post=675"}],"version-history":[{"count":7,"href":"https:\/\/jornadasebprioicprj.com.br\/2021\/wp-json\/wp\/v2\/pages\/675\/revisions"}],"predecessor-version":[{"id":684,"href":"https:\/\/jornadasebprioicprj.com.br\/2021\/wp-json\/wp\/v2\/pages\/675\/revisions\/684"}],"up":[{"embeddable":true,"href":"https:\/\/jornadasebprioicprj.com.br\/2021\/wp-json\/wp\/v2\/pages\/11"}],"wp:attachment":[{"href":"https:\/\/jornadasebprioicprj.com.br\/2021\/wp-json\/wp\/v2\/media?parent=675"}],"curies":[{"name":"wp","href":"https:\/\/api.w.org\/{rel}","templated":true}]}}

[vc_row row_type=&#8221;main-section&#8221; wr_background_img=&#8221;40&#8243;][vc_column][vc_single_image image=&#8221;613&#8243; img_size=&#8221;full&#8221; alignment=&#8221;right&#8221;][/vc_column][/vc_row][vc_row][vc_column][vc_empty_space height=&#8221;50px&#8221;][vc_column_text]<span style="font-family: american-type; font-size: 36pt;">Boletim#8 </span>[/vc_column_text][vc_empty_space height=&#8221;50px&#8221;][vc_column_text]<span style="font-family: american-type; font-size: 24pt;">Editorial </span></p>
<h6><em>Por Cristina Duba</em></h6>
<p><span style="font-size: 36pt;">N</span>ossas <a href="https://www.jornadasebprioicprj.com.br/2021">Jornadas Clínicas</a> se aproximam.</p>
<p>Em tempos excepcionais de pandemia, quando se torna mais evidente a precariedade de nossas rotinas (no mais amplo sentido) para fazer face às surpresas da vida, nos vimos convocados a recolher os rastros desse estremecimento, suas marcas e nomes.</p>
<p>É com esse espírito que receberemos no próximo sábado, com muito entusiasmo pela força de sua transmissão, Fabián Fajnwaks, nosso colega da ECF/AMP, que nos falará sobre as <strong>nomeações queer</strong>.</p>
<p>Advindas da apropriação de um insulto – “queer” -, essas nomeações se instauram justamente a partir da designação de um resíduo não assimilado, no ser do sujeito, pelos ideais e normas em vigor. Torna-se assim possível, a partir desse resto, a invenção de nomes para formas de existência que se multiplicam e se diversificam fora da lógica binária que ordena o sexual. Além disso, essas nomeações, à medida em que guardam a marca de uma resposta ao movimento de assimilação das homossexualidades às normas e ideais binários, podem dessa maneira alcançar formas de legitimação e expressão.</p>
<p>Concluímos por ora, neste momento anterior ao que poderemos aprender neste sábado, com Fabián Fajnwaks e todos os colegas, que a clínica psicanalítica não pode se furtar a esse encontro com isto que os estudos e a experiência “queer” nos indica e promove. E que não é de nenhuma forma estranho à psicanálise.</p>
<p>Até lá.[/vc_column_text][vc_empty_space height=&#8221;50px&#8221;][vc_separator][vc_empty_space height=&#8221;50px&#8221;][vc_column_text]
<h3><span style="font-family: american-type;">VÍDEO</span></h3>
[/vc_column_text][vc_empty_space height=&#8221;50px&#8221;][vc_column_text]<span style="font-size: 36pt;">S</span>egue o vídeo convite para a preparatória das XXVIII Jornadas Clínicas da EBP Rio e ICP-RJ <em>Os nomes da vida, marcas da pandemia</em>.[/vc_column_text][vc_empty_space height=&#8221;50px&#8221;][vc_single_image image=&#8221;676&#8243; img_size=&#8221;full&#8221; onclick=&#8221;custom_link&#8221; img_link_target=&#8221;_blank&#8221; link=&#8221;https://youtu.be/DljMkDRD9lE&#8221;][vc_empty_space height=&#8221;50px&#8221;][vc_separator][vc_empty_space height=&#8221;50px&#8221;][vc_column_text]
<ul>
<li>Veja e ouça a o vídeo convite da preparatória das Jornadas clicando neste link: <a href="https://youtu.be/DljMkDRD9lE">https://youtu.be/DljMkDRD9lE</a></li>
<li>Veja o site das Jornadas clicando neste link: <a href="https://jornadasebprioicprj.com.br/2021/">https://jornadasebprioicprj.com.br/2021/</a></li>
<li>Inscreva-se nas Jornadas aqui: <a href="https://jornadasebprioicprj.com.br/2021/inscricoes/">https://jornadasebprioicprj.com.br/2021/inscricoes/</a></li>
<li>Veja como enviar seu trabalho neste link: <a href="https://jornadasebprioicprj.com.br/2021/envio-de-trabalhos/">https://jornadasebprioicprj.com.br/2021/envio-de-trabalhos/</a></li>
<li>Veja e ouça a podcast das Jornadas clicando neste link: <a href="http://shorturl.at/bisKZ">shorturl.at/bisKZ</a></li>
<li>Veja e ouça a playlist das Jornadas clicando neste link: <a href="http://www.shorturl.at/bhyG8">shorturl.at/bhyG8</a></li>
<li>Acesse o perfil das Jornadas no Instagram neste link: <a href="https://www.instagram.com/jornadasebprioicprj/">https://www.instagram.com/jornadasebprioicprj/</a></li>
</ul>
[/vc_column_text][/vc_column][/vc_row]

<p>[vc_row row_type=&#8221;main-section&#8221; wr_background_img=&#8221;40&#8243;][vc_column][vc_single_image image=&#8221;613&#8243; img_size=&#8221;full&#8221; alignment=&#8221;right&#8221;][/vc_column][/vc_row][vc_row][vc_column][vc_empty_space height=&#8221;50px&#8221;][vc_column_text]Boletim#8 [/vc_column_text][vc_empty_space height=&#8221;50px&#8221;][vc_column_text]Editorial  Por Cristina Duba Nossas Jornadas Clínicas se aproximam. Em tempos excepcionais de pandemia, quando se torna mais evidente a precariedade de nossas rotinas (no mais amplo sentido) para fazer face às surpresas da vida, nos vimos convocados a recolher os rastros desse estremecimento, suas marcas e nomes. [&hellip;]</p>

<!-- This site is optimized with the Yoast SEO plugin v27.5 - https://yoast.com/product/yoast-seo-wordpress/ -->
<title>Boletim .gps #08 - Jornadas EBP RIO e ICPRJ</title>
<meta name="robots" content="index, follow, max-snippet:-1, max-image-preview:large, max-video-preview:-1" />
<link rel="canonical" href="https://jornadasebprioicprj.com.br/2021/boletim-gps/boletim-gps-08/" />
<meta property="og:locale" content="pt_BR" />
<meta property="og:type" content="article" />
<meta property="og:title" content="Boletim .gps #08 - Jornadas EBP RIO e ICPRJ" />
<meta property="og:description" content="[vc_row row_type=&#8221;main-section&#8221; wr_background_img=&#8221;40&#8243;][vc_column][vc_single_image image=&#8221;613&#8243; img_size=&#8221;full&#8221; alignment=&#8221;right&#8221;][/vc_column][/vc_row][vc_row][vc_column][vc_empty_space height=&#8221;50px&#8221;][vc_column_text]Boletim#8 [/vc_column_text][vc_empty_space height=&#8221;50px&#8221;][vc_column_text]Editorial  Por Cristina Duba Nossas Jornadas Clínicas se aproximam. Em tempos excepcionais de pandemia, quando se torna mais evidente a precariedade de nossas rotinas (no mais amplo sentido) para fazer face às surpresas da vida, nos vimos convocados a recolher os rastros desse estremecimento, suas marcas e nomes. [&hellip;]" />
<meta property="og:url" content="https://jornadasebprioicprj.com.br/2021/boletim-gps/boletim-gps-08/" />
<meta property="og:site_name" content="Jornadas EBP RIO e ICPRJ" />
<meta property="article:modified_time" content="2021-09-16T07:59:52+00:00" />
<meta name="twitter:card" content="summary_large_image" />
<meta name="twitter:label1" content="Est. tempo de leitura" />
	<meta name="twitter:data1" content="2 minutos" />
<script type="application/ld+json" class="yoast-schema-graph">{"@context":"https:\/\/schema.org","@graph":[{"@type":"WebPage","@id":"https:\/\/jornadasebprioicprj.com.br\/2021\/boletim-gps\/boletim-gps-08\/","url":"https:\/\/jornadasebprioicprj.com.br\/2021\/boletim-gps\/boletim-gps-08\/","name":"Boletim .gps #08 - Jornadas EBP RIO e ICPRJ","isPartOf":{"@id":"https:\/\/jornadasebprioicprj.com.br\/2021\/#website"},"datePublished":"2021-09-14T10:01:09+00:00","dateModified":"2021-09-16T07:59:52+00:00","breadcrumb":{"@id":"https:\/\/jornadasebprioicprj.com.br\/2021\/boletim-gps\/boletim-gps-08\/#breadcrumb"},"inLanguage":"pt-BR","potentialAction":[{"@type":"ReadAction","target":["https:\/\/jornadasebprioicprj.com.br\/2021\/boletim-gps\/boletim-gps-08\/"]}]},{"@type":"BreadcrumbList","@id":"https:\/\/jornadasebprioicprj.com.br\/2021\/boletim-gps\/boletim-gps-08\/#breadcrumb","itemListElement":[{"@type":"ListItem","position":1,"name":"Início","item":"https:\/\/jornadasebprioicprj.com.br\/2021\/"},{"@type":"ListItem","position":2,"name":"Boletim .gps","item":"https:\/\/jornadasebprioicprj.com.br\/2021\/boletim-gps\/"},{"@type":"ListItem","position":3,"name":"Boletim .gps #08"}]},{"@type":"WebSite","@id":"https:\/\/jornadasebprioicprj.com.br\/2021\/#website","url":"https:\/\/jornadasebprioicprj.com.br\/2021\/","name":"Jornadas EBP RIO e ICPRJ","description":"Escola Brasileira de Psicanálise","potentialAction":[{"@type":"SearchAction","target":{"@type":"EntryPoint","urlTemplate":"https:\/\/jornadasebprioicprj.com.br\/2021\/?s={search_term_string}"},"query-input":{"@type":"PropertyValueSpecification","valueRequired":true,"valueName":"search_term_string"}}],"inLanguage":"pt-BR"}]}</script>
<!-- / Yoast SEO plugin. -->

[vc_row row_type=&#8221;main-section&#8221; wr_background_img=&#8221;40&#8243;][vc_column][vc_single_image image=&#8221;613&#8243; img_size=&#8221;full&#8221; alignment=&#8221;right&#8221;][/vc_column][/vc_row][vc_row][vc_column][vc_empty_space height=&#8221;50px&#8221;][vc_column_text]Boletim#8 [/vc_column_text][vc_empty_space height=&#8221;50px&#8221;][vc_column_text]Editorial  Por Cristina Duba Nossas Jornadas Clínicas se aproximam. Em tempos excepcionais de pandemia, quando se torna mais evidente a precariedade de nossas rotinas (no mais amplo sentido) para fazer face às surpresas da vida, nos vimos convocados a recolher os rastros desse estremecimento, suas marcas e nomes. [&hellip;]

Início

Escola Brasileira de Psicanálise
