{"id":631,"date":"2021-08-19T11:23:15","date_gmt":"2021-08-19T14:23:15","guid":{"rendered":"https:\/\/jornadasebprioicprj.com.br\/2021\/?page_id=631"},"modified":"2021-08-25T08:30:58","modified_gmt":"2021-08-25T11:30:58","slug":"boletim-gps-05","status":"publish","type":"page","link":"https:\/\/jornadasebprioicprj.com.br\/2021\/boletim-gps\/boletim-gps-05\/","title":{"rendered":"Boletim .gps #05"},"content":{"rendered":"[vc_row row_type=&#8221;main-section&#8221; wr_background_img=&#8221;40&#8243;][vc_column][vc_single_image image=&#8221;613&#8243; img_size=&#8221;full&#8221; alignment=&#8221;right&#8221;][\/vc_column][\/vc_row][vc_row][vc_column][vc_empty_space height=&#8221;50px&#8221;][vc_column_text]<span style=\"font-family: american-type; font-size: 36pt;\">Boletim#5\u00a0<\/span>[\/vc_column_text][vc_empty_space height=&#8221;50px&#8221;][vc_column_text]\n<p><span style=\"font-family: american-type; font-size: 24pt;\">Editorial\u00a0<\/span><\/p>\n<p>&nbsp;<\/p>\n<p><span style=\"font-size: 36pt;\">C<\/span>hegamos a um momento importante! Tempo de abertura, de abrir caminhos, produzir marcas entre n\u00f3s e o Outro. Momento em que somos chamados ao trabalho e a pensar, a partir dos eixos tem\u00e1ticos, quais marcas colocaremos nessas Jornadas. Os cursos do\u00a0 ICP-RJ, oferecidos na ocasi\u00e3o, nos convidam a trabalhar temas instigantes e relevantes. Contamos com a participa\u00e7\u00e3o de\u00a0 todos! Inscrevam-se!<br \/>\nAs inscri\u00e7\u00f5es para as XXVIII Jornadas Cl\u00ednicas da Escola Brasileira de Psican\u00e1lise EBP Rio\/ICP- RJ <em>OS NOMES DA VIDA, marcas da pandemia,<\/em>\u00a0est\u00e3o abertas. Para maiores informa\u00e7\u00f5es, acesse este\u00a0<a href=\"https:\/\/jornadasebprioicprj.com.br\/2021\/inscricoes\/\">link<\/a>.<br \/>\nNo ato da inscri\u00e7\u00e3o, todos poder\u00e3o escolher um dos cursos do ICP-RJ. Veja a ementa neste <a href=\"https:\/\/jornadasebprioicprj.com.br\/2021\/cursos-do-icp\/\">link<\/a>.<br \/>\nConvidamos a todos para assistir ao v\u00eddeo abaixo do Coletivo de artistas OPAVIVAR\u00c1!<\/p>\n[\/vc_column_text][vc_empty_space height=&#8221;50px&#8221;][vc_separator][vc_video link=&#8221;https:\/\/www.youtube.com\/watch?v=cBWadsU_zrg&#8221; align=&#8221;center&#8221;][vc_separator][vc_empty_space height=&#8221;50px&#8221;][\/vc_column][\/vc_row]\n","protected":false},"excerpt":{"rendered":"<p>[vc_row row_type=&#8221;main-section&#8221; wr_background_img=&#8221;40&#8243;][vc_column][vc_single_image image=&#8221;613&#8243; img_size=&#8221;full&#8221; alignment=&#8221;right&#8221;][\/vc_column][\/vc_row][vc_row][vc_column][vc_empty_space height=&#8221;50px&#8221;][vc_column_text]Boletim#5\u00a0[\/vc_column_text][vc_empty_space height=&#8221;50px&#8221;][vc_column_text] Editorial\u00a0 &nbsp; Chegamos a um momento importante! Tempo de abertura, de abrir caminhos, produzir marcas entre n\u00f3s e o Outro. Momento em que somos chamados ao trabalho e a pensar, a partir dos eixos tem\u00e1ticos, quais marcas colocaremos nessas Jornadas. Os cursos do\u00a0 ICP-RJ, oferecidos na ocasi\u00e3o, [&hellip;]<\/p>\n","protected":false},"author":1,"featured_media":0,"parent":11,"menu_order":0,"comment_status":"closed","ping_status":"closed","template":"","meta":{"footnotes":""},"class_list":["post-631","page","type-page","status-publish","hentry"],"yoast_head":"<!-- This site is optimized with the Yoast SEO plugin v27.5 - https:\/\/yoast.com\/product\/yoast-seo-wordpress\/ -->\n<title>Boletim .gps #05 - Jornadas EBP RIO e ICPRJ<\/title>\n<meta name=\"robots\" content=\"index, follow, max-snippet:-1, max-image-preview:large, max-video-preview:-1\" \/>\n<link rel=\"canonical\" href=\"https:\/\/jornadasebprioicprj.com.br\/2021\/boletim-gps\/boletim-gps-05\/\" \/>\n<meta property=\"og:locale\" content=\"pt_BR\" \/>\n<meta property=\"og:type\" content=\"article\" \/>\n<meta property=\"og:title\" content=\"Boletim .gps #05 - Jornadas EBP RIO e ICPRJ\" \/>\n<meta property=\"og:description\" content=\"[vc_row row_type=&#8221;main-section&#8221; wr_background_img=&#8221;40&#8243;][vc_column][vc_single_image image=&#8221;613&#8243; img_size=&#8221;full&#8221; alignment=&#8221;right&#8221;][\/vc_column][\/vc_row][vc_row][vc_column][vc_empty_space height=&#8221;50px&#8221;][vc_column_text]Boletim#5\u00a0[\/vc_column_text][vc_empty_space height=&#8221;50px&#8221;][vc_column_text] Editorial\u00a0 &nbsp; Chegamos a um momento importante! Tempo de abertura, de abrir caminhos, produzir marcas entre n\u00f3s e o Outro. Momento em que somos chamados ao trabalho e a pensar, a partir dos eixos tem\u00e1ticos, quais marcas colocaremos nessas Jornadas. Os cursos do\u00a0 ICP-RJ, oferecidos na ocasi\u00e3o, [&hellip;]\" \/>\n<meta property=\"og:url\" content=\"https:\/\/jornadasebprioicprj.com.br\/2021\/boletim-gps\/boletim-gps-05\/\" \/>\n<meta property=\"og:site_name\" content=\"Jornadas EBP RIO e ICPRJ\" \/>\n<meta property=\"article:modified_time\" content=\"2021-08-25T11:30:58+00:00\" \/>\n<meta name=\"twitter:card\" content=\"summary_large_image\" \/>\n<meta name=\"twitter:label1\" content=\"Est. tempo de leitura\" \/>\n\t<meta name=\"twitter:data1\" content=\"1 minuto\" \/>\n<script type=\"application\/ld+json\" class=\"yoast-schema-graph\">{\"@context\":\"https:\\\/\\\/schema.org\",\"@graph\":[{\"@type\":\"WebPage\",\"@id\":\"https:\\\/\\\/jornadasebprioicprj.com.br\\\/2021\\\/boletim-gps\\\/boletim-gps-05\\\/\",\"url\":\"https:\\\/\\\/jornadasebprioicprj.com.br\\\/2021\\\/boletim-gps\\\/boletim-gps-05\\\/\",\"name\":\"Boletim .gps #05 - Jornadas EBP RIO e ICPRJ\",\"isPartOf\":{\"@id\":\"https:\\\/\\\/jornadasebprioicprj.com.br\\\/2021\\\/#website\"},\"datePublished\":\"2021-08-19T14:23:15+00:00\",\"dateModified\":\"2021-08-25T11:30:58+00:00\",\"breadcrumb\":{\"@id\":\"https:\\\/\\\/jornadasebprioicprj.com.br\\\/2021\\\/boletim-gps\\\/boletim-gps-05\\\/#breadcrumb\"},\"inLanguage\":\"pt-BR\",\"potentialAction\":[{\"@type\":\"ReadAction\",\"target\":[\"https:\\\/\\\/jornadasebprioicprj.com.br\\\/2021\\\/boletim-gps\\\/boletim-gps-05\\\/\"]}]},{\"@type\":\"BreadcrumbList\",\"@id\":\"https:\\\/\\\/jornadasebprioicprj.com.br\\\/2021\\\/boletim-gps\\\/boletim-gps-05\\\/#breadcrumb\",\"itemListElement\":[{\"@type\":\"ListItem\",\"position\":1,\"name\":\"In\u00edcio\",\"item\":\"https:\\\/\\\/jornadasebprioicprj.com.br\\\/2021\\\/\"},{\"@type\":\"ListItem\",\"position\":2,\"name\":\"Boletim .gps\",\"item\":\"https:\\\/\\\/jornadasebprioicprj.com.br\\\/2021\\\/boletim-gps\\\/\"},{\"@type\":\"ListItem\",\"position\":3,\"name\":\"Boletim .gps #05\"}]},{\"@type\":\"WebSite\",\"@id\":\"https:\\\/\\\/jornadasebprioicprj.com.br\\\/2021\\\/#website\",\"url\":\"https:\\\/\\\/jornadasebprioicprj.com.br\\\/2021\\\/\",\"name\":\"Jornadas EBP RIO e ICPRJ\",\"description\":\"Escola Brasileira de Psican\u00e1lise\",\"potentialAction\":[{\"@type\":\"SearchAction\",\"target\":{\"@type\":\"EntryPoint\",\"urlTemplate\":\"https:\\\/\\\/jornadasebprioicprj.com.br\\\/2021\\\/?s={search_term_string}\"},\"query-input\":{\"@type\":\"PropertyValueSpecification\",\"valueRequired\":true,\"valueName\":\"search_term_string\"}}],\"inLanguage\":\"pt-BR\"}]}<\/script>\n<!-- \/ Yoast SEO plugin. -->","yoast_head_json":{"title":"Boletim .gps #05 - Jornadas EBP RIO e ICPRJ","robots":{"index":"index","follow":"follow","max-snippet":"max-snippet:-1","max-image-preview":"max-image-preview:large","max-video-preview":"max-video-preview:-1"},"canonical":"https:\/\/jornadasebprioicprj.com.br\/2021\/boletim-gps\/boletim-gps-05\/","og_locale":"pt_BR","og_type":"article","og_title":"Boletim .gps #05 - Jornadas EBP RIO e ICPRJ","og_description":"[vc_row row_type=&#8221;main-section&#8221; wr_background_img=&#8221;40&#8243;][vc_column][vc_single_image image=&#8221;613&#8243; img_size=&#8221;full&#8221; alignment=&#8221;right&#8221;][\/vc_column][\/vc_row][vc_row][vc_column][vc_empty_space height=&#8221;50px&#8221;][vc_column_text]Boletim#5\u00a0[\/vc_column_text][vc_empty_space height=&#8221;50px&#8221;][vc_column_text] Editorial\u00a0 &nbsp; Chegamos a um momento importante! Tempo de abertura, de abrir caminhos, produzir marcas entre n\u00f3s e o Outro. Momento em que somos chamados ao trabalho e a pensar, a partir dos eixos tem\u00e1ticos, quais marcas colocaremos nessas Jornadas. Os cursos do\u00a0 ICP-RJ, oferecidos na ocasi\u00e3o, [&hellip;]","og_url":"https:\/\/jornadasebprioicprj.com.br\/2021\/boletim-gps\/boletim-gps-05\/","og_site_name":"Jornadas EBP RIO e ICPRJ","article_modified_time":"2021-08-25T11:30:58+00:00","twitter_card":"summary_large_image","twitter_misc":{"Est. tempo de leitura":"1 minuto"},"schema":{"@context":"https:\/\/schema.org","@graph":[{"@type":"WebPage","@id":"https:\/\/jornadasebprioicprj.com.br\/2021\/boletim-gps\/boletim-gps-05\/","url":"https:\/\/jornadasebprioicprj.com.br\/2021\/boletim-gps\/boletim-gps-05\/","name":"Boletim .gps #05 - Jornadas EBP RIO e ICPRJ","isPartOf":{"@id":"https:\/\/jornadasebprioicprj.com.br\/2021\/#website"},"datePublished":"2021-08-19T14:23:15+00:00","dateModified":"2021-08-25T11:30:58+00:00","breadcrumb":{"@id":"https:\/\/jornadasebprioicprj.com.br\/2021\/boletim-gps\/boletim-gps-05\/#breadcrumb"},"inLanguage":"pt-BR","potentialAction":[{"@type":"ReadAction","target":["https:\/\/jornadasebprioicprj.com.br\/2021\/boletim-gps\/boletim-gps-05\/"]}]},{"@type":"BreadcrumbList","@id":"https:\/\/jornadasebprioicprj.com.br\/2021\/boletim-gps\/boletim-gps-05\/#breadcrumb","itemListElement":[{"@type":"ListItem","position":1,"name":"In\u00edcio","item":"https:\/\/jornadasebprioicprj.com.br\/2021\/"},{"@type":"ListItem","position":2,"name":"Boletim .gps","item":"https:\/\/jornadasebprioicprj.com.br\/2021\/boletim-gps\/"},{"@type":"ListItem","position":3,"name":"Boletim .gps #05"}]},{"@type":"WebSite","@id":"https:\/\/jornadasebprioicprj.com.br\/2021\/#website","url":"https:\/\/jornadasebprioicprj.com.br\/2021\/","name":"Jornadas EBP RIO e ICPRJ","description":"Escola Brasileira de Psican\u00e1lise","potentialAction":[{"@type":"SearchAction","target":{"@type":"EntryPoint","urlTemplate":"https:\/\/jornadasebprioicprj.com.br\/2021\/?s={search_term_string}"},"query-input":{"@type":"PropertyValueSpecification","valueRequired":true,"valueName":"search_term_string"}}],"inLanguage":"pt-BR"}]}},"_links":{"self":[{"href":"https:\/\/jornadasebprioicprj.com.br\/2021\/wp-json\/wp\/v2\/pages\/631","targetHints":{"allow":["GET"]}}],"collection":[{"href":"https:\/\/jornadasebprioicprj.com.br\/2021\/wp-json\/wp\/v2\/pages"}],"about":[{"href":"https:\/\/jornadasebprioicprj.com.br\/2021\/wp-json\/wp\/v2\/types\/page"}],"author":[{"embeddable":true,"href":"https:\/\/jornadasebprioicprj.com.br\/2021\/wp-json\/wp\/v2\/users\/1"}],"replies":[{"embeddable":true,"href":"https:\/\/jornadasebprioicprj.com.br\/2021\/wp-json\/wp\/v2\/comments?post=631"}],"version-history":[{"count":1,"href":"https:\/\/jornadasebprioicprj.com.br\/2021\/wp-json\/wp\/v2\/pages\/631\/revisions"}],"predecessor-version":[{"id":632,"href":"https:\/\/jornadasebprioicprj.com.br\/2021\/wp-json\/wp\/v2\/pages\/631\/revisions\/632"}],"up":[{"embeddable":true,"href":"https:\/\/jornadasebprioicprj.com.br\/2021\/wp-json\/wp\/v2\/pages\/11"}],"wp:attachment":[{"href":"https:\/\/jornadasebprioicprj.com.br\/2021\/wp-json\/wp\/v2\/media?parent=631"}],"curies":[{"name":"wp","href":"https:\/\/api.w.org\/{rel}","templated":true}]}}

[vc_row row_type=&#8221;main-section&#8221; wr_background_img=&#8221;40&#8243;][vc_column][vc_single_image image=&#8221;613&#8243; img_size=&#8221;full&#8221; alignment=&#8221;right&#8221;][/vc_column][/vc_row][vc_row][vc_column][vc_empty_space height=&#8221;50px&#8221;][vc_column_text]<span style="font-family: american-type; font-size: 36pt;">Boletim#5 </span>[/vc_column_text][vc_empty_space height=&#8221;50px&#8221;][vc_column_text]
<p><span style="font-family: american-type; font-size: 24pt;">Editorial </span></p>
<p>&nbsp;</p>
<p><span style="font-size: 36pt;">C</span>hegamos a um momento importante! Tempo de abertura, de abrir caminhos, produzir marcas entre nós e o Outro. Momento em que somos chamados ao trabalho e a pensar, a partir dos eixos temáticos, quais marcas colocaremos nessas Jornadas. Os cursos do  ICP-RJ, oferecidos na ocasião, nos convidam a trabalhar temas instigantes e relevantes. Contamos com a participação de  todos! Inscrevam-se!<br />
As inscrições para as XXVIII Jornadas Clínicas da Escola Brasileira de Psicanálise EBP Rio/ICP- RJ <em>OS NOMES DA VIDA, marcas da pandemia,</em> estão abertas. Para maiores informações, acesse este <a href="https://jornadasebprioicprj.com.br/2021/inscricoes/">link</a>.<br />
No ato da inscrição, todos poderão escolher um dos cursos do ICP-RJ. Veja a ementa neste <a href="https://jornadasebprioicprj.com.br/2021/cursos-do-icp/">link</a>.<br />
Convidamos a todos para assistir ao vídeo abaixo do Coletivo de artistas OPAVIVARÁ!</p>
[/vc_column_text][vc_empty_space height=&#8221;50px&#8221;][vc_separator][vc_video link=&#8221;https://www.youtube.com/watch?v=cBWadsU_zrg&#8221; align=&#8221;center&#8221;][vc_separator][vc_empty_space height=&#8221;50px&#8221;][/vc_column][/vc_row]

<p>[vc_row row_type=&#8221;main-section&#8221; wr_background_img=&#8221;40&#8243;][vc_column][vc_single_image image=&#8221;613&#8243; img_size=&#8221;full&#8221; alignment=&#8221;right&#8221;][/vc_column][/vc_row][vc_row][vc_column][vc_empty_space height=&#8221;50px&#8221;][vc_column_text]Boletim#5 [/vc_column_text][vc_empty_space height=&#8221;50px&#8221;][vc_column_text] Editorial  &nbsp; Chegamos a um momento importante! Tempo de abertura, de abrir caminhos, produzir marcas entre nós e o Outro. Momento em que somos chamados ao trabalho e a pensar, a partir dos eixos temáticos, quais marcas colocaremos nessas Jornadas. Os cursos do  ICP-RJ, oferecidos na ocasião, [&hellip;]</p>

<!-- This site is optimized with the Yoast SEO plugin v27.5 - https://yoast.com/product/yoast-seo-wordpress/ -->
<title>Boletim .gps #05 - Jornadas EBP RIO e ICPRJ</title>
<meta name="robots" content="index, follow, max-snippet:-1, max-image-preview:large, max-video-preview:-1" />
<link rel="canonical" href="https://jornadasebprioicprj.com.br/2021/boletim-gps/boletim-gps-05/" />
<meta property="og:locale" content="pt_BR" />
<meta property="og:type" content="article" />
<meta property="og:title" content="Boletim .gps #05 - Jornadas EBP RIO e ICPRJ" />
<meta property="og:description" content="[vc_row row_type=&#8221;main-section&#8221; wr_background_img=&#8221;40&#8243;][vc_column][vc_single_image image=&#8221;613&#8243; img_size=&#8221;full&#8221; alignment=&#8221;right&#8221;][/vc_column][/vc_row][vc_row][vc_column][vc_empty_space height=&#8221;50px&#8221;][vc_column_text]Boletim#5 [/vc_column_text][vc_empty_space height=&#8221;50px&#8221;][vc_column_text] Editorial  &nbsp; Chegamos a um momento importante! Tempo de abertura, de abrir caminhos, produzir marcas entre nós e o Outro. Momento em que somos chamados ao trabalho e a pensar, a partir dos eixos temáticos, quais marcas colocaremos nessas Jornadas. Os cursos do  ICP-RJ, oferecidos na ocasião, [&hellip;]" />
<meta property="og:url" content="https://jornadasebprioicprj.com.br/2021/boletim-gps/boletim-gps-05/" />
<meta property="og:site_name" content="Jornadas EBP RIO e ICPRJ" />
<meta property="article:modified_time" content="2021-08-25T11:30:58+00:00" />
<meta name="twitter:card" content="summary_large_image" />
<meta name="twitter:label1" content="Est. tempo de leitura" />
	<meta name="twitter:data1" content="1 minuto" />
<script type="application/ld+json" class="yoast-schema-graph">{"@context":"https:\/\/schema.org","@graph":[{"@type":"WebPage","@id":"https:\/\/jornadasebprioicprj.com.br\/2021\/boletim-gps\/boletim-gps-05\/","url":"https:\/\/jornadasebprioicprj.com.br\/2021\/boletim-gps\/boletim-gps-05\/","name":"Boletim .gps #05 - Jornadas EBP RIO e ICPRJ","isPartOf":{"@id":"https:\/\/jornadasebprioicprj.com.br\/2021\/#website"},"datePublished":"2021-08-19T14:23:15+00:00","dateModified":"2021-08-25T11:30:58+00:00","breadcrumb":{"@id":"https:\/\/jornadasebprioicprj.com.br\/2021\/boletim-gps\/boletim-gps-05\/#breadcrumb"},"inLanguage":"pt-BR","potentialAction":[{"@type":"ReadAction","target":["https:\/\/jornadasebprioicprj.com.br\/2021\/boletim-gps\/boletim-gps-05\/"]}]},{"@type":"BreadcrumbList","@id":"https:\/\/jornadasebprioicprj.com.br\/2021\/boletim-gps\/boletim-gps-05\/#breadcrumb","itemListElement":[{"@type":"ListItem","position":1,"name":"Início","item":"https:\/\/jornadasebprioicprj.com.br\/2021\/"},{"@type":"ListItem","position":2,"name":"Boletim .gps","item":"https:\/\/jornadasebprioicprj.com.br\/2021\/boletim-gps\/"},{"@type":"ListItem","position":3,"name":"Boletim .gps #05"}]},{"@type":"WebSite","@id":"https:\/\/jornadasebprioicprj.com.br\/2021\/#website","url":"https:\/\/jornadasebprioicprj.com.br\/2021\/","name":"Jornadas EBP RIO e ICPRJ","description":"Escola Brasileira de Psicanálise","potentialAction":[{"@type":"SearchAction","target":{"@type":"EntryPoint","urlTemplate":"https:\/\/jornadasebprioicprj.com.br\/2021\/?s={search_term_string}"},"query-input":{"@type":"PropertyValueSpecification","valueRequired":true,"valueName":"search_term_string"}}],"inLanguage":"pt-BR"}]}</script>
<!-- / Yoast SEO plugin. -->

[vc_row row_type=&#8221;main-section&#8221; wr_background_img=&#8221;40&#8243;][vc_column][vc_single_image image=&#8221;613&#8243; img_size=&#8221;full&#8221; alignment=&#8221;right&#8221;][/vc_column][/vc_row][vc_row][vc_column][vc_empty_space height=&#8221;50px&#8221;][vc_column_text]Boletim#5 [/vc_column_text][vc_empty_space height=&#8221;50px&#8221;][vc_column_text] Editorial  &nbsp; Chegamos a um momento importante! Tempo de abertura, de abrir caminhos, produzir marcas entre nós e o Outro. Momento em que somos chamados ao trabalho e a pensar, a partir dos eixos temáticos, quais marcas colocaremos nessas Jornadas. Os cursos do  ICP-RJ, oferecidos na ocasião, [&hellip;]

Início

Escola Brasileira de Psicanálise
