{"id":455,"date":"2021-08-12T11:53:21","date_gmt":"2021-08-12T14:53:21","guid":{"rendered":"https:\/\/jornadasebprioicprj.com.br\/2021\/?page_id=455"},"modified":"2021-08-25T08:30:58","modified_gmt":"2021-08-25T11:30:58","slug":"boletim-gps04","status":"publish","type":"page","link":"https:\/\/jornadasebprioicprj.com.br\/2021\/boletim-gps\/boletim-gps04\/","title":{"rendered":"Boletim .gps #04"},"content":{"rendered":"[vc_row row_type=&#8221;main-section&#8221; wr_background_img=&#8221;40&#8243;][vc_column][vc_single_image image=&#8221;613&#8243; img_size=&#8221;full&#8221; alignment=&#8221;right&#8221;][\/vc_column][\/vc_row][vc_row][vc_column][vc_empty_space height=&#8221;50px&#8221;][vc_column_text]\n<p><span style=\"font-family: american-type; font-size: 36pt;\">Boletim#4\u00a0<\/span><\/p>\n[\/vc_column_text][vc_empty_space height=&#8221;50px&#8221;][vc_column_text]\n<p>&nbsp;<\/p>\n<p><span style=\"font-family: american-type; font-size: 24pt;\">Editorial\u00a0<\/span><\/p>\n<p><em>Por Larissa Pinto | <\/em>Integrante da Comiss\u00e3o de m\u00eddias das XXVIII Jornadas Cl\u00ednicas da EBP-Rio e do ICP RJ<\/p>\n<p>&nbsp;<\/p>\n<p><span style=\"font-family: american-type; font-size: 36pt;\">S<\/span>eguindo as coordenadas do nosso percurso-jornadas, o .<span style=\"font-family: american-type;\">gps<\/span> #4 convida a todos para o lan\u00e7amento do site das XXVIII Jornadas Cl\u00ednicas. Esse site \u00e9 como um ponto de parada e retorno, com informa\u00e7\u00f5es, dizeres, refer\u00eancias e resson\u00e2ncias dos muitos encontros que compreendem a constru\u00e7\u00e3o das Jornadas Cl\u00ednicas. Com seu lan\u00e7amento, hoje, podemos acompanhar os textos e refer\u00eancias de orienta\u00e7\u00e3o para as Jornadas, elaborados pela Comiss\u00e3o Cient\u00edfica, a apresenta\u00e7\u00e3o das Jornadas pela coordenadora geral, F\u00e1tima Pinheiro, bem como todos os textos j\u00e1 publicados nos boletins .<span style=\"font-family: american-type;\">gps<\/span>. Neste boletim, contaremos com as resson\u00e2ncias de \u00c2ngela Negreiros, Lenita Bentes, Ana Beatriz Zimmermann e dois alunos do ICP-RJ, Sabrina Machado e Jo\u00e3o Luiz Nogueira.<\/p>\n<p>&nbsp;<\/p>\n[\/vc_column_text][vc_empty_space height=&#8221;50px&#8221;][vc_separator][vc_empty_space height=&#8221;50px&#8221;][vc_column_text]\n<p><span style=\"font-family: american-type; font-size: 24pt;\">Apresenta\u00e7\u00e3o<\/span><\/p>\n<p><em>Por F\u00e1tima Pinheiro | <\/em>Coordenadora geral das XXVIII Jornadas Cl\u00ednicas da EBP-Rio e do ICP RJ<\/p>\n<p>&nbsp;<\/p>\n<p><em>Algo \u00e9 o nome do homem<\/em><br \/>\n<em>Coisa \u00e9 o nome do homem<\/em><br \/>\n<em>Homem \u00e9 o nome do cara<\/em><br \/>\n<em>Isso \u00e9 o nome da coisa<\/em><br \/>\n<em>Cara \u00e9 o nome do rosto<\/em><br \/>\n<em>Fome \u00e9 o nome do mo\u00e7o<\/em><br \/>\n<em>Homem \u00e9 o nome do tro\u00e7o<\/em><br \/>\n<em>Osso \u00e9 o nome do f\u00f3ssil<\/em><br \/>\n<em>Corpo \u00e9 o nome do morto<\/em><br \/>\n<em>Homem \u00e9 o nome do outro<\/em><\/p>\n<p>&nbsp;<\/p>\n<p><span style=\"font-family: american-type; font-size: 36pt;\">O<\/span> poema de Arnaldo Antunes evidencia a articula\u00e7\u00e3o do nome com o imposs\u00edvel de dizer, e revela o furo de onde as inven\u00e7\u00f5es podem surgir, como t\u00e3o precisamente antecipa o argumento de nossas XXVIII Jornadas Cl\u00ednicas da EBP-Rio e ICP-RJ: \u201cOs nomes da vida \u2013\u00a0 marcas da pandemia\u201d.\u00a0<a href=\"https:\/\/jornadasebprioicprj.com.br\/2021\/as-jornadas\/apresentacao\/\" target=\"_blank\" rel=\"noopener\">[Leia +]<\/a><\/p>\n<div>\n<hr align=\"left\" size=\"1\" width=\"33%\" \/>\n<h6 id=\"ftn1\"><span style=\"font-size: 22px; font-family: NonBreakingSpaceOverride, 'Hoefler Text', 'Baskerville Old Face', Garamond, 'Times New Roman', serif;\">[\/vc_column_text][vc_empty_space height=&#8221;50px&#8221;][vc_separator][vc_empty_space height=&#8221;50px&#8221;][vc_column_text]<\/span><\/h6>\n<\/div>\n<p><span style=\"font-family: american-type; font-size: 24pt;\">Resson\u00e2ncias do lan\u00e7amento das XXVIII Jornadas<\/span><\/p>\n<p>&nbsp;<\/p>\n<p><span style=\"font-family: american-type; font-size: 18pt;\">Un estranho familiar<\/span><\/p>\n<p><em>Por Angela Negreiros<\/em> | Membro da EBP e da AMP<\/p>\n<p><span style=\"font-family: american-type; font-size: 36pt;\">N<\/span>osso estimado colega e vizinho \u00edntimo Fabi\u00e1n Naparstek nos visitou neste perto-longe em que nos encontramos. Foi um prazer v\u00ea-lo e ouvir suas palavras que teceram para n\u00f3s uma trama nova, mas que reconhecemos t\u00e3o antiga\u2026 Fabi\u00e1n nos revela que seu sobrenome \u00e9 relativo ao of\u00edcio de tecelagem de seus antepassados. O teaser da Jornada mostra a imagem de um tear que tece\u2026palavras! Escolhi, entre elas, falar um pouco justamente do car\u00e1ter da trama que se desenrola na pandemia e que nosso convidado nos apresenta de maneira particular: o estranho familiar. Os opostos que se entrela\u00e7am, o mais \u00edntimo e mais desconhecido, o fora que \u00e9 tamb\u00e9m dentro, o \u00eaxtimo, a liberdade entre quatro paredes, o que \u00e9 e n\u00e3o \u00e9 ao mesmo tempo. <a href=\"https:\/\/jornadasebprioicprj.com.br\/2021\/um-estranho-familiar\/\">[Leia +]<\/a><\/p>\n<p>&nbsp;<\/p>\n[\/vc_column_text][vc_empty_space height=&#8221;50px&#8221;][vc_separator][vc_empty_space height=&#8221;50px&#8221;][vc_column_text]\n<p><span style=\"font-family: american-type; font-size: 18pt;\">Mais pr\u00f3ximos e mais fechados<\/span><\/p>\n<p><em>Por Lenita Bentes<\/em> | Membro da EBP e da AMP<\/p>\n<p><span style=\"font-size: 36pt; font-family: american-type;\">F<\/span>oi no entorno das XXVIII jornadas da Se\u00e7\u00e3o-Rio que contamos com a presen\u00e7a do colega Fabi\u00e1n Naparstek, o qual nos brindou com uma excelente comunica\u00e7\u00e3o acerca dos Nomes da Vida. Referiu-se ao texto, Aporta Fechada, de Sartre em 1944 que, conversa com o atual momento indagando: como sair do fechamento, Imposto pela pandemia? <a href=\"https:\/\/jornadasebprioicprj.com.br\/2021\/o-amor-nome-da-vida\/\" target=\"_blank\" rel=\"noopener\">[Leia +]<\/a><\/p>\n<p>&nbsp;<\/p>\n[\/vc_column_text][vc_empty_space height=&#8221;50px&#8221;][vc_separator][vc_empty_space height=&#8221;50px&#8221;][vc_column_text]\n<p><span style=\"font-family: american-type; font-size: 18pt;\">\u201c\u00c9 o corpo que se tornou estrangeiro!\u201d\u00a0<\/span><\/p>\n<p><em>Por Ana Beatriz Zimmermann<\/em> | Integrante da Comiss\u00e3o de Infra-estrutura das XXVIII Jornadas Cl\u00ednicas da EBP-Rio e do ICP RJ<\/p>\n<p><span style=\"font-family: american-type; font-size: 36pt;\">O<\/span> estrangeiro n\u00e3o \u00e9 o outro, vai al\u00e9m de um idioma distinto\u2026 para a psican\u00e1lise tem a ver com o estranho em cada um, como nos ensinou Freud e, ao mesmo tempo, o que nos torna \u00fanicos, engendra a singularidade que cada um porta com as marcas que o significante produz no corpo. A marca do significante no corpo produz uma maneira de gozar no <em>parl\u00eatre<\/em>, sempre incompar\u00e1vel.\u00a0\u00a0<a href=\"https:\/\/jornadasebprioicprj.com.br\/2021\/e-o-corpo-que-se-tornou-estrangeiro-fabian-naspartek\/\" target=\"_blank\" rel=\"noopener\">[Leia +]<\/a><\/p>\n<p>&nbsp;<\/p>\n[\/vc_column_text][vc_empty_space height=&#8221;50px&#8221;][vc_separator][vc_empty_space height=&#8221;50px&#8221;][vc_column_text]\n<p><span style=\"font-family: american-type; font-size: 18pt;\">Essa metamorfose ambulante<\/span><\/p>\n<p><em>Por Jo\u00e3o Luiz Nogueira<\/em> | Aluno do Curso fundamental, turma de 2021<\/p>\n<p><span style=\"font-family: american-type; font-size: 36pt;\">F<\/span>abi\u00e1n Naparstek, convidado para o lan\u00e7amento da XXVIII Jornadas Cl\u00ednicas EBP Rio e ICP-RJ, Nomes da Vida &#8211; marcas da pandemia, nos fala sobre uma psican\u00e1lise na pandemia e na p\u00f3s-pandemia. Para isso, ele se orienta pelos 3 eixos de estrutura\u00e7\u00e3o dessa jornada.\u00a0<a href=\"https:\/\/jornadasebprioicprj.com.br\/2021\/essa-metamorfose-ambulante\/\" target=\"_blank\" rel=\"noopener\">[Leia +]<\/a><\/p>\n<p>&nbsp;<\/p>\n[\/vc_column_text][vc_empty_space height=&#8221;50px&#8221;][vc_separator][vc_empty_space height=&#8221;50px&#8221;][vc_column_text]\n<p><span style=\"font-family: american-type; font-size: 18pt;\">O corpo ainda mais estrangeiro<\/span><\/p>\n<p><em>Por Sabrina Machado<\/em> | <span style=\"font-family: 'Book Antiqua', Palatino;\">Aluna do Curso fundamental, turma de 2021<\/span><\/p>\n<p><span style=\"font-size: 36pt; font-family: american-type;\">N<\/span>aparstek destaca um maior estranhamento com rela\u00e7\u00e3o ao corpo, esse estranho que nos habita, durante a pandemia. Nesse momento, em suas palavras: <em>o grande Outro se faz cada vez mais virtual, mais pr\u00f3ximo do semblante, e o corpo se faz ainda mais estranho.<\/em>\u00a0<a href=\"https:\/\/jornadasebprioicprj.com.br\/2021\/o-corpo-ainda-mais-estrangeiro\/\" target=\"_blank\" rel=\"noopener\">[Leia +]<\/a>[\/vc_column_text][\/vc_column][\/vc_row]\n<p>&nbsp;<\/p>\n<p>&nbsp;<\/p>\n","protected":false},"excerpt":{"rendered":"<p>[vc_row row_type=&#8221;main-section&#8221; wr_background_img=&#8221;40&#8243;][vc_column][vc_single_image image=&#8221;613&#8243; img_size=&#8221;full&#8221; alignment=&#8221;right&#8221;][\/vc_column][\/vc_row][vc_row][vc_column][vc_empty_space height=&#8221;50px&#8221;][vc_column_text] Boletim#4\u00a0 [\/vc_column_text][vc_empty_space height=&#8221;50px&#8221;][vc_column_text] &nbsp; Editorial\u00a0 Por Larissa Pinto | Integrante da Comiss\u00e3o de m\u00eddias das XXVIII Jornadas Cl\u00ednicas da EBP-Rio e do ICP RJ &nbsp; Seguindo as coordenadas do nosso percurso-jornadas, o .gps #4 convida a todos para o lan\u00e7amento do site das XXVIII Jornadas Cl\u00ednicas. Esse site [&hellip;]<\/p>\n","protected":false},"author":1,"featured_media":0,"parent":11,"menu_order":0,"comment_status":"closed","ping_status":"closed","template":"","meta":{"footnotes":""},"class_list":["post-455","page","type-page","status-publish","hentry"],"yoast_head":"<!-- This site is optimized with the Yoast SEO plugin v27.5 - https:\/\/yoast.com\/product\/yoast-seo-wordpress\/ -->\n<title>Boletim .gps #04 - Jornadas EBP RIO e ICPRJ<\/title>\n<meta name=\"robots\" content=\"index, follow, max-snippet:-1, max-image-preview:large, max-video-preview:-1\" \/>\n<link rel=\"canonical\" href=\"https:\/\/jornadasebprioicprj.com.br\/2021\/boletim-gps\/boletim-gps04\/\" \/>\n<meta property=\"og:locale\" content=\"pt_BR\" \/>\n<meta property=\"og:type\" content=\"article\" \/>\n<meta property=\"og:title\" content=\"Boletim .gps #04 - Jornadas EBP RIO e ICPRJ\" \/>\n<meta property=\"og:description\" content=\"[vc_row row_type=&#8221;main-section&#8221; wr_background_img=&#8221;40&#8243;][vc_column][vc_single_image image=&#8221;613&#8243; img_size=&#8221;full&#8221; alignment=&#8221;right&#8221;][\/vc_column][\/vc_row][vc_row][vc_column][vc_empty_space height=&#8221;50px&#8221;][vc_column_text] Boletim#4\u00a0 [\/vc_column_text][vc_empty_space height=&#8221;50px&#8221;][vc_column_text] &nbsp; Editorial\u00a0 Por Larissa Pinto | Integrante da Comiss\u00e3o de m\u00eddias das XXVIII Jornadas Cl\u00ednicas da EBP-Rio e do ICP RJ &nbsp; Seguindo as coordenadas do nosso percurso-jornadas, o .gps #4 convida a todos para o lan\u00e7amento do site das XXVIII Jornadas Cl\u00ednicas. Esse site [&hellip;]\" \/>\n<meta property=\"og:url\" content=\"https:\/\/jornadasebprioicprj.com.br\/2021\/boletim-gps\/boletim-gps04\/\" \/>\n<meta property=\"og:site_name\" content=\"Jornadas EBP RIO e ICPRJ\" \/>\n<meta property=\"article:modified_time\" content=\"2021-08-25T11:30:58+00:00\" \/>\n<meta name=\"twitter:card\" content=\"summary_large_image\" \/>\n<meta name=\"twitter:label1\" content=\"Est. tempo de leitura\" \/>\n\t<meta name=\"twitter:data1\" content=\"4 minutos\" \/>\n<script type=\"application\/ld+json\" class=\"yoast-schema-graph\">{\"@context\":\"https:\\\/\\\/schema.org\",\"@graph\":[{\"@type\":\"WebPage\",\"@id\":\"https:\\\/\\\/jornadasebprioicprj.com.br\\\/2021\\\/boletim-gps\\\/boletim-gps04\\\/\",\"url\":\"https:\\\/\\\/jornadasebprioicprj.com.br\\\/2021\\\/boletim-gps\\\/boletim-gps04\\\/\",\"name\":\"Boletim .gps #04 - Jornadas EBP RIO e ICPRJ\",\"isPartOf\":{\"@id\":\"https:\\\/\\\/jornadasebprioicprj.com.br\\\/2021\\\/#website\"},\"datePublished\":\"2021-08-12T14:53:21+00:00\",\"dateModified\":\"2021-08-25T11:30:58+00:00\",\"breadcrumb\":{\"@id\":\"https:\\\/\\\/jornadasebprioicprj.com.br\\\/2021\\\/boletim-gps\\\/boletim-gps04\\\/#breadcrumb\"},\"inLanguage\":\"pt-BR\",\"potentialAction\":[{\"@type\":\"ReadAction\",\"target\":[\"https:\\\/\\\/jornadasebprioicprj.com.br\\\/2021\\\/boletim-gps\\\/boletim-gps04\\\/\"]}]},{\"@type\":\"BreadcrumbList\",\"@id\":\"https:\\\/\\\/jornadasebprioicprj.com.br\\\/2021\\\/boletim-gps\\\/boletim-gps04\\\/#breadcrumb\",\"itemListElement\":[{\"@type\":\"ListItem\",\"position\":1,\"name\":\"In\u00edcio\",\"item\":\"https:\\\/\\\/jornadasebprioicprj.com.br\\\/2021\\\/\"},{\"@type\":\"ListItem\",\"position\":2,\"name\":\"Boletim .gps\",\"item\":\"https:\\\/\\\/jornadasebprioicprj.com.br\\\/2021\\\/boletim-gps\\\/\"},{\"@type\":\"ListItem\",\"position\":3,\"name\":\"Boletim .gps #04\"}]},{\"@type\":\"WebSite\",\"@id\":\"https:\\\/\\\/jornadasebprioicprj.com.br\\\/2021\\\/#website\",\"url\":\"https:\\\/\\\/jornadasebprioicprj.com.br\\\/2021\\\/\",\"name\":\"Jornadas EBP RIO e ICPRJ\",\"description\":\"Escola Brasileira de Psican\u00e1lise\",\"potentialAction\":[{\"@type\":\"SearchAction\",\"target\":{\"@type\":\"EntryPoint\",\"urlTemplate\":\"https:\\\/\\\/jornadasebprioicprj.com.br\\\/2021\\\/?s={search_term_string}\"},\"query-input\":{\"@type\":\"PropertyValueSpecification\",\"valueRequired\":true,\"valueName\":\"search_term_string\"}}],\"inLanguage\":\"pt-BR\"}]}<\/script>\n<!-- \/ Yoast SEO plugin. -->","yoast_head_json":{"title":"Boletim .gps #04 - Jornadas EBP RIO e ICPRJ","robots":{"index":"index","follow":"follow","max-snippet":"max-snippet:-1","max-image-preview":"max-image-preview:large","max-video-preview":"max-video-preview:-1"},"canonical":"https:\/\/jornadasebprioicprj.com.br\/2021\/boletim-gps\/boletim-gps04\/","og_locale":"pt_BR","og_type":"article","og_title":"Boletim .gps #04 - Jornadas EBP RIO e ICPRJ","og_description":"[vc_row row_type=&#8221;main-section&#8221; wr_background_img=&#8221;40&#8243;][vc_column][vc_single_image image=&#8221;613&#8243; img_size=&#8221;full&#8221; alignment=&#8221;right&#8221;][\/vc_column][\/vc_row][vc_row][vc_column][vc_empty_space height=&#8221;50px&#8221;][vc_column_text] Boletim#4\u00a0 [\/vc_column_text][vc_empty_space height=&#8221;50px&#8221;][vc_column_text] &nbsp; Editorial\u00a0 Por Larissa Pinto | Integrante da Comiss\u00e3o de m\u00eddias das XXVIII Jornadas Cl\u00ednicas da EBP-Rio e do ICP RJ &nbsp; Seguindo as coordenadas do nosso percurso-jornadas, o .gps #4 convida a todos para o lan\u00e7amento do site das XXVIII Jornadas Cl\u00ednicas. Esse site [&hellip;]","og_url":"https:\/\/jornadasebprioicprj.com.br\/2021\/boletim-gps\/boletim-gps04\/","og_site_name":"Jornadas EBP RIO e ICPRJ","article_modified_time":"2021-08-25T11:30:58+00:00","twitter_card":"summary_large_image","twitter_misc":{"Est. tempo de leitura":"4 minutos"},"schema":{"@context":"https:\/\/schema.org","@graph":[{"@type":"WebPage","@id":"https:\/\/jornadasebprioicprj.com.br\/2021\/boletim-gps\/boletim-gps04\/","url":"https:\/\/jornadasebprioicprj.com.br\/2021\/boletim-gps\/boletim-gps04\/","name":"Boletim .gps #04 - Jornadas EBP RIO e ICPRJ","isPartOf":{"@id":"https:\/\/jornadasebprioicprj.com.br\/2021\/#website"},"datePublished":"2021-08-12T14:53:21+00:00","dateModified":"2021-08-25T11:30:58+00:00","breadcrumb":{"@id":"https:\/\/jornadasebprioicprj.com.br\/2021\/boletim-gps\/boletim-gps04\/#breadcrumb"},"inLanguage":"pt-BR","potentialAction":[{"@type":"ReadAction","target":["https:\/\/jornadasebprioicprj.com.br\/2021\/boletim-gps\/boletim-gps04\/"]}]},{"@type":"BreadcrumbList","@id":"https:\/\/jornadasebprioicprj.com.br\/2021\/boletim-gps\/boletim-gps04\/#breadcrumb","itemListElement":[{"@type":"ListItem","position":1,"name":"In\u00edcio","item":"https:\/\/jornadasebprioicprj.com.br\/2021\/"},{"@type":"ListItem","position":2,"name":"Boletim .gps","item":"https:\/\/jornadasebprioicprj.com.br\/2021\/boletim-gps\/"},{"@type":"ListItem","position":3,"name":"Boletim .gps #04"}]},{"@type":"WebSite","@id":"https:\/\/jornadasebprioicprj.com.br\/2021\/#website","url":"https:\/\/jornadasebprioicprj.com.br\/2021\/","name":"Jornadas EBP RIO e ICPRJ","description":"Escola Brasileira de Psican\u00e1lise","potentialAction":[{"@type":"SearchAction","target":{"@type":"EntryPoint","urlTemplate":"https:\/\/jornadasebprioicprj.com.br\/2021\/?s={search_term_string}"},"query-input":{"@type":"PropertyValueSpecification","valueRequired":true,"valueName":"search_term_string"}}],"inLanguage":"pt-BR"}]}},"_links":{"self":[{"href":"https:\/\/jornadasebprioicprj.com.br\/2021\/wp-json\/wp\/v2\/pages\/455","targetHints":{"allow":["GET"]}}],"collection":[{"href":"https:\/\/jornadasebprioicprj.com.br\/2021\/wp-json\/wp\/v2\/pages"}],"about":[{"href":"https:\/\/jornadasebprioicprj.com.br\/2021\/wp-json\/wp\/v2\/types\/page"}],"author":[{"embeddable":true,"href":"https:\/\/jornadasebprioicprj.com.br\/2021\/wp-json\/wp\/v2\/users\/1"}],"replies":[{"embeddable":true,"href":"https:\/\/jornadasebprioicprj.com.br\/2021\/wp-json\/wp\/v2\/comments?post=455"}],"version-history":[{"count":7,"href":"https:\/\/jornadasebprioicprj.com.br\/2021\/wp-json\/wp\/v2\/pages\/455\/revisions"}],"predecessor-version":[{"id":623,"href":"https:\/\/jornadasebprioicprj.com.br\/2021\/wp-json\/wp\/v2\/pages\/455\/revisions\/623"}],"up":[{"embeddable":true,"href":"https:\/\/jornadasebprioicprj.com.br\/2021\/wp-json\/wp\/v2\/pages\/11"}],"wp:attachment":[{"href":"https:\/\/jornadasebprioicprj.com.br\/2021\/wp-json\/wp\/v2\/media?parent=455"}],"curies":[{"name":"wp","href":"https:\/\/api.w.org\/{rel}","templated":true}]}}