{"id":277,"date":"2021-07-15T08:31:32","date_gmt":"2021-07-15T11:31:32","guid":{"rendered":"https:\/\/jornadasebprioicprj.com.br\/2021\/?page_id=277"},"modified":"2021-08-18T06:06:47","modified_gmt":"2021-08-18T09:06:47","slug":"as-jornadas","status":"publish","type":"page","link":"https:\/\/jornadasebprioicprj.com.br\/2021\/as-jornadas\/","title":{"rendered":"As Jornadas"},"content":{"rendered":"[vc_row row_type=&#8221;main-section&#8221; wr_background_img=&#8221;40&#8243;][vc_column][vc_single_image image=&#8221;613&#8243; img_size=&#8221;full&#8221; alignment=&#8221;right&#8221;][\/vc_column][\/vc_row][vc_row][vc_column][vc_empty_space height=&#8221;50px&#8221;][vc_column_text]\n<h1><span style=\"font-family: american-type;\">AS JORNADAS<\/span><\/h1>\n[\/vc_column_text][vc_empty_space height=&#8221;50px&#8221;][vc_column_text]\n<p style=\"padding-left: 680px; text-align: left;\"><span style=\"font-family: 'Book Antiqua', Palatino;\"><em>Algo \u00e9 o nome do homem<br \/>\n<\/em><em>Coisa \u00e9 o nome do homem<br \/>\n<\/em><em>Homem \u00e9 o nome do cara<br \/>\n<\/em><em>Isso \u00e9 o nome da coisa<br \/>\n<\/em><em>Cara \u00e9 o nome do rosto<br \/>\n<\/em><em>Fome \u00e9 o nome do mo\u00e7o<br \/>\n<\/em><em>Homem \u00e9 o nome do tro\u00e7o<br \/>\n<\/em><em>Osso \u00e9 o nome do f\u00f3ssil<br \/>\n<\/em><em>Corpo \u00e9 o nome do morto<br \/>\n<\/em><em>Homem \u00e9 o nome do outro<a href=\"#_ftn1\" name=\"_ftnref1\"><strong>[1]<\/strong><\/a><\/em><\/span><\/p>\n<p style=\"padding-left: 40px;\"><span style=\"font-family: 'Book Antiqua', Palatino;\"><span style=\"font-family: american-type; font-size: 36pt;\">O <\/span>poema de Arnaldo Antunes evidencia a articula\u00e7\u00e3o do nome com o imposs\u00edvel de dizer, e revela o furo de onde as inven\u00e7\u00f5es podem surgir, como t\u00e3o precisamente antecipa o argumento de nossas XXVIII Jornadas Cl\u00ednicas da Ebp-Rio e Icp-Rj: \u201cOs nomes da vida \u2013 \u00a0marcas da pandemia\u201d. Nome e vida: dois significantes que convocam todos os envolvidos em nossa comunidade ao trabalho, movidos pela transfer\u00eancia com a psican\u00e1lise de orienta\u00e7\u00e3o lacaniana. Como nos diz Lacan: \u201cUma coisa s\u00f3 ex-siste, s\u00f3 come\u00e7a a funcionar a partir do momento em que \u00e9 realmente nomeada por algu\u00e9m\u201d<a href=\"#_ftn2\" name=\"_ftnref2\">[2]<\/a>. Ent\u00e3o, o que \u00e9 a nomea\u00e7\u00e3o, no sentido propriamente anal\u00edtico? Que usos d\u00e1 Lacan a ela, ao situ\u00e1-la no enlace dos tr\u00eas registros da experi\u00eancia anal\u00edtica? \u00c9 poss\u00edvel pens\u00e1-la como suporte do la\u00e7o social, distinguindo-a de outros tipos de suportes, em particular, a identifica\u00e7\u00e3o? De que maneira a nomea\u00e7\u00e3o, em sua dimens\u00e3o de ato e dizer, pode possibilitar o la\u00e7o social? A vida, significante que atrelamos ao nome, \u00e9 um conceito de dif\u00edcil apreens\u00e3o e nos faz interrogar: Quais as coordenadas do conceito de vida para a psican\u00e1lise? Miller<a href=\"#_ftn3\" name=\"_ftnref3\">[3]<\/a> sublinha que Lacan, no in\u00edcio de seu ensino, nos fala que o fen\u00f4meno da vida permanece, em sua ess\u00eancia, impenetr\u00e1vel, continua nos escapando irremediavelmente. E, no final de seu ensino, Lacan observa que \u201cn\u00e3o sabemos o que \u00e9 um ser vivente, exceto que \u00e9 um corpo, isso se goza<a href=\"#_ftn4\" name=\"_ftnref4\">[4]<\/a>\u201d. Como enla\u00e7ar, ent\u00e3o, o nome em sua dimens\u00e3o de inven\u00e7\u00e3o, com a vida que implica a condi\u00e7\u00e3o de gozo?<\/span><\/p>\n<p style=\"padding-left: 40px;\"><span style=\"font-family: 'Book Antiqua', Palatino;\">Essas s\u00e3o algumas das perguntas que nos guiam no caminho de nossas XXVIII Jornadas Cl\u00ednicas da Ebp-Rio e ICP-Rio, que certamente deixar\u00e3o marcas \u2013 n\u00e3o s\u00f3 as provocadas pela pandemia \u2013, mas tamb\u00e9m as que fazem existir a psican\u00e1lise. E para que ela possa existir, \u00e9 preciso reinvent\u00e1-la a cada vez. Convido-os, portanto, a manter viva a arte inventada por Freud que leva o nome de psican\u00e1lise.<\/span><\/p>\n<h6><\/h6>\n<h6 style=\"padding-left: 40px;\"><span style=\"font-family: american-type; font-size: 12pt;\">F\u00e1tima Pinheiro \u2013 coordenadora geral das XXVIII Jornadas Cl\u00ednicas da EBP-Rio e ICP-RJ.<\/span><\/h6>\n<p>&nbsp;<\/p>\n<hr \/>\n<h6 style=\"padding-left: 40px;\"><span style=\"font-family: 'Book Antiqua', Palatino;\"><a href=\"#_ftnref1\" name=\"_ftn1\">[1]<\/a> <a href=\"https:\/\/youtu.be\/cb-wRyhvdyU\">https:\/\/youtu.be\/cb-wRyhvdyU<\/a><\/span><\/h6>\n<h6 style=\"padding-left: 40px;\"><span style=\"font-family: 'Book Antiqua', Palatino;\"><a href=\"#_ftnref2\" name=\"_ftn2\">[2]<\/a> LACAN, J. RSI (1974-1975). In\u00e9dito. (\u201cO Semin\u00e1rio, 22\u201d)<\/span><\/h6>\n<h6 style=\"padding-left: 40px;\"><span style=\"font-family: 'Book Antiqua', Palatino;\"><a href=\"#_ftnref3\" name=\"_ftn3\">[3]<\/a> MILLER, J.A. \u201cBiologia Lacaniana e acontecimento de corpo\u201d. In: \u201cOp\u00e7\u00e3o Lacaniana, N. 41\u201d. E\u00f3lia, S\u00e3o Paulo, 2004.<\/span><\/h6>\n<h6 style=\"padding-left: 40px;\"><span style=\"font-family: 'Book Antiqua', Palatino;\"><a href=\"#_ftnref4\" name=\"_ftn4\">[4]<\/a> LACAN, Jacques. (1972-73). \u201cO Semin\u00e1rio, livro 20:\u00a0 mais, ainda\u201d. Rio de Janeiro, Jorge Zahar, 2008, p.35.<\/span><\/h6>\n[\/vc_column_text][\/vc_column][\/vc_row][vc_row][vc_column][vc_empty_space height=&#8221;50&#8243;][\/vc_column][\/vc_row]\n","protected":false},"excerpt":{"rendered":"<p>[vc_row row_type=&#8221;main-section&#8221; wr_background_img=&#8221;40&#8243;][vc_column][vc_single_image image=&#8221;613&#8243; img_size=&#8221;full&#8221; alignment=&#8221;right&#8221;][\/vc_column][\/vc_row][vc_row][vc_column][vc_empty_space height=&#8221;50px&#8221;][vc_column_text] AS JORNADAS [\/vc_column_text][vc_empty_space height=&#8221;50px&#8221;][vc_column_text] Algo \u00e9 o nome do homem Coisa \u00e9 o nome do homem Homem \u00e9 o nome do cara Isso \u00e9 o nome da coisa Cara \u00e9 o nome do rosto Fome \u00e9 o nome do mo\u00e7o Homem \u00e9 o nome do tro\u00e7o Osso \u00e9 [&hellip;]<\/p>\n","protected":false},"author":1,"featured_media":0,"parent":0,"menu_order":0,"comment_status":"closed","ping_status":"closed","template":"","meta":{"footnotes":""},"class_list":["post-277","page","type-page","status-publish","hentry"],"yoast_head":"<!-- This site is optimized with the Yoast SEO plugin v27.5 - https:\/\/yoast.com\/product\/yoast-seo-wordpress\/ -->\n<title>As Jornadas - Jornadas EBP RIO e ICPRJ<\/title>\n<meta name=\"robots\" content=\"index, follow, max-snippet:-1, max-image-preview:large, max-video-preview:-1\" \/>\n<link rel=\"canonical\" href=\"https:\/\/jornadasebprioicprj.com.br\/2021\/as-jornadas\/\" \/>\n<meta property=\"og:locale\" content=\"pt_BR\" \/>\n<meta property=\"og:type\" content=\"article\" \/>\n<meta property=\"og:title\" content=\"As Jornadas - Jornadas EBP RIO e ICPRJ\" \/>\n<meta property=\"og:description\" content=\"[vc_row row_type=&#8221;main-section&#8221; wr_background_img=&#8221;40&#8243;][vc_column][vc_single_image image=&#8221;613&#8243; img_size=&#8221;full&#8221; alignment=&#8221;right&#8221;][\/vc_column][\/vc_row][vc_row][vc_column][vc_empty_space height=&#8221;50px&#8221;][vc_column_text] AS JORNADAS [\/vc_column_text][vc_empty_space height=&#8221;50px&#8221;][vc_column_text] Algo \u00e9 o nome do homem Coisa \u00e9 o nome do homem Homem \u00e9 o nome do cara Isso \u00e9 o nome da coisa Cara \u00e9 o nome do rosto Fome \u00e9 o nome do mo\u00e7o Homem \u00e9 o nome do tro\u00e7o Osso \u00e9 [&hellip;]\" \/>\n<meta property=\"og:url\" content=\"https:\/\/jornadasebprioicprj.com.br\/2021\/as-jornadas\/\" \/>\n<meta property=\"og:site_name\" content=\"Jornadas EBP RIO e ICPRJ\" \/>\n<meta property=\"article:modified_time\" content=\"2021-08-18T09:06:47+00:00\" \/>\n<meta name=\"twitter:card\" content=\"summary_large_image\" \/>\n<meta name=\"twitter:label1\" content=\"Est. tempo de leitura\" \/>\n\t<meta name=\"twitter:data1\" content=\"3 minutos\" \/>\n<script type=\"application\/ld+json\" class=\"yoast-schema-graph\">{\"@context\":\"https:\\\/\\\/schema.org\",\"@graph\":[{\"@type\":\"WebPage\",\"@id\":\"https:\\\/\\\/jornadasebprioicprj.com.br\\\/2021\\\/as-jornadas\\\/\",\"url\":\"https:\\\/\\\/jornadasebprioicprj.com.br\\\/2021\\\/as-jornadas\\\/\",\"name\":\"As Jornadas - Jornadas EBP RIO e ICPRJ\",\"isPartOf\":{\"@id\":\"https:\\\/\\\/jornadasebprioicprj.com.br\\\/2021\\\/#website\"},\"datePublished\":\"2021-07-15T11:31:32+00:00\",\"dateModified\":\"2021-08-18T09:06:47+00:00\",\"breadcrumb\":{\"@id\":\"https:\\\/\\\/jornadasebprioicprj.com.br\\\/2021\\\/as-jornadas\\\/#breadcrumb\"},\"inLanguage\":\"pt-BR\",\"potentialAction\":[{\"@type\":\"ReadAction\",\"target\":[\"https:\\\/\\\/jornadasebprioicprj.com.br\\\/2021\\\/as-jornadas\\\/\"]}]},{\"@type\":\"BreadcrumbList\",\"@id\":\"https:\\\/\\\/jornadasebprioicprj.com.br\\\/2021\\\/as-jornadas\\\/#breadcrumb\",\"itemListElement\":[{\"@type\":\"ListItem\",\"position\":1,\"name\":\"In\u00edcio\",\"item\":\"https:\\\/\\\/jornadasebprioicprj.com.br\\\/2021\\\/\"},{\"@type\":\"ListItem\",\"position\":2,\"name\":\"As Jornadas\"}]},{\"@type\":\"WebSite\",\"@id\":\"https:\\\/\\\/jornadasebprioicprj.com.br\\\/2021\\\/#website\",\"url\":\"https:\\\/\\\/jornadasebprioicprj.com.br\\\/2021\\\/\",\"name\":\"Jornadas EBP RIO e ICPRJ\",\"description\":\"Escola Brasileira de Psican\u00e1lise\",\"potentialAction\":[{\"@type\":\"SearchAction\",\"target\":{\"@type\":\"EntryPoint\",\"urlTemplate\":\"https:\\\/\\\/jornadasebprioicprj.com.br\\\/2021\\\/?s={search_term_string}\"},\"query-input\":{\"@type\":\"PropertyValueSpecification\",\"valueRequired\":true,\"valueName\":\"search_term_string\"}}],\"inLanguage\":\"pt-BR\"}]}<\/script>\n<!-- \/ Yoast SEO plugin. -->","yoast_head_json":{"title":"As Jornadas - Jornadas EBP RIO e ICPRJ","robots":{"index":"index","follow":"follow","max-snippet":"max-snippet:-1","max-image-preview":"max-image-preview:large","max-video-preview":"max-video-preview:-1"},"canonical":"https:\/\/jornadasebprioicprj.com.br\/2021\/as-jornadas\/","og_locale":"pt_BR","og_type":"article","og_title":"As Jornadas - Jornadas EBP RIO e ICPRJ","og_description":"[vc_row row_type=&#8221;main-section&#8221; wr_background_img=&#8221;40&#8243;][vc_column][vc_single_image image=&#8221;613&#8243; img_size=&#8221;full&#8221; alignment=&#8221;right&#8221;][\/vc_column][\/vc_row][vc_row][vc_column][vc_empty_space height=&#8221;50px&#8221;][vc_column_text] AS JORNADAS [\/vc_column_text][vc_empty_space height=&#8221;50px&#8221;][vc_column_text] Algo \u00e9 o nome do homem Coisa \u00e9 o nome do homem Homem \u00e9 o nome do cara Isso \u00e9 o nome da coisa Cara \u00e9 o nome do rosto Fome \u00e9 o nome do mo\u00e7o Homem \u00e9 o nome do tro\u00e7o Osso \u00e9 [&hellip;]","og_url":"https:\/\/jornadasebprioicprj.com.br\/2021\/as-jornadas\/","og_site_name":"Jornadas EBP RIO e ICPRJ","article_modified_time":"2021-08-18T09:06:47+00:00","twitter_card":"summary_large_image","twitter_misc":{"Est. tempo de leitura":"3 minutos"},"schema":{"@context":"https:\/\/schema.org","@graph":[{"@type":"WebPage","@id":"https:\/\/jornadasebprioicprj.com.br\/2021\/as-jornadas\/","url":"https:\/\/jornadasebprioicprj.com.br\/2021\/as-jornadas\/","name":"As Jornadas - Jornadas EBP RIO e ICPRJ","isPartOf":{"@id":"https:\/\/jornadasebprioicprj.com.br\/2021\/#website"},"datePublished":"2021-07-15T11:31:32+00:00","dateModified":"2021-08-18T09:06:47+00:00","breadcrumb":{"@id":"https:\/\/jornadasebprioicprj.com.br\/2021\/as-jornadas\/#breadcrumb"},"inLanguage":"pt-BR","potentialAction":[{"@type":"ReadAction","target":["https:\/\/jornadasebprioicprj.com.br\/2021\/as-jornadas\/"]}]},{"@type":"BreadcrumbList","@id":"https:\/\/jornadasebprioicprj.com.br\/2021\/as-jornadas\/#breadcrumb","itemListElement":[{"@type":"ListItem","position":1,"name":"In\u00edcio","item":"https:\/\/jornadasebprioicprj.com.br\/2021\/"},{"@type":"ListItem","position":2,"name":"As Jornadas"}]},{"@type":"WebSite","@id":"https:\/\/jornadasebprioicprj.com.br\/2021\/#website","url":"https:\/\/jornadasebprioicprj.com.br\/2021\/","name":"Jornadas EBP RIO e ICPRJ","description":"Escola Brasileira de Psican\u00e1lise","potentialAction":[{"@type":"SearchAction","target":{"@type":"EntryPoint","urlTemplate":"https:\/\/jornadasebprioicprj.com.br\/2021\/?s={search_term_string}"},"query-input":{"@type":"PropertyValueSpecification","valueRequired":true,"valueName":"search_term_string"}}],"inLanguage":"pt-BR"}]}},"_links":{"self":[{"href":"https:\/\/jornadasebprioicprj.com.br\/2021\/wp-json\/wp\/v2\/pages\/277","targetHints":{"allow":["GET"]}}],"collection":[{"href":"https:\/\/jornadasebprioicprj.com.br\/2021\/wp-json\/wp\/v2\/pages"}],"about":[{"href":"https:\/\/jornadasebprioicprj.com.br\/2021\/wp-json\/wp\/v2\/types\/page"}],"author":[{"embeddable":true,"href":"https:\/\/jornadasebprioicprj.com.br\/2021\/wp-json\/wp\/v2\/users\/1"}],"replies":[{"embeddable":true,"href":"https:\/\/jornadasebprioicprj.com.br\/2021\/wp-json\/wp\/v2\/comments?post=277"}],"version-history":[{"count":14,"href":"https:\/\/jornadasebprioicprj.com.br\/2021\/wp-json\/wp\/v2\/pages\/277\/revisions"}],"predecessor-version":[{"id":615,"href":"https:\/\/jornadasebprioicprj.com.br\/2021\/wp-json\/wp\/v2\/pages\/277\/revisions\/615"}],"wp:attachment":[{"href":"https:\/\/jornadasebprioicprj.com.br\/2021\/wp-json\/wp\/v2\/media?parent=277"}],"curies":[{"name":"wp","href":"https:\/\/api.w.org\/{rel}","templated":true}]}}

[vc_row row_type=&#8221;main-section&#8221; wr_background_img=&#8221;40&#8243;][vc_column][vc_single_image image=&#8221;613&#8243; img_size=&#8221;full&#8221; alignment=&#8221;right&#8221;][/vc_column][/vc_row][vc_row][vc_column][vc_empty_space height=&#8221;50px&#8221;][vc_column_text]
<h1><span style="font-family: american-type;">AS JORNADAS</span></h1>
[/vc_column_text][vc_empty_space height=&#8221;50px&#8221;][vc_column_text]
<p style="padding-left: 680px; text-align: left;"><span style="font-family: 'Book Antiqua', Palatino;"><em>Algo é o nome do homem<br />
</em><em>Coisa é o nome do homem<br />
</em><em>Homem é o nome do cara<br />
</em><em>Isso é o nome da coisa<br />
</em><em>Cara é o nome do rosto<br />
</em><em>Fome é o nome do moço<br />
</em><em>Homem é o nome do troço<br />
</em><em>Osso é o nome do fóssil<br />
</em><em>Corpo é o nome do morto<br />
</em><em>Homem é o nome do outro<a href="#_ftn1" name="_ftnref1"><strong>[1]</strong></a></em></span></p>
<p style="padding-left: 40px;"><span style="font-family: 'Book Antiqua', Palatino;"><span style="font-family: american-type; font-size: 36pt;">O </span>poema de Arnaldo Antunes evidencia a articulação do nome com o impossível de dizer, e revela o furo de onde as invenções podem surgir, como tão precisamente antecipa o argumento de nossas XXVIII Jornadas Clínicas da Ebp-Rio e Icp-Rj: “Os nomes da vida –  marcas da pandemia”. Nome e vida: dois significantes que convocam todos os envolvidos em nossa comunidade ao trabalho, movidos pela transferência com a psicanálise de orientação lacaniana. Como nos diz Lacan: “Uma coisa só ex-siste, só começa a funcionar a partir do momento em que é realmente nomeada por alguém”<a href="#_ftn2" name="_ftnref2">[2]</a>. Então, o que é a nomeação, no sentido propriamente analítico? Que usos dá Lacan a ela, ao situá-la no enlace dos três registros da experiência analítica? É possível pensá-la como suporte do laço social, distinguindo-a de outros tipos de suportes, em particular, a identificação? De que maneira a nomeação, em sua dimensão de ato e dizer, pode possibilitar o laço social? A vida, significante que atrelamos ao nome, é um conceito de difícil apreensão e nos faz interrogar: Quais as coordenadas do conceito de vida para a psicanálise? Miller<a href="#_ftn3" name="_ftnref3">[3]</a> sublinha que Lacan, no início de seu ensino, nos fala que o fenômeno da vida permanece, em sua essência, impenetrável, continua nos escapando irremediavelmente. E, no final de seu ensino, Lacan observa que “não sabemos o que é um ser vivente, exceto que é um corpo, isso se goza<a href="#_ftn4" name="_ftnref4">[4]</a>”. Como enlaçar, então, o nome em sua dimensão de invenção, com a vida que implica a condição de gozo?</span></p>
<p style="padding-left: 40px;"><span style="font-family: 'Book Antiqua', Palatino;">Essas são algumas das perguntas que nos guiam no caminho de nossas XXVIII Jornadas Clínicas da Ebp-Rio e ICP-Rio, que certamente deixarão marcas – não só as provocadas pela pandemia –, mas também as que fazem existir a psicanálise. E para que ela possa existir, é preciso reinventá-la a cada vez. Convido-os, portanto, a manter viva a arte inventada por Freud que leva o nome de psicanálise.</span></p>
<h6></h6>
<h6 style="padding-left: 40px;"><span style="font-family: american-type; font-size: 12pt;">Fátima Pinheiro – coordenadora geral das XXVIII Jornadas Clínicas da EBP-Rio e ICP-RJ.</span></h6>
<p>&nbsp;</p>
<hr />
<h6 style="padding-left: 40px;"><span style="font-family: 'Book Antiqua', Palatino;"><a href="#_ftnref1" name="_ftn1">[1]</a> <a href="https://youtu.be/cb-wRyhvdyU">https://youtu.be/cb-wRyhvdyU</a></span></h6>
<h6 style="padding-left: 40px;"><span style="font-family: 'Book Antiqua', Palatino;"><a href="#_ftnref2" name="_ftn2">[2]</a> LACAN, J. RSI (1974-1975). Inédito. (“O Seminário, 22”)</span></h6>
<h6 style="padding-left: 40px;"><span style="font-family: 'Book Antiqua', Palatino;"><a href="#_ftnref3" name="_ftn3">[3]</a> MILLER, J.A. “Biologia Lacaniana e acontecimento de corpo”. In: “Opção Lacaniana, N. 41”. Eólia, São Paulo, 2004.</span></h6>
<h6 style="padding-left: 40px;"><span style="font-family: 'Book Antiqua', Palatino;"><a href="#_ftnref4" name="_ftn4">[4]</a> LACAN, Jacques. (1972-73). “O Seminário, livro 20:  mais, ainda”. Rio de Janeiro, Jorge Zahar, 2008, p.35.</span></h6>
[/vc_column_text][/vc_column][/vc_row][vc_row][vc_column][vc_empty_space height=&#8221;50&#8243;][/vc_column][/vc_row]

<p>[vc_row row_type=&#8221;main-section&#8221; wr_background_img=&#8221;40&#8243;][vc_column][vc_single_image image=&#8221;613&#8243; img_size=&#8221;full&#8221; alignment=&#8221;right&#8221;][/vc_column][/vc_row][vc_row][vc_column][vc_empty_space height=&#8221;50px&#8221;][vc_column_text] AS JORNADAS [/vc_column_text][vc_empty_space height=&#8221;50px&#8221;][vc_column_text] Algo é o nome do homem Coisa é o nome do homem Homem é o nome do cara Isso é o nome da coisa Cara é o nome do rosto Fome é o nome do moço Homem é o nome do troço Osso é [&hellip;]</p>

<!-- This site is optimized with the Yoast SEO plugin v27.5 - https://yoast.com/product/yoast-seo-wordpress/ -->
<title>As Jornadas - Jornadas EBP RIO e ICPRJ</title>
<meta name="robots" content="index, follow, max-snippet:-1, max-image-preview:large, max-video-preview:-1" />
<link rel="canonical" href="https://jornadasebprioicprj.com.br/2021/as-jornadas/" />
<meta property="og:locale" content="pt_BR" />
<meta property="og:type" content="article" />
<meta property="og:title" content="As Jornadas - Jornadas EBP RIO e ICPRJ" />
<meta property="og:description" content="[vc_row row_type=&#8221;main-section&#8221; wr_background_img=&#8221;40&#8243;][vc_column][vc_single_image image=&#8221;613&#8243; img_size=&#8221;full&#8221; alignment=&#8221;right&#8221;][/vc_column][/vc_row][vc_row][vc_column][vc_empty_space height=&#8221;50px&#8221;][vc_column_text] AS JORNADAS [/vc_column_text][vc_empty_space height=&#8221;50px&#8221;][vc_column_text] Algo é o nome do homem Coisa é o nome do homem Homem é o nome do cara Isso é o nome da coisa Cara é o nome do rosto Fome é o nome do moço Homem é o nome do troço Osso é [&hellip;]" />
<meta property="og:url" content="https://jornadasebprioicprj.com.br/2021/as-jornadas/" />
<meta property="og:site_name" content="Jornadas EBP RIO e ICPRJ" />
<meta property="article:modified_time" content="2021-08-18T09:06:47+00:00" />
<meta name="twitter:card" content="summary_large_image" />
<meta name="twitter:label1" content="Est. tempo de leitura" />
	<meta name="twitter:data1" content="3 minutos" />
<script type="application/ld+json" class="yoast-schema-graph">{"@context":"https:\/\/schema.org","@graph":[{"@type":"WebPage","@id":"https:\/\/jornadasebprioicprj.com.br\/2021\/as-jornadas\/","url":"https:\/\/jornadasebprioicprj.com.br\/2021\/as-jornadas\/","name":"As Jornadas - Jornadas EBP RIO e ICPRJ","isPartOf":{"@id":"https:\/\/jornadasebprioicprj.com.br\/2021\/#website"},"datePublished":"2021-07-15T11:31:32+00:00","dateModified":"2021-08-18T09:06:47+00:00","breadcrumb":{"@id":"https:\/\/jornadasebprioicprj.com.br\/2021\/as-jornadas\/#breadcrumb"},"inLanguage":"pt-BR","potentialAction":[{"@type":"ReadAction","target":["https:\/\/jornadasebprioicprj.com.br\/2021\/as-jornadas\/"]}]},{"@type":"BreadcrumbList","@id":"https:\/\/jornadasebprioicprj.com.br\/2021\/as-jornadas\/#breadcrumb","itemListElement":[{"@type":"ListItem","position":1,"name":"Início","item":"https:\/\/jornadasebprioicprj.com.br\/2021\/"},{"@type":"ListItem","position":2,"name":"As Jornadas"}]},{"@type":"WebSite","@id":"https:\/\/jornadasebprioicprj.com.br\/2021\/#website","url":"https:\/\/jornadasebprioicprj.com.br\/2021\/","name":"Jornadas EBP RIO e ICPRJ","description":"Escola Brasileira de Psicanálise","potentialAction":[{"@type":"SearchAction","target":{"@type":"EntryPoint","urlTemplate":"https:\/\/jornadasebprioicprj.com.br\/2021\/?s={search_term_string}"},"query-input":{"@type":"PropertyValueSpecification","valueRequired":true,"valueName":"search_term_string"}}],"inLanguage":"pt-BR"}]}</script>
<!-- / Yoast SEO plugin. -->

[vc_row row_type=&#8221;main-section&#8221; wr_background_img=&#8221;40&#8243;][vc_column][vc_single_image image=&#8221;613&#8243; img_size=&#8221;full&#8221; alignment=&#8221;right&#8221;][/vc_column][/vc_row][vc_row][vc_column][vc_empty_space height=&#8221;50px&#8221;][vc_column_text] AS JORNADAS [/vc_column_text][vc_empty_space height=&#8221;50px&#8221;][vc_column_text] Algo é o nome do homem Coisa é o nome do homem Homem é o nome do cara Isso é o nome da coisa Cara é o nome do rosto Fome é o nome do moço Homem é o nome do troço Osso é [&hellip;]

Início

Escola Brasileira de Psicanálise
