{"id":158,"date":"2019-03-27T06:16:33","date_gmt":"2019-03-27T06:16:33","guid":{"rendered":"http:\/\/localhost\/doro\/?page_id=6"},"modified":"2021-08-23T09:16:50","modified_gmt":"2021-08-23T12:16:50","slug":"jornadasebprioicprj","status":"publish","type":"page","link":"https:\/\/jornadasebprioicprj.com.br\/2021\/","title":{"rendered":"Home"},"content":{"rendered":"[vc_row][vc_column][vc_single_image image=&#8221;468&#8243; img_size=&#8221;full&#8221; alignment=&#8221;center&#8221;][\/vc_column][\/vc_row][vc_row][vc_column][vc_empty_space height=&#8221;50&#8243;][\/vc_column][\/vc_row]\n","protected":false},"excerpt":{"rendered":"<p>[vc_row][vc_column][vc_single_image image=&#8221;468&#8243; img_size=&#8221;full&#8221; alignment=&#8221;center&#8221;][\/vc_column][\/vc_row][vc_row][vc_column][vc_empty_space height=&#8221;50&#8243;][\/vc_column][\/vc_row]<\/p>\n","protected":false},"author":1,"featured_media":0,"parent":0,"menu_order":0,"comment_status":"closed","ping_status":"closed","template":"","meta":{"footnotes":""},"class_list":["post-158","page","type-page","status-publish","hentry"],"yoast_head":"<!-- This site is optimized with the Yoast SEO plugin v27.4 - https:\/\/yoast.com\/product\/yoast-seo-wordpress\/ -->\n<title>Home - Jornadas EBP RIO e ICPRJ<\/title>\n<meta name=\"description\" content=\"O poema de Arnaldo Antunes evidencia a articula\u00e7\u00e3o do nome com o imposs\u00edvel de dizer, e revela o furo de onde as inven\u00e7\u00f5es podem surgir, como t\u00e3o precisamente antecipa o argumento de nossas XXVIII Jornadas Cl\u00ednicas da EBP-Rio e ICP RJ: \u201cOs nomes da vida \u2013 marcas da pandemia\u201d.\" \/>\n<meta name=\"robots\" content=\"index, follow, max-snippet:-1, max-image-preview:large, max-video-preview:-1\" \/>\n<link rel=\"canonical\" href=\"https:\/\/jornadasebprioicprj.com.br\/2021\/\" \/>\n<meta property=\"og:locale\" content=\"pt_BR\" \/>\n<meta property=\"og:type\" content=\"article\" \/>\n<meta property=\"og:title\" content=\"Home - Jornadas EBP RIO e ICPRJ\" \/>\n<meta property=\"og:description\" content=\"O poema de Arnaldo Antunes evidencia a articula\u00e7\u00e3o do nome com o imposs\u00edvel de dizer, e revela o furo de onde as inven\u00e7\u00f5es podem surgir, como t\u00e3o precisamente antecipa o argumento de nossas XXVIII Jornadas Cl\u00ednicas da EBP-Rio e ICP RJ: \u201cOs nomes da vida \u2013 marcas da pandemia\u201d. Nome e vida: dois significantes que convocam todos os envolvidos em nossa comunidade ao trabalho, movidos pela transfer\u00eancia com a psican\u00e1lise de orienta\u00e7\u00e3o lacaniana. Como nos diz Lacan: \u201cUma coisa s\u00f3 ex-siste, s\u00f3 come\u00e7a a funcionar a partir do momento em que \u00e9 realmente nomeada por algu\u00e9m\u201d[2]. Ent\u00e3o, o que \u00e9 a nomea\u00e7\u00e3o, no sentido propriamente anal\u00edtico?\" \/>\n<meta property=\"og:url\" content=\"https:\/\/jornadasebprioicprj.com.br\/2021\/\" \/>\n<meta property=\"og:site_name\" content=\"Jornadas EBP RIO e ICPRJ\" \/>\n<meta property=\"article:modified_time\" content=\"2021-08-23T12:16:50+00:00\" \/>\n<meta name=\"twitter:card\" content=\"summary_large_image\" \/>\n<meta name=\"twitter:description\" content=\"O poema de Arnaldo Antunes evidencia a articula\u00e7\u00e3o do nome com o imposs\u00edvel de dizer, e revela o furo de onde as inven\u00e7\u00f5es podem surgir, como t\u00e3o precisamente antecipa o argumento de nossas XXVIII Jornadas Cl\u00ednicas da EBP-Rio e ICP RJ: \u201cOs nomes da vida \u2013 marcas da pandemia\u201d. Nome e vida: dois significantes que convocam todos os envolvidos em nossa comunidade ao trabalho, movidos pela transfer\u00eancia com a psican\u00e1lise de orienta\u00e7\u00e3o lacaniana. Como nos diz Lacan: \u201cUma coisa s\u00f3 ex-siste, s\u00f3 come\u00e7a a funcionar a partir do momento em que \u00e9 realmente nomeada por algu\u00e9m\u201d[2]. Ent\u00e3o, o que \u00e9 a nomea\u00e7\u00e3o, no sentido propriamente anal\u00edtico?\" \/>\n<script type=\"application\/ld+json\" class=\"yoast-schema-graph\">{\"@context\":\"https:\\\/\\\/schema.org\",\"@graph\":[{\"@type\":\"WebPage\",\"@id\":\"https:\\\/\\\/jornadasebprioicprj.com.br\\\/2021\\\/\",\"url\":\"https:\\\/\\\/jornadasebprioicprj.com.br\\\/2021\\\/\",\"name\":\"Home - Jornadas EBP RIO e ICPRJ\",\"isPartOf\":{\"@id\":\"https:\\\/\\\/jornadasebprioicprj.com.br\\\/2021\\\/#website\"},\"datePublished\":\"2019-03-27T06:16:33+00:00\",\"dateModified\":\"2021-08-23T12:16:50+00:00\",\"description\":\"O poema de Arnaldo Antunes evidencia a articula\u00e7\u00e3o do nome com o imposs\u00edvel de dizer, e revela o furo de onde as inven\u00e7\u00f5es podem surgir, como t\u00e3o precisamente antecipa o argumento de nossas XXVIII Jornadas Cl\u00ednicas da EBP-Rio e ICP RJ: \u201cOs nomes da vida \u2013 marcas da pandemia\u201d.\",\"breadcrumb\":{\"@id\":\"https:\\\/\\\/jornadasebprioicprj.com.br\\\/2021\\\/#breadcrumb\"},\"inLanguage\":\"pt-BR\",\"potentialAction\":[{\"@type\":\"ReadAction\",\"target\":[\"https:\\\/\\\/jornadasebprioicprj.com.br\\\/2021\\\/\"]}]},{\"@type\":\"BreadcrumbList\",\"@id\":\"https:\\\/\\\/jornadasebprioicprj.com.br\\\/2021\\\/#breadcrumb\",\"itemListElement\":[{\"@type\":\"ListItem\",\"position\":1,\"name\":\"In\u00edcio\",\"item\":\"https:\\\/\\\/jornadasebprioicprj.com.br\\\/2021\\\/\"},{\"@type\":\"ListItem\",\"position\":2,\"name\":\"Home\"}]},{\"@type\":\"WebSite\",\"@id\":\"https:\\\/\\\/jornadasebprioicprj.com.br\\\/2021\\\/#website\",\"url\":\"https:\\\/\\\/jornadasebprioicprj.com.br\\\/2021\\\/\",\"name\":\"Jornadas EBP RIO e ICPRJ\",\"description\":\"Escola Brasileira de Psican\u00e1lise\",\"potentialAction\":[{\"@type\":\"SearchAction\",\"target\":{\"@type\":\"EntryPoint\",\"urlTemplate\":\"https:\\\/\\\/jornadasebprioicprj.com.br\\\/2021\\\/?s={search_term_string}\"},\"query-input\":{\"@type\":\"PropertyValueSpecification\",\"valueRequired\":true,\"valueName\":\"search_term_string\"}}],\"inLanguage\":\"pt-BR\"}]}<\/script>\n<!-- \/ Yoast SEO plugin. -->","yoast_head_json":{"title":"Home - Jornadas EBP RIO e ICPRJ","description":"O poema de Arnaldo Antunes evidencia a articula\u00e7\u00e3o do nome com o imposs\u00edvel de dizer, e revela o furo de onde as inven\u00e7\u00f5es podem surgir, como t\u00e3o precisamente antecipa o argumento de nossas XXVIII Jornadas Cl\u00ednicas da EBP-Rio e ICP RJ: \u201cOs nomes da vida \u2013 marcas da pandemia\u201d.","robots":{"index":"index","follow":"follow","max-snippet":"max-snippet:-1","max-image-preview":"max-image-preview:large","max-video-preview":"max-video-preview:-1"},"canonical":"https:\/\/jornadasebprioicprj.com.br\/2021\/","og_locale":"pt_BR","og_type":"article","og_title":"Home - Jornadas EBP RIO e ICPRJ","og_description":"O poema de Arnaldo Antunes evidencia a articula\u00e7\u00e3o do nome com o imposs\u00edvel de dizer, e revela o furo de onde as inven\u00e7\u00f5es podem surgir, como t\u00e3o precisamente antecipa o argumento de nossas XXVIII Jornadas Cl\u00ednicas da EBP-Rio e ICP RJ: \u201cOs nomes da vida \u2013 marcas da pandemia\u201d. Nome e vida: dois significantes que convocam todos os envolvidos em nossa comunidade ao trabalho, movidos pela transfer\u00eancia com a psican\u00e1lise de orienta\u00e7\u00e3o lacaniana. Como nos diz Lacan: \u201cUma coisa s\u00f3 ex-siste, s\u00f3 come\u00e7a a funcionar a partir do momento em que \u00e9 realmente nomeada por algu\u00e9m\u201d[2]. Ent\u00e3o, o que \u00e9 a nomea\u00e7\u00e3o, no sentido propriamente anal\u00edtico?","og_url":"https:\/\/jornadasebprioicprj.com.br\/2021\/","og_site_name":"Jornadas EBP RIO e ICPRJ","article_modified_time":"2021-08-23T12:16:50+00:00","twitter_card":"summary_large_image","twitter_description":"O poema de Arnaldo Antunes evidencia a articula\u00e7\u00e3o do nome com o imposs\u00edvel de dizer, e revela o furo de onde as inven\u00e7\u00f5es podem surgir, como t\u00e3o precisamente antecipa o argumento de nossas XXVIII Jornadas Cl\u00ednicas da EBP-Rio e ICP RJ: \u201cOs nomes da vida \u2013 marcas da pandemia\u201d. Nome e vida: dois significantes que convocam todos os envolvidos em nossa comunidade ao trabalho, movidos pela transfer\u00eancia com a psican\u00e1lise de orienta\u00e7\u00e3o lacaniana. Como nos diz Lacan: \u201cUma coisa s\u00f3 ex-siste, s\u00f3 come\u00e7a a funcionar a partir do momento em que \u00e9 realmente nomeada por algu\u00e9m\u201d[2]. Ent\u00e3o, o que \u00e9 a nomea\u00e7\u00e3o, no sentido propriamente anal\u00edtico?","schema":{"@context":"https:\/\/schema.org","@graph":[{"@type":"WebPage","@id":"https:\/\/jornadasebprioicprj.com.br\/2021\/","url":"https:\/\/jornadasebprioicprj.com.br\/2021\/","name":"Home - Jornadas EBP RIO e ICPRJ","isPartOf":{"@id":"https:\/\/jornadasebprioicprj.com.br\/2021\/#website"},"datePublished":"2019-03-27T06:16:33+00:00","dateModified":"2021-08-23T12:16:50+00:00","description":"O poema de Arnaldo Antunes evidencia a articula\u00e7\u00e3o do nome com o imposs\u00edvel de dizer, e revela o furo de onde as inven\u00e7\u00f5es podem surgir, como t\u00e3o precisamente antecipa o argumento de nossas XXVIII Jornadas Cl\u00ednicas da EBP-Rio e ICP RJ: \u201cOs nomes da vida \u2013 marcas da pandemia\u201d.","breadcrumb":{"@id":"https:\/\/jornadasebprioicprj.com.br\/2021\/#breadcrumb"},"inLanguage":"pt-BR","potentialAction":[{"@type":"ReadAction","target":["https:\/\/jornadasebprioicprj.com.br\/2021\/"]}]},{"@type":"BreadcrumbList","@id":"https:\/\/jornadasebprioicprj.com.br\/2021\/#breadcrumb","itemListElement":[{"@type":"ListItem","position":1,"name":"In\u00edcio","item":"https:\/\/jornadasebprioicprj.com.br\/2021\/"},{"@type":"ListItem","position":2,"name":"Home"}]},{"@type":"WebSite","@id":"https:\/\/jornadasebprioicprj.com.br\/2021\/#website","url":"https:\/\/jornadasebprioicprj.com.br\/2021\/","name":"Jornadas EBP RIO e ICPRJ","description":"Escola Brasileira de Psican\u00e1lise","potentialAction":[{"@type":"SearchAction","target":{"@type":"EntryPoint","urlTemplate":"https:\/\/jornadasebprioicprj.com.br\/2021\/?s={search_term_string}"},"query-input":{"@type":"PropertyValueSpecification","valueRequired":true,"valueName":"search_term_string"}}],"inLanguage":"pt-BR"}]}},"_links":{"self":[{"href":"https:\/\/jornadasebprioicprj.com.br\/2021\/wp-json\/wp\/v2\/pages\/158","targetHints":{"allow":["GET"]}}],"collection":[{"href":"https:\/\/jornadasebprioicprj.com.br\/2021\/wp-json\/wp\/v2\/pages"}],"about":[{"href":"https:\/\/jornadasebprioicprj.com.br\/2021\/wp-json\/wp\/v2\/types\/page"}],"author":[{"embeddable":true,"href":"https:\/\/jornadasebprioicprj.com.br\/2021\/wp-json\/wp\/v2\/users\/1"}],"replies":[{"embeddable":true,"href":"https:\/\/jornadasebprioicprj.com.br\/2021\/wp-json\/wp\/v2\/comments?post=158"}],"version-history":[{"count":31,"href":"https:\/\/jornadasebprioicprj.com.br\/2021\/wp-json\/wp\/v2\/pages\/158\/revisions"}],"predecessor-version":[{"id":634,"href":"https:\/\/jornadasebprioicprj.com.br\/2021\/wp-json\/wp\/v2\/pages\/158\/revisions\/634"}],"wp:attachment":[{"href":"https:\/\/jornadasebprioicprj.com.br\/2021\/wp-json\/wp\/v2\/media?parent=158"}],"curies":[{"name":"wp","href":"https:\/\/api.w.org\/{rel}","templated":true}]}}

<!-- This site is optimized with the Yoast SEO plugin v27.4 - https://yoast.com/product/yoast-seo-wordpress/ -->
<title>Home - Jornadas EBP RIO e ICPRJ</title>
<meta name="description" content="O poema de Arnaldo Antunes evidencia a articulação do nome com o impossível de dizer, e revela o furo de onde as invenções podem surgir, como tão precisamente antecipa o argumento de nossas XXVIII Jornadas Clínicas da EBP-Rio e ICP RJ: “Os nomes da vida – marcas da pandemia”." />
<meta name="robots" content="index, follow, max-snippet:-1, max-image-preview:large, max-video-preview:-1" />
<link rel="canonical" href="https://jornadasebprioicprj.com.br/2021/" />
<meta property="og:locale" content="pt_BR" />
<meta property="og:type" content="article" />
<meta property="og:title" content="Home - Jornadas EBP RIO e ICPRJ" />
<meta property="og:description" content="O poema de Arnaldo Antunes evidencia a articulação do nome com o impossível de dizer, e revela o furo de onde as invenções podem surgir, como tão precisamente antecipa o argumento de nossas XXVIII Jornadas Clínicas da EBP-Rio e ICP RJ: “Os nomes da vida – marcas da pandemia”. Nome e vida: dois significantes que convocam todos os envolvidos em nossa comunidade ao trabalho, movidos pela transferência com a psicanálise de orientação lacaniana. Como nos diz Lacan: “Uma coisa só ex-siste, só começa a funcionar a partir do momento em que é realmente nomeada por alguém”[2]. Então, o que é a nomeação, no sentido propriamente analítico?" />
<meta property="og:url" content="https://jornadasebprioicprj.com.br/2021/" />
<meta property="og:site_name" content="Jornadas EBP RIO e ICPRJ" />
<meta property="article:modified_time" content="2021-08-23T12:16:50+00:00" />
<meta name="twitter:card" content="summary_large_image" />
<meta name="twitter:description" content="O poema de Arnaldo Antunes evidencia a articulação do nome com o impossível de dizer, e revela o furo de onde as invenções podem surgir, como tão precisamente antecipa o argumento de nossas XXVIII Jornadas Clínicas da EBP-Rio e ICP RJ: “Os nomes da vida – marcas da pandemia”. Nome e vida: dois significantes que convocam todos os envolvidos em nossa comunidade ao trabalho, movidos pela transferência com a psicanálise de orientação lacaniana. Como nos diz Lacan: “Uma coisa só ex-siste, só começa a funcionar a partir do momento em que é realmente nomeada por alguém”[2]. Então, o que é a nomeação, no sentido propriamente analítico?" />
<script type="application/ld+json" class="yoast-schema-graph">{"@context":"https:\/\/schema.org","@graph":[{"@type":"WebPage","@id":"https:\/\/jornadasebprioicprj.com.br\/2021\/","url":"https:\/\/jornadasebprioicprj.com.br\/2021\/","name":"Home - Jornadas EBP RIO e ICPRJ","isPartOf":{"@id":"https:\/\/jornadasebprioicprj.com.br\/2021\/#website"},"datePublished":"2019-03-27T06:16:33+00:00","dateModified":"2021-08-23T12:16:50+00:00","description":"O poema de Arnaldo Antunes evidencia a articulação do nome com o impossível de dizer, e revela o furo de onde as invenções podem surgir, como tão precisamente antecipa o argumento de nossas XXVIII Jornadas Clínicas da EBP-Rio e ICP RJ: “Os nomes da vida – marcas da pandemia”.","breadcrumb":{"@id":"https:\/\/jornadasebprioicprj.com.br\/2021\/#breadcrumb"},"inLanguage":"pt-BR","potentialAction":[{"@type":"ReadAction","target":["https:\/\/jornadasebprioicprj.com.br\/2021\/"]}]},{"@type":"BreadcrumbList","@id":"https:\/\/jornadasebprioicprj.com.br\/2021\/#breadcrumb","itemListElement":[{"@type":"ListItem","position":1,"name":"Início","item":"https:\/\/jornadasebprioicprj.com.br\/2021\/"},{"@type":"ListItem","position":2,"name":"Home"}]},{"@type":"WebSite","@id":"https:\/\/jornadasebprioicprj.com.br\/2021\/#website","url":"https:\/\/jornadasebprioicprj.com.br\/2021\/","name":"Jornadas EBP RIO e ICPRJ","description":"Escola Brasileira de Psicanálise","potentialAction":[{"@type":"SearchAction","target":{"@type":"EntryPoint","urlTemplate":"https:\/\/jornadasebprioicprj.com.br\/2021\/?s={search_term_string}"},"query-input":{"@type":"PropertyValueSpecification","valueRequired":true,"valueName":"search_term_string"}}],"inLanguage":"pt-BR"}]}</script>
<!-- / Yoast SEO plugin. -->

O poema de Arnaldo Antunes evidencia a articulação do nome com o impossível de dizer, e revela o furo de onde as invenções podem surgir, como tão precisamente antecipa o argumento de nossas XXVIII Jornadas Clínicas da EBP-Rio e ICP RJ: “Os nomes da vida – marcas da pandemia”.

O poema de Arnaldo Antunes evidencia a articulação do nome com o impossível de dizer, e revela o furo de onde as invenções podem surgir, como tão precisamente antecipa o argumento de nossas XXVIII Jornadas Clínicas da EBP-Rio e ICP RJ: “Os nomes da vida – marcas da pandemia”. Nome e vida: dois significantes que convocam todos os envolvidos em nossa comunidade ao trabalho, movidos pela transferência com a psicanálise de orientação lacaniana. Como nos diz Lacan: “Uma coisa só ex-siste, só começa a funcionar a partir do momento em que é realmente nomeada por alguém”[2]. Então, o que é a nomeação, no sentido propriamente analítico?

Início

Escola Brasileira de Psicanálise
