{"id":13,"date":"2021-07-11T08:53:28","date_gmt":"2021-07-11T11:53:28","guid":{"rendered":"http:\/\/jornadasebprioicprj.com.br\/2021\/?page_id=13"},"modified":"2021-08-18T06:07:50","modified_gmt":"2021-08-18T09:07:50","slug":"envio-de-trabalhos","status":"publish","type":"page","link":"https:\/\/jornadasebprioicprj.com.br\/2021\/envio-de-trabalhos\/","title":{"rendered":"Envio de Trabalhos"},"content":{"rendered":"[vc_row row_type=&#8221;main-section&#8221; wr_background_img=&#8221;40&#8243;][vc_column][vc_single_image image=&#8221;613&#8243; img_size=&#8221;full&#8221; alignment=&#8221;right&#8221;][\/vc_column][\/vc_row][vc_row][vc_column][vc_empty_space height=&#8221;50px&#8221;][vc_column_text]\n<h1><span style=\"font-family: american-type;\">ENVIO DE TRABALHOS<\/span><\/h1>\n[\/vc_column_text][vc_empty_space height=&#8221;50px&#8221;][vc_column_text]\n<p>&nbsp;<\/p>\n<p><span style=\"font-family: american-type;\">PRAZO<\/span><\/p>\n<p>Os trabalhos ser\u00e3o recebidos <span style=\"font-family: 'Book Antiqua', Palatino; font-size: 12pt;\"><strong>at\u00e9 dia 10 de outubro.<\/strong><\/span><\/p>\n<p>&nbsp;<\/p>\n<p><span style=\"font-family: american-type;\">ENVIO<\/span><\/p>\n<p>O arquivo deve ser enviado para os endere\u00e7os: <a href=\"mailto:aguiarad@gmail.com\">aguiarad@gmail.com<\/a> e <a href=\"mailto:mariaineslamy@gmail.com\">mariaineslamy@gmail.com<\/a>. No assunto da mensagem, pedimos que constem: o nome do(a) autor(a), &#8220;XXVIII Jornadas&#8221; e um dos tr\u00eas eixos tem\u00e1ticos (Psican\u00e1lise e forma\u00e7\u00e3o; O real e o virtual; Arte e artif\u00edcios).<\/p>\n<p>&nbsp;<\/p>\n<p><span style=\"font-family: american-type;\">ARQUIVO<\/span><\/p>\n<p>O texto deve ter no m\u00e1ximo 7000 caracteres, incluindo espa\u00e7os, em formato Word (.doc), fonte Times New Roman, tamanho 12, justificado de ambos os lados, com intervalo de 1,5 entre as linhas.<\/p>\n<p>&nbsp;<\/p>\n<p><span style=\"font-family: american-type;\">REFER\u00caNCIAS<\/span><\/p>\n<p>As refer\u00eancias bibliogr\u00e1ficas citadas dever\u00e3o constar no fim do texto e se apresentar do seguinte modo:<\/p>\n<ul>\n<li><strong><span style=\"font-family: 'Book Antiqua', Palatino; font-size: 12pt;\">Obra<\/span><\/strong>: NOME, N. (data de publica\u00e7\u00e3o original<strong><span style=\"font-family: 'Book Antiqua', Palatino;\">*<\/span><\/strong>). <em>Nome da obra<\/em>. Cidade: editora, ano, p\u00e1gina<strong><span style=\"font-family: 'Book Antiqua', Palatino;\">*<\/span><\/strong><strong><span style=\"font-family: 'Book Antiqua', Palatino;\">*<\/span><\/strong>.<\/li>\n<li><span style=\"font-size: 12pt;\"><strong><span style=\"font-family: 'Book Antiqua', Palatino;\">Texto<\/span><\/strong><\/span>: NOME, N. (data de publica\u00e7\u00e3o original<strong><span style=\"font-family: 'Book Antiqua', Palatino;\">*<\/span><\/strong>). &#8220;Nome do texto&#8221;. In: <em>Nome da obra\/ cole\u00e7\u00e3o\/ publica\u00e7\u00e3o,<\/em> volume, n\u00ba<span style=\"font-family: 'Book Antiqua', Palatino;\">00<\/span>. Cidade: editora, ano, p\u00e1gina<strong><span style=\"font-family: 'Book Antiqua', Palatino;\">*<\/span><\/strong><strong><span style=\"font-family: 'Book Antiqua', Palatino;\">*<\/span><\/strong>. Acesso em: &lt;www.link.com&gt;.<strong><span style=\"font-family: 'Book Antiqua', Palatino;\">*<\/span><\/strong><strong><span style=\"font-family: 'Book Antiqua', Palatino;\">*<\/span><\/strong><strong><span style=\"font-family: 'Book Antiqua', Palatino;\">*<\/span><\/strong><\/li>\n<\/ul>\n<p><strong><span style=\"font-family: 'Book Antiqua', Palatino;\">*<\/span><\/strong> <span style=\"font-size: 12pt;\">A data de publica\u00e7\u00e3o original dever\u00e1 constar na caso dela divergir do ano da edi\u00e7\u00e3o.<\/span><br \/>\n<span style=\"font-size: 14pt;\"><strong><span style=\"font-family: 'Book Antiqua', Palatino;\">*<\/span><\/strong><strong><span style=\"font-family: 'Book Antiqua', Palatino;\">*<\/span><\/strong><span style=\"font-size: 12pt;\">A p\u00e1gina dever\u00e1 constar na caso da cita\u00e7\u00e3o textual.<\/span><\/span><br \/>\n<span style=\"font-size: 14pt;\"><strong><span style=\"font-family: 'Book Antiqua', Palatino;\">*<\/span><\/strong><strong><span style=\"font-family: 'Book Antiqua', Palatino;\">*<\/span><\/strong><strong><span style=\"font-family: 'Book Antiqua', Palatino;\">* <\/span><\/strong><span style=\"font-size: 12pt;\">O link do acesso dever\u00e1 constar no caso de se tratar de uma publica\u00e7\u00e3o online<\/span><\/span><span style=\"font-size: 12pt;\">.<\/span><\/p>\n<p>&nbsp;<\/p>\n<p><span style=\"font-family: american-type;\">IMPORTANTE<\/span><\/p>\n<p><strong><span style=\"font-size: 12pt; font-family: 'Book Antiqua', Palatino;\">\u00c9 preciso estar inscrito nas XXVIII Jornadas Cl\u00ednicas da EBP-Rio e do ICP-RJ para que o trabalho enviado participe da sele\u00e7\u00e3o para as mesas simult\u00e2neas.<\/span><\/strong>[\/vc_column_text][vc_empty_space height=&#8221;50px&#8221;][\/vc_column][\/vc_row]\n<p>&nbsp;<\/p>\n","protected":false},"excerpt":{"rendered":"<p>[vc_row row_type=&#8221;main-section&#8221; wr_background_img=&#8221;40&#8243;][vc_column][vc_single_image image=&#8221;613&#8243; img_size=&#8221;full&#8221; alignment=&#8221;right&#8221;][\/vc_column][\/vc_row][vc_row][vc_column][vc_empty_space height=&#8221;50px&#8221;][vc_column_text] ENVIO DE TRABALHOS [\/vc_column_text][vc_empty_space height=&#8221;50px&#8221;][vc_column_text] &nbsp; PRAZO Os trabalhos ser\u00e3o recebidos at\u00e9 dia 10 de outubro. &nbsp; ENVIO O arquivo deve ser enviado para os endere\u00e7os: aguiarad@gmail.com e mariaineslamy@gmail.com. No assunto da mensagem, pedimos que constem: o nome do(a) autor(a), &#8220;XXVIII Jornadas&#8221; e um dos tr\u00eas eixos tem\u00e1ticos [&hellip;]<\/p>\n","protected":false},"author":1,"featured_media":0,"parent":0,"menu_order":0,"comment_status":"closed","ping_status":"closed","template":"","meta":{"footnotes":""},"class_list":["post-13","page","type-page","status-publish","hentry"],"yoast_head":"<!-- This site is optimized with the Yoast SEO plugin v27.4 - https:\/\/yoast.com\/product\/yoast-seo-wordpress\/ -->\n<title>Envio de Trabalhos - Jornadas EBP RIO e ICPRJ<\/title>\n<meta name=\"robots\" content=\"index, follow, max-snippet:-1, max-image-preview:large, max-video-preview:-1\" \/>\n<link rel=\"canonical\" href=\"https:\/\/jornadasebprioicprj.com.br\/2021\/envio-de-trabalhos\/\" \/>\n<meta property=\"og:locale\" content=\"pt_BR\" \/>\n<meta property=\"og:type\" content=\"article\" \/>\n<meta property=\"og:title\" content=\"Envio de Trabalhos - Jornadas EBP RIO e ICPRJ\" \/>\n<meta property=\"og:description\" content=\"[vc_row row_type=&#8221;main-section&#8221; wr_background_img=&#8221;40&#8243;][vc_column][vc_single_image image=&#8221;613&#8243; img_size=&#8221;full&#8221; alignment=&#8221;right&#8221;][\/vc_column][\/vc_row][vc_row][vc_column][vc_empty_space height=&#8221;50px&#8221;][vc_column_text] ENVIO DE TRABALHOS [\/vc_column_text][vc_empty_space height=&#8221;50px&#8221;][vc_column_text] &nbsp; PRAZO Os trabalhos ser\u00e3o recebidos at\u00e9 dia 10 de outubro. &nbsp; ENVIO O arquivo deve ser enviado para os endere\u00e7os: aguiarad@gmail.com e mariaineslamy@gmail.com. No assunto da mensagem, pedimos que constem: o nome do(a) autor(a), &#8220;XXVIII Jornadas&#8221; e um dos tr\u00eas eixos tem\u00e1ticos [&hellip;]\" \/>\n<meta property=\"og:url\" content=\"https:\/\/jornadasebprioicprj.com.br\/2021\/envio-de-trabalhos\/\" \/>\n<meta property=\"og:site_name\" content=\"Jornadas EBP RIO e ICPRJ\" \/>\n<meta property=\"article:modified_time\" content=\"2021-08-18T09:07:50+00:00\" \/>\n<meta name=\"twitter:card\" content=\"summary_large_image\" \/>\n<meta name=\"twitter:label1\" content=\"Est. tempo de leitura\" \/>\n\t<meta name=\"twitter:data1\" content=\"2 minutos\" \/>\n<script type=\"application\/ld+json\" class=\"yoast-schema-graph\">{\"@context\":\"https:\\\/\\\/schema.org\",\"@graph\":[{\"@type\":\"WebPage\",\"@id\":\"https:\\\/\\\/jornadasebprioicprj.com.br\\\/2021\\\/envio-de-trabalhos\\\/\",\"url\":\"https:\\\/\\\/jornadasebprioicprj.com.br\\\/2021\\\/envio-de-trabalhos\\\/\",\"name\":\"Envio de Trabalhos - Jornadas EBP RIO e ICPRJ\",\"isPartOf\":{\"@id\":\"https:\\\/\\\/jornadasebprioicprj.com.br\\\/2021\\\/#website\"},\"datePublished\":\"2021-07-11T11:53:28+00:00\",\"dateModified\":\"2021-08-18T09:07:50+00:00\",\"breadcrumb\":{\"@id\":\"https:\\\/\\\/jornadasebprioicprj.com.br\\\/2021\\\/envio-de-trabalhos\\\/#breadcrumb\"},\"inLanguage\":\"pt-BR\",\"potentialAction\":[{\"@type\":\"ReadAction\",\"target\":[\"https:\\\/\\\/jornadasebprioicprj.com.br\\\/2021\\\/envio-de-trabalhos\\\/\"]}]},{\"@type\":\"BreadcrumbList\",\"@id\":\"https:\\\/\\\/jornadasebprioicprj.com.br\\\/2021\\\/envio-de-trabalhos\\\/#breadcrumb\",\"itemListElement\":[{\"@type\":\"ListItem\",\"position\":1,\"name\":\"In\u00edcio\",\"item\":\"https:\\\/\\\/jornadasebprioicprj.com.br\\\/2021\\\/\"},{\"@type\":\"ListItem\",\"position\":2,\"name\":\"Envio de Trabalhos\"}]},{\"@type\":\"WebSite\",\"@id\":\"https:\\\/\\\/jornadasebprioicprj.com.br\\\/2021\\\/#website\",\"url\":\"https:\\\/\\\/jornadasebprioicprj.com.br\\\/2021\\\/\",\"name\":\"Jornadas EBP RIO e ICPRJ\",\"description\":\"Escola Brasileira de Psican\u00e1lise\",\"potentialAction\":[{\"@type\":\"SearchAction\",\"target\":{\"@type\":\"EntryPoint\",\"urlTemplate\":\"https:\\\/\\\/jornadasebprioicprj.com.br\\\/2021\\\/?s={search_term_string}\"},\"query-input\":{\"@type\":\"PropertyValueSpecification\",\"valueRequired\":true,\"valueName\":\"search_term_string\"}}],\"inLanguage\":\"pt-BR\"}]}<\/script>\n<!-- \/ Yoast SEO plugin. -->","yoast_head_json":{"title":"Envio de Trabalhos - Jornadas EBP RIO e ICPRJ","robots":{"index":"index","follow":"follow","max-snippet":"max-snippet:-1","max-image-preview":"max-image-preview:large","max-video-preview":"max-video-preview:-1"},"canonical":"https:\/\/jornadasebprioicprj.com.br\/2021\/envio-de-trabalhos\/","og_locale":"pt_BR","og_type":"article","og_title":"Envio de Trabalhos - Jornadas EBP RIO e ICPRJ","og_description":"[vc_row row_type=&#8221;main-section&#8221; wr_background_img=&#8221;40&#8243;][vc_column][vc_single_image image=&#8221;613&#8243; img_size=&#8221;full&#8221; alignment=&#8221;right&#8221;][\/vc_column][\/vc_row][vc_row][vc_column][vc_empty_space height=&#8221;50px&#8221;][vc_column_text] ENVIO DE TRABALHOS [\/vc_column_text][vc_empty_space height=&#8221;50px&#8221;][vc_column_text] &nbsp; PRAZO Os trabalhos ser\u00e3o recebidos at\u00e9 dia 10 de outubro. &nbsp; ENVIO O arquivo deve ser enviado para os endere\u00e7os: aguiarad@gmail.com e mariaineslamy@gmail.com. No assunto da mensagem, pedimos que constem: o nome do(a) autor(a), &#8220;XXVIII Jornadas&#8221; e um dos tr\u00eas eixos tem\u00e1ticos [&hellip;]","og_url":"https:\/\/jornadasebprioicprj.com.br\/2021\/envio-de-trabalhos\/","og_site_name":"Jornadas EBP RIO e ICPRJ","article_modified_time":"2021-08-18T09:07:50+00:00","twitter_card":"summary_large_image","twitter_misc":{"Est. tempo de leitura":"2 minutos"},"schema":{"@context":"https:\/\/schema.org","@graph":[{"@type":"WebPage","@id":"https:\/\/jornadasebprioicprj.com.br\/2021\/envio-de-trabalhos\/","url":"https:\/\/jornadasebprioicprj.com.br\/2021\/envio-de-trabalhos\/","name":"Envio de Trabalhos - Jornadas EBP RIO e ICPRJ","isPartOf":{"@id":"https:\/\/jornadasebprioicprj.com.br\/2021\/#website"},"datePublished":"2021-07-11T11:53:28+00:00","dateModified":"2021-08-18T09:07:50+00:00","breadcrumb":{"@id":"https:\/\/jornadasebprioicprj.com.br\/2021\/envio-de-trabalhos\/#breadcrumb"},"inLanguage":"pt-BR","potentialAction":[{"@type":"ReadAction","target":["https:\/\/jornadasebprioicprj.com.br\/2021\/envio-de-trabalhos\/"]}]},{"@type":"BreadcrumbList","@id":"https:\/\/jornadasebprioicprj.com.br\/2021\/envio-de-trabalhos\/#breadcrumb","itemListElement":[{"@type":"ListItem","position":1,"name":"In\u00edcio","item":"https:\/\/jornadasebprioicprj.com.br\/2021\/"},{"@type":"ListItem","position":2,"name":"Envio de Trabalhos"}]},{"@type":"WebSite","@id":"https:\/\/jornadasebprioicprj.com.br\/2021\/#website","url":"https:\/\/jornadasebprioicprj.com.br\/2021\/","name":"Jornadas EBP RIO e ICPRJ","description":"Escola Brasileira de Psican\u00e1lise","potentialAction":[{"@type":"SearchAction","target":{"@type":"EntryPoint","urlTemplate":"https:\/\/jornadasebprioicprj.com.br\/2021\/?s={search_term_string}"},"query-input":{"@type":"PropertyValueSpecification","valueRequired":true,"valueName":"search_term_string"}}],"inLanguage":"pt-BR"}]}},"_links":{"self":[{"href":"https:\/\/jornadasebprioicprj.com.br\/2021\/wp-json\/wp\/v2\/pages\/13","targetHints":{"allow":["GET"]}}],"collection":[{"href":"https:\/\/jornadasebprioicprj.com.br\/2021\/wp-json\/wp\/v2\/pages"}],"about":[{"href":"https:\/\/jornadasebprioicprj.com.br\/2021\/wp-json\/wp\/v2\/types\/page"}],"author":[{"embeddable":true,"href":"https:\/\/jornadasebprioicprj.com.br\/2021\/wp-json\/wp\/v2\/users\/1"}],"replies":[{"embeddable":true,"href":"https:\/\/jornadasebprioicprj.com.br\/2021\/wp-json\/wp\/v2\/comments?post=13"}],"version-history":[{"count":15,"href":"https:\/\/jornadasebprioicprj.com.br\/2021\/wp-json\/wp\/v2\/pages\/13\/revisions"}],"predecessor-version":[{"id":628,"href":"https:\/\/jornadasebprioicprj.com.br\/2021\/wp-json\/wp\/v2\/pages\/13\/revisions\/628"}],"wp:attachment":[{"href":"https:\/\/jornadasebprioicprj.com.br\/2021\/wp-json\/wp\/v2\/media?parent=13"}],"curies":[{"name":"wp","href":"https:\/\/api.w.org\/{rel}","templated":true}]}}