{"version":"1.0","provider_name":"Jornadas EBP RIO e ICPRJ","provider_url":"https:\/\/jornadasebprioicprj.com.br\/2021","author_name":"jornadas","author_url":"https:\/\/jornadasebprioicprj.com.br\/2021\/author\/jornadas\/","title":"Preparat\u00f3rias - Jornadas EBP RIO e ICPRJ","type":"rich","width":600,"height":338,"html":"<blockquote class=\"wp-embedded-content\" data-secret=\"HQxFnCkm0P\"><a href=\"https:\/\/jornadasebprioicprj.com.br\/2021\/preparatorias-2\/\">Preparat\u00f3rias<\/a><\/blockquote><iframe sandbox=\"allow-scripts\" security=\"restricted\" src=\"https:\/\/jornadasebprioicprj.com.br\/2021\/preparatorias-2\/embed\/#?secret=HQxFnCkm0P\" width=\"600\" height=\"338\" title=\"&#8220;Preparat\u00f3rias&#8221; &#8212; Jornadas EBP RIO e ICPRJ\" data-secret=\"HQxFnCkm0P\" frameborder=\"0\" marginwidth=\"0\" marginheight=\"0\" scrolling=\"no\" class=\"wp-embedded-content\"><\/iframe><script type=\"text\/javascript\">\n\/* <![CDATA[ *\/\n\/*! This file is auto-generated *\/\n!function(d,l){\"use strict\";l.querySelector&&d.addEventListener&&\"undefined\"!=typeof URL&&(d.wp=d.wp||{},d.wp.receiveEmbedMessage||(d.wp.receiveEmbedMessage=function(e){var t=e.data;if((t||t.secret||t.message||t.value)&&!\/[^a-zA-Z0-9]\/.test(t.secret)){for(var s,r,n,a=l.querySelectorAll('iframe[data-secret=\"'+t.secret+'\"]'),o=l.querySelectorAll('blockquote[data-secret=\"'+t.secret+'\"]'),c=new RegExp(\"^https?:$\",\"i\"),i=0;i<o.length;i++)o[i].style.display=\"none\";for(i=0;i<a.length;i++)s=a[i],e.source===s.contentWindow&&(s.removeAttribute(\"style\"),\"height\"===t.message?(1e3<(r=parseInt(t.value,10))?r=1e3:~~r<200&&(r=200),s.height=r):\"link\"===t.message&&(r=new URL(s.getAttribute(\"src\")),n=new URL(t.value),c.test(n.protocol))&&n.host===r.host&&l.activeElement===s&&(d.top.location.href=t.value))}},d.addEventListener(\"message\",d.wp.receiveEmbedMessage,!1),l.addEventListener(\"DOMContentLoaded\",function(){for(var e,t,s=l.querySelectorAll(\"iframe.wp-embedded-content\"),r=0;r<s.length;r++)(t=(e=s[r]).getAttribute(\"data-secret\"))||(t=Math.random().toString(36).substring(2,12),e.src+=\"#?secret=\"+t,e.setAttribute(\"data-secret\",t)),e.contentWindow.postMessage({message:\"ready\",secret:t},\"*\")},!1)))}(window,document);\n\/\/# sourceURL=https:\/\/jornadasebprioicprj.com.br\/2021\/wp-includes\/js\/wp-embed.min.js\n\/* ]]> *\/\n<\/script>\n","description":"[vc_row row_type=&#8221;main-section&#8221; wr_background_img=&#8221;348&#8243;][vc_column][vc_single_image image=&#8221;353&#8243; img_size=&#8221;full&#8221; alignment=&#8221;right&#8221;][\/vc_column][\/vc_row][vc_row][vc_column][vc_empty_space height=&#8221;50px&#8221;][vc_column_text] PREPARAT\u00d3RIAS [\/vc_column_text][vc_empty_space height=&#8221;50px&#8221;][vc_column_text] Nomea\u00e7\u00f5es queer &#8211; com Fabian Fajnwaks. Mesa Preparat\u00f3ria XXVIII Jornadas EBP Rio e ICP RJ. [\/vc_column_text][vc_empty_space height=&#8221;50px&#8221;][vc_video link=&#8221;https:\/\/www.youtube.com\/watch?v=kjjmjfve6j0&#8243; el_width=&#8221;80&#8243; align=&#8221;center&#8221;][vc_empty_space height=&#8221;50px&#8221;][\/vc_column][\/vc_row]"}

Preparatórias - Jornadas EBP RIO e ICPRJ

<blockquote class="wp-embedded-content" data-secret="HQxFnCkm0P"><a href="https://jornadasebprioicprj.com.br/2021/preparatorias-2/">Preparatórias</a></blockquote><iframe sandbox="allow-scripts" security="restricted" src="https://jornadasebprioicprj.com.br/2021/preparatorias-2/embed/#?secret=HQxFnCkm0P" width="600" height="338" title="&#8220;Preparatórias&#8221; &#8212; Jornadas EBP RIO e ICPRJ" data-secret="HQxFnCkm0P" frameborder="0" marginwidth="0" marginheight="0" scrolling="no" class="wp-embedded-content"></iframe><script type="text/javascript">
/* <![CDATA[ */
/*! This file is auto-generated */
!function(d,l){"use strict";l.querySelector&&d.addEventListener&&"undefined"!=typeof URL&&(d.wp=d.wp||{},d.wp.receiveEmbedMessage||(d.wp.receiveEmbedMessage=function(e){var t=e.data;if((t||t.secret||t.message||t.value)&&!/[^a-zA-Z0-9]/.test(t.secret)){for(var s,r,n,a=l.querySelectorAll('iframe[data-secret="'+t.secret+'"]'),o=l.querySelectorAll('blockquote[data-secret="'+t.secret+'"]'),c=new RegExp("^https?:$","i"),i=0;i<o.length;i++)o[i].style.display="none";for(i=0;i<a.length;i++)s=a[i],e.source===s.contentWindow&&(s.removeAttribute("style"),"height"===t.message?(1e3<(r=parseInt(t.value,10))?r=1e3:~~r<200&&(r=200),s.height=r):"link"===t.message&&(r=new URL(s.getAttribute("src")),n=new URL(t.value),c.test(n.protocol))&&n.host===r.host&&l.activeElement===s&&(d.top.location.href=t.value))}},d.addEventListener("message",d.wp.receiveEmbedMessage,!1),l.addEventListener("DOMContentLoaded",function(){for(var e,t,s=l.querySelectorAll("iframe.wp-embedded-content"),r=0;r<s.length;r++)(t=(e=s[r]).getAttribute("data-secret"))||(t=Math.random().toString(36).substring(2,12),e.src+="#?secret="+t,e.setAttribute("data-secret",t)),e.contentWindow.postMessage({message:"ready",secret:t},"*")},!1)))}(window,document);
//# sourceURL=https://jornadasebprioicprj.com.br/2021/wp-includes/js/wp-embed.min.js
/* ]]> */
</script>

[vc_row row_type=&#8221;main-section&#8221; wr_background_img=&#8221;348&#8243;][vc_column][vc_single_image image=&#8221;353&#8243; img_size=&#8221;full&#8221; alignment=&#8221;right&#8221;][/vc_column][/vc_row][vc_row][vc_column][vc_empty_space height=&#8221;50px&#8221;][vc_column_text] PREPARATÓRIAS [/vc_column_text][vc_empty_space height=&#8221;50px&#8221;][vc_column_text] Nomeações queer &#8211; com Fabian Fajnwaks. Mesa Preparatória XXVIII Jornadas EBP Rio e ICP RJ. [/vc_column_text][vc_empty_space height=&#8221;50px&#8221;][vc_video link=&#8221;https://www.youtube.com/watch?v=kjjmjfve6j0&#8243; el_width=&#8221;80&#8243; align=&#8221;center&#8221;][vc_empty_space height=&#8221;50px&#8221;][/vc_column][/vc_row]
